{"id":6386,"date":"2021-09-08T15:40:31","date_gmt":"2021-09-08T13:40:31","guid":{"rendered":"http:\/\/klubmamgdynia.pl\/index.php\/produkt\/sodahl-rekawica-kapielowa-dla-dzieci-panda-714017\/"},"modified":"2026-04-06T01:29:47","modified_gmt":"2026-04-05T23:29:47","slug":"sodahl-rekawica-kapielowa-dla-dzieci-panda-714017","status":"publish","type":"product","link":"http:\/\/klubmamgdynia.pl\/index.php\/produkt\/sodahl-rekawica-kapielowa-dla-dzieci-panda-714017\/","title":{"rendered":"S\u00f6dahl R\u0119kawica K\u0105pielowa Dla Dzieci Panda (714017)"},"content":{"rendered":"<h2>S\u00f6dahl R\u0119kawica K\u0105pielowa Dla Dzieci Panda (714017) <\/h2>\n<p>podchwytliwe zagadki dla dzieci, ozdoby na choinke przedszkole, bajka terapeutyczna o emocjach, co kupi\u0107 na roczek, quizy o koniach, otto, kolorowanki do druku dla ch\u0142opc\u00f3w, ch\u0142opcy z placu broni &#8211; test, samolot z papieru, maski do druku kolorowe, dorian, kolorowanki \u015bwi\u0105teczne do druku pdf, ewelina, prezenty roczek, bajki terapeutyczne o emocjach, kolorowanki lol, prezent dla nastolatk\u00f3w 2020<\/p>\n<p>yyyyy<\/p>\n<p>&nbsp;<\/p>\n","protected":false},"excerpt":{"rendered":"<p>S\u00f6dahl R\u0119kawica K\u0105pielowa Dla Dzieci Panda (714017) podchwytliwe zagadki dla dzieci, ozdoby na choinke przedszkole, bajka terapeutyczna o emocjach, co kupi\u0107 na roczek, quizy o koniach, otto, kolorowanki do druku dla ch\u0142opc\u00f3w, ch\u0142opcy z placu broni &#8211; test, samolot z papieru, maski do druku kolorowe, dorian, kolorowanki \u015bwi\u0105teczne do druku pdf, ewelina, prezenty roczek, bajki [&hellip;]<\/p>\n","protected":false},"featured_media":6387,"comment_status":"closed","ping_status":"open","template":"","meta":[],"product_cat":[901],"product_tag":[839,598,828,586,746],"class_list":["post-6386","product","type-product","status-publish","has-post-thumbnail","hentry","product_cat-pozostale-akcesoria-do-pielegnacji-dzieci","product_tag-bajki-na-dobranoc-do-czytania","product_tag-co-na-roczek-dla-dziewczynki","product_tag-filmy-wigilijne-dla-dzieci","product_tag-smieszne-zagadki","product_tag-zagadki-typu-co-to-jest"],"_links":{"self":[{"href":"http:\/\/klubmamgdynia.pl\/index.php\/wp-json\/wp\/v2\/product\/6386","targetHints":{"allow":["GET"]}}],"collection":[{"href":"http:\/\/klubmamgdynia.pl\/index.php\/wp-json\/wp\/v2\/product"}],"about":[{"href":"http:\/\/klubmamgdynia.pl\/index.php\/wp-json\/wp\/v2\/types\/product"}],"replies":[{"embeddable":true,"href":"http:\/\/klubmamgdynia.pl\/index.php\/wp-json\/wp\/v2\/comments?post=6386"}],"wp:featuredmedia":[{"embeddable":true,"href":"http:\/\/klubmamgdynia.pl\/index.php\/wp-json\/wp\/v2\/media\/6387"}],"wp:attachment":[{"href":"http:\/\/klubmamgdynia.pl\/index.php\/wp-json\/wp\/v2\/media?parent=6386"}],"wp:term":[{"taxonomy":"product_cat","embeddable":true,"href":"http:\/\/klubmamgdynia.pl\/index.php\/wp-json\/wp\/v2\/product_cat?post=6386"},{"taxonomy":"product_tag","embeddable":true,"href":"http:\/\/klubmamgdynia.pl\/index.php\/wp-json\/wp\/v2\/product_tag?post=6386"}],"curies":[{"name":"wp","href":"https:\/\/api.w.org\/{rel}","templated":true}]}}