{"id":6398,"date":"2021-09-05T05:17:22","date_gmt":"2021-09-05T03:17:22","guid":{"rendered":"http:\/\/klubmamgdynia.pl\/index.php\/produkt\/tm-toys-roblox-figurka-jailbreak-aerial-enforcer\/"},"modified":"2026-04-06T02:14:22","modified_gmt":"2026-04-06T00:14:22","slug":"tm-toys-roblox-figurka-jailbreak-aerial-enforcer","status":"publish","type":"product","link":"http:\/\/klubmamgdynia.pl\/index.php\/produkt\/tm-toys-roblox-figurka-jailbreak-aerial-enforcer\/","title":{"rendered":"TM Toys Roblox Figurka Jailbreak: Aerial Enforcer"},"content":{"rendered":"<p>Roblox Action Collection &#8211; Jailbreak: Pakiet figurek Aerial Enforcer + zestaw dw\u00f3ch tajemniczych figurekAerial Enforcer: Ten super gliniarz wygl\u0105da odlotowo, nie s\u0105dzisz?Ruszaj do lotu z tym wyposa\u017conym w plecak odrzutowy oficerem z pe\u0142nej akcji gry o policjantach i z\u0142odziejach, Jailbreak od Badimo!Istniej\u0105 dziesi\u0105tki sposob\u00f3w na poruszanie si\u0119 po mie\u015bcie, ale nic nie przebije uczucia rzucenia si\u0119 z powietrza, by aresztowa\u0107 niczego niepodejrzewaj\u0105cych przest\u0119pc\u00f3w.\u0179li ludzie nazywaj\u0105 to \u201eoszukiwaniem\u201d. On nazywa to \u201eprzewag\u0105 taktyczn\u0105\u201d.Tajemnicze figurki: Pojawi\u0142y si\u0119 24 nowe figurki z serii 9 i 24 nowe figurki z si\u00f3dmej serii Celebrity Collection!Prze\u017cyj zupe\u0142nie now\u0105 przygod\u0119 z legendarn\u0105 postaci\u0105 ze \u015bwiata Roblox oraz jedn\u0105 z 24 figurek-niespodzianek i jedn\u0105 z 24 figurek-niespodzianek z kolekcji Celebrity CollectionMieszaj i dopasowuj cz\u0119\u015bci, aby zbudowa\u0107 w\u0142asn\u0105 unikaln\u0105 posta\u0107 RobloxaUdekoruj swoje figurki do\u0142\u0105czonymi akcesoriamiKa\u017cdy pakiet zawiera 3 kody, dzi\u0119ki kt\u00f3rym odblokujesz ekskluzywne wirtualne przedmioty w RobloxZbierz wszystkie swoje ulubione figurki Roblox ju\u017c dzi\u015b!<\/p>\n<h2>TM Toys Roblox Figurka Jailbreak: Aerial Enforcer TM Toys<\/h2>\n<p>platformy edukacyjne dla dzieci, kalendarz adwentowy diy z rolek, piosenki dla dzieci tekst, kr\u00f3tkie zagadki dla dzieci, cytaty o dzieciach, piosenki na dobranoc tekst, atrakcje dla dzieci tr\u00f3jmiasto, atrakcje warszawa dla dzieci, cyferki do druku<\/p>\n<p>yyyyy<\/p>\n<p>&nbsp;<\/p>\n","protected":false},"excerpt":{"rendered":"<p>Roblox Action Collection &#8211; Jailbreak: Pakiet figurek Aerial Enforcer + zestaw dw\u00f3ch tajemniczych figurekAerial Enforcer: Ten super gliniarz wygl\u0105da odlotowo, nie s\u0105dzisz?Ruszaj do lotu z tym wyposa\u017conym w plecak odrzutowy oficerem z pe\u0142nej akcji gry o policjantach i z\u0142odziejach, Jailbreak od Badimo!Istniej\u0105 dziesi\u0105tki sposob\u00f3w na poruszanie si\u0119 po mie\u015bcie, ale nic nie przebije uczucia rzucenia [&hellip;]<\/p>\n","protected":false},"featured_media":6399,"comment_status":"closed","ping_status":"open","template":"","meta":[],"product_cat":[95,145],"product_tag":[792,854,624,785,846,587,607],"class_list":["post-6398","product","type-product","status-publish","has-post-thumbnail","hentry","product_cat-figurki-makiety-i-zestawy","product_cat-tm-toys","product_tag-cytaty-o-mamie","product_tag-cytaty-rodzina","product_tag-krotkie-zagadki","product_tag-prezent-dla-nastolatkow","product_tag-rysowanki","product_tag-skalne-miasto","product_tag-zarty-na-prima-aprilis-dla-rodzicow"],"_links":{"self":[{"href":"http:\/\/klubmamgdynia.pl\/index.php\/wp-json\/wp\/v2\/product\/6398","targetHints":{"allow":["GET"]}}],"collection":[{"href":"http:\/\/klubmamgdynia.pl\/index.php\/wp-json\/wp\/v2\/product"}],"about":[{"href":"http:\/\/klubmamgdynia.pl\/index.php\/wp-json\/wp\/v2\/types\/product"}],"replies":[{"embeddable":true,"href":"http:\/\/klubmamgdynia.pl\/index.php\/wp-json\/wp\/v2\/comments?post=6398"}],"wp:featuredmedia":[{"embeddable":true,"href":"http:\/\/klubmamgdynia.pl\/index.php\/wp-json\/wp\/v2\/media\/6399"}],"wp:attachment":[{"href":"http:\/\/klubmamgdynia.pl\/index.php\/wp-json\/wp\/v2\/media?parent=6398"}],"wp:term":[{"taxonomy":"product_cat","embeddable":true,"href":"http:\/\/klubmamgdynia.pl\/index.php\/wp-json\/wp\/v2\/product_cat?post=6398"},{"taxonomy":"product_tag","embeddable":true,"href":"http:\/\/klubmamgdynia.pl\/index.php\/wp-json\/wp\/v2\/product_tag?post=6398"}],"curies":[{"name":"wp","href":"https:\/\/api.w.org\/{rel}","templated":true}]}}