{"id":6406,"date":"2011-12-25T02:14:00","date_gmt":"2011-12-25T01:14:00","guid":{"rendered":"http:\/\/klubmamgdynia.pl\/index.php\/produkt\/bibs-270342-smoczek-symetryczny-kauczuk-hevea-supreme-2-pack-coral-ruby-m\/"},"modified":"2026-04-04T00:35:08","modified_gmt":"2026-04-03T22:35:08","slug":"bibs-270342-smoczek-symetryczny-kauczuk-hevea-supreme-2-pack-coral-ruby-m","status":"publish","type":"product","link":"http:\/\/klubmamgdynia.pl\/index.php\/produkt\/bibs-270342-smoczek-symetryczny-kauczuk-hevea-supreme-2-pack-coral-ruby-m\/","title":{"rendered":"Bibs 270342 Smoczek Symetryczny Kauczuk Hevea Supreme 2-Pack Coral &amp; Ruby M"},"content":{"rendered":"<p>Ekskluzywny wentylowany smoczek symetryczny z interaktywn\u0105 ko\u0144c\u00f3wk\u0105 uspokajaj\u0105c\u0105 z naturalnego kauczuku drzewa Hevea dla Niemowl\u0105t du\u0144skiej firmy BIBS.<\/p>\n<h2>Bibs 270342 Smoczek Symetryczny Kauczuk Hevea Supreme 2-Pack Coral &amp; Ruby M Bibs<\/h2>\n<p>ubieranki do druku, lol surprise kolorowanka, zgadywanki dla dzieci, zagadki na my\u015blenie, iwo, prezenty dla m\u0142odzie\u017cy, karty pracy dla dzieci z ukrainy klasa 3, w\u0142ochy, w uk\u0142adzie s\u0142onecznym tekst, quizy geograficzne, ninjago kolorowanka, a \u015bpij kochanie, cytat z kubusia puchatka o mi\u0142o\u015bci<\/p>\n<p>yyyyy<\/p>\n<p>&nbsp;<\/p>\n","protected":false},"excerpt":{"rendered":"<p>Ekskluzywny wentylowany smoczek symetryczny z interaktywn\u0105 ko\u0144c\u00f3wk\u0105 uspokajaj\u0105c\u0105 z naturalnego kauczuku drzewa Hevea dla Niemowl\u0105t du\u0144skiej firmy BIBS. Bibs 270342 Smoczek Symetryczny Kauczuk Hevea Supreme 2-Pack Coral &amp; Ruby M Bibs ubieranki do druku, lol surprise kolorowanka, zgadywanki dla dzieci, zagadki na my\u015blenie, iwo, prezenty dla m\u0142odzie\u017cy, karty pracy dla dzieci z ukrainy klasa 3, [&hellip;]<\/p>\n","protected":false},"featured_media":6407,"comment_status":"closed","ping_status":"open","template":"","meta":[],"product_cat":[1456,255],"product_tag":[832,747,855,586],"class_list":["post-6406","product","type-product","status-publish","has-post-thumbnail","hentry","product_cat-bibs","product_cat-smoczki-uspokajajace","product_tag-desery-dla-dzieci","product_tag-malowanki-do-druku","product_tag-nietypowe-imiona-zenskie","product_tag-smieszne-zagadki"],"_links":{"self":[{"href":"http:\/\/klubmamgdynia.pl\/index.php\/wp-json\/wp\/v2\/product\/6406","targetHints":{"allow":["GET"]}}],"collection":[{"href":"http:\/\/klubmamgdynia.pl\/index.php\/wp-json\/wp\/v2\/product"}],"about":[{"href":"http:\/\/klubmamgdynia.pl\/index.php\/wp-json\/wp\/v2\/types\/product"}],"replies":[{"embeddable":true,"href":"http:\/\/klubmamgdynia.pl\/index.php\/wp-json\/wp\/v2\/comments?post=6406"}],"wp:featuredmedia":[{"embeddable":true,"href":"http:\/\/klubmamgdynia.pl\/index.php\/wp-json\/wp\/v2\/media\/6407"}],"wp:attachment":[{"href":"http:\/\/klubmamgdynia.pl\/index.php\/wp-json\/wp\/v2\/media?parent=6406"}],"wp:term":[{"taxonomy":"product_cat","embeddable":true,"href":"http:\/\/klubmamgdynia.pl\/index.php\/wp-json\/wp\/v2\/product_cat?post=6406"},{"taxonomy":"product_tag","embeddable":true,"href":"http:\/\/klubmamgdynia.pl\/index.php\/wp-json\/wp\/v2\/product_tag?post=6406"}],"curies":[{"name":"wp","href":"https:\/\/api.w.org\/{rel}","templated":true}]}}