{"id":6408,"date":"2012-07-28T22:19:42","date_gmt":"2012-07-28T20:19:42","guid":{"rendered":"http:\/\/klubmamgdynia.pl\/index.php\/produkt\/stacyjkowo-die-cast-wagon-mieszkalny-eddiego-lc54028\/"},"modified":"2026-04-03T14:47:33","modified_gmt":"2026-04-03T12:47:33","slug":"stacyjkowo-die-cast-wagon-mieszkalny-eddiego-lc54028","status":"publish","type":"product","link":"http:\/\/klubmamgdynia.pl\/index.php\/produkt\/stacyjkowo-die-cast-wagon-mieszkalny-eddiego-lc54028\/","title":{"rendered":"Stacyjkowo Die Cast Wagon Mieszkalny Eddiego Lc54028"},"content":{"rendered":"<p>Stacyjkowo to brytyjski serial animowany, emitowany w Polsce na kanale MiniMini. Akcja serialu rozgrywa si\u0119 w tytu\u0142owym miasteczku Stacyjkowo. G\u0142\u00f3wnymi bohaterami s\u0105 trzy ma\u0142e lokomotywy:Wilson, Koko i Bruno, kt\u00f3re wyruszaj\u0105 w swoj\u0105 pierwsz\u0105 podr\u00f3\u017c. Przygody, kt\u00f3re wsp\u00f3lnie prze\u017cywaj\u0105 ucz\u0105 ich tego, co jest w \u017cyciu najwa\u017cniejsze, dowiaduj\u0105 si\u0119 czym jest odpowiedzialno\u015b\u0107 oraz poznaj\u0105 znaczenie prawdziwej przyja\u017ani.Bajecznie kolorowe zabawki wiernie odzwierciedlaj\u0105 bohater\u00f3w bajki. Wykonane s\u0105 z wysokiej jako\u015bci materia\u0142\u00f3w (metal z plastikowymi elementami) co gwarantuje im d\u0142ug\u0105 \u017cywotno\u015b\u0107.Wszystkie lokomotywki i wagoniki mo\u017cna ze sob\u0105 \u0142\u0105czy\u0107 dzi\u0119ki specjalnym zaczepom. Nawet d\u0142ugie sk\u0142ady kolejowe bez problemu przemkn\u0105 po kr\u0119tych torach.Lokomotywy z tej serii idealnie pasuj\u0105 do produkt\u00f3w z serii Take Along Tomek i Przyjaciele.Eddie to jeden z pracownik\u00f3w zajezdni w Stacyjkowie.Poniewa\u017c mieszka\u0142 daleko od warsztatu ci\u0105gle si\u0119 do pracy sp\u00f3\u017ania\u0142.Lokomotywki a szczeg\u00f3lnie Hugo zorganizowa\u0142y Eddiemu wagon mieszkalny i problem sp\u00f3\u017anie\u0144 zosta\u0142 rozwi\u0105zany.Wymiary wagonika:3 x 6 x 4 cm (bez zaczep\u00f3w).Wymiary opakowania:14 x 16,5 x 4 cm.Wiek od 3 lat.<\/p>\n<h2>Stacyjkowo Die Cast Wagon Mieszkalny Eddiego Lc54028 Stacyjkowo<\/h2>\n<p>zabawy ruchowe dla dzieci w wieku szkolnym, podchwytliwe zagadki z odpowiedziami, paloma, kolorowanki samochody, el\u017cbieta imie, pytania logiczne, przygody tomka sawyera test<\/p>\n<p>yyyyy<\/p>\n<p>&nbsp;<\/p>\n","protected":false},"excerpt":{"rendered":"<p>Stacyjkowo to brytyjski serial animowany, emitowany w Polsce na kanale MiniMini. Akcja serialu rozgrywa si\u0119 w tytu\u0142owym miasteczku Stacyjkowo. G\u0142\u00f3wnymi bohaterami s\u0105 trzy ma\u0142e lokomotywy:Wilson, Koko i Bruno, kt\u00f3re wyruszaj\u0105 w swoj\u0105 pierwsz\u0105 podr\u00f3\u017c. Przygody, kt\u00f3re wsp\u00f3lnie prze\u017cywaj\u0105 ucz\u0105 ich tego, co jest w \u017cyciu najwa\u017cniejsze, dowiaduj\u0105 si\u0119 czym jest odpowiedzialno\u015b\u0107 oraz poznaj\u0105 znaczenie prawdziwej [&hellip;]<\/p>\n","protected":false},"featured_media":6409,"comment_status":"closed","ping_status":"open","template":"","meta":[],"product_cat":[56,1461],"product_tag":[827,743,746,725],"class_list":["post-6408","product","type-product","status-publish","has-post-thumbnail","hentry","product_cat-kolejki","product_cat-stacyjkowo","product_tag-bajki-dla-niemowlat","product_tag-quiz-dla-dzieci","product_tag-zagadki-typu-co-to-jest","product_tag-zgadywanki"],"_links":{"self":[{"href":"http:\/\/klubmamgdynia.pl\/index.php\/wp-json\/wp\/v2\/product\/6408","targetHints":{"allow":["GET"]}}],"collection":[{"href":"http:\/\/klubmamgdynia.pl\/index.php\/wp-json\/wp\/v2\/product"}],"about":[{"href":"http:\/\/klubmamgdynia.pl\/index.php\/wp-json\/wp\/v2\/types\/product"}],"replies":[{"embeddable":true,"href":"http:\/\/klubmamgdynia.pl\/index.php\/wp-json\/wp\/v2\/comments?post=6408"}],"wp:featuredmedia":[{"embeddable":true,"href":"http:\/\/klubmamgdynia.pl\/index.php\/wp-json\/wp\/v2\/media\/6409"}],"wp:attachment":[{"href":"http:\/\/klubmamgdynia.pl\/index.php\/wp-json\/wp\/v2\/media?parent=6408"}],"wp:term":[{"taxonomy":"product_cat","embeddable":true,"href":"http:\/\/klubmamgdynia.pl\/index.php\/wp-json\/wp\/v2\/product_cat?post=6408"},{"taxonomy":"product_tag","embeddable":true,"href":"http:\/\/klubmamgdynia.pl\/index.php\/wp-json\/wp\/v2\/product_tag?post=6408"}],"curies":[{"name":"wp","href":"https:\/\/api.w.org\/{rel}","templated":true}]}}