{"id":6412,"date":"2019-10-27T02:18:34","date_gmt":"2019-10-27T01:18:34","guid":{"rendered":"http:\/\/klubmamgdynia.pl\/index.php\/produkt\/klein-grill-okragly-9401-zabawka\/"},"modified":"2026-04-05T22:09:00","modified_gmt":"2026-04-05T20:09:00","slug":"klein-grill-okragly-9401-zabawka","status":"publish","type":"product","link":"http:\/\/klubmamgdynia.pl\/index.php\/produkt\/klein-grill-okragly-9401-zabawka\/","title":{"rendered":"Klein Grill Okr\u0105g\u0142y 9401 &#8211; Zabawka"},"content":{"rendered":"<p>Zabawkowy grill z akcesoriami na licencji Weber od renomowanego producenta zabawek Klein. Zabawka jest wiernand#261; kopiand#261; prawdziwego grilla marki Weber One-Touch Premium. Grill jest typu kulistego w kolorze czarno-szarym. Stabilnoand#347;and#263; konstrukcji zapewniajand#261; trzy nogi, z kt\u00f3rych dwie wyposaand#380;one sand#261; w k\u00f3and#322;eczka, za pomocand#261; kt\u00f3rych bez problemu moand#380;na przestawiand#263; go w inne miejsce. Pokrywa grilla posiada wygodny uchwyt a na obudowie grilla znajduje siand#281; wieszak na szczypce do kieand#322;basek. Dodatkowand#261; atrakcjand#261; jest moduand#322; dand#378;wiand#281;kowy i and#347;wietlny! Znajdujand#261;ce siand#281; w zestawie wand#281;gielki and#380;arzand#261; na czerwono oraz wydajand#261; odgand#322;osy palenia siand#281; gdy zbliand#380;ymy do nich zabawkowand#261; zapalniczkand#281; doand#322;and#261;czonand#261; do zestawu. W zestawie znajdziemy m.in.: plastikowy stek, krewetkand#281;, cebuland#281; czy paprykand#281;. Goand#347;cie z pewnoand#347;ciand#261; band#281;dand#261; bardzo zadowoleni z grillowanego menu. &#8211; w zestawie znajduje siand#281; zabawkowy grill oraz akcesoria &#8211; zabawka wyposaand#380;ona w efekt and#347;wietlny i dand#378;wiand#281;kowy &#8211; zabawka wymaga uand#380;ycia 3 baterii AAA \/ R03 (brak w zestawie) &#8211; wymiary opakowania: 60 x 33 x 20 cm Marka Klein znana jest na and#347;wiecie z produkt\u00f3w wykonanych z dbaand#322;oand#347;ciand#261; o szczeg\u00f3and#322;y, z najlepszej jakoand#347;ci materiaand#322;\u00f3w oraz atrakcyjnego wzornictwa. Zabawki tej marki idealnie trafiajand#261; w gusta maand#322;ych i wiand#281;kszych uand#380;ytkownik\u00f3w. Artykuand#322;y oznaczone markand#261; Klein gwarantujand#261; and#347;wietnand#261; zabawand#281; oraz odznaczajand#261; siand#281; dand#322;ugand#261; and#380;ywotnoand#347;ciand#261;. &#8211; wymiary grilla: 53 x 39 x 39 cm wiek: od 3 lat<\/p>\n<h2>Klein Grill Okr\u0105g\u0142y 9401 &#8211; Zabawka Klein<\/h2>\n<p>alfons, dyplomy dla dzieci do druku, smoki rysunek, quizy miko\u0142ajek, zosia samosia, psi patrol kolorowanka do druku, anio\u0142ki do druku, kolorowanki do druku dla dziewczynek, psi patrol kolorowanka, maski dla dzieci do druku, gdy strumyk p\u0142ynie z wolna<\/p>\n<p>yyyyy<\/p>\n<p>&nbsp;<\/p>\n","protected":false},"excerpt":{"rendered":"<p>Zabawkowy grill z akcesoriami na licencji Weber od renomowanego producenta zabawek Klein. Zabawka jest wiernand#261; kopiand#261; prawdziwego grilla marki Weber One-Touch Premium. Grill jest typu kulistego w kolorze czarno-szarym. Stabilnoand#347;and#263; konstrukcji zapewniajand#261; trzy nogi, z kt\u00f3rych dwie wyposaand#380;one sand#261; w k\u00f3and#322;eczka, za pomocand#261; kt\u00f3rych bez problemu moand#380;na przestawiand#263; go w inne miejsce. Pokrywa grilla posiada [&hellip;]<\/p>\n","protected":false},"featured_media":6413,"comment_status":"closed","ping_status":"open","template":"","meta":[],"product_cat":[53,52],"product_tag":[680,619,861,652,588],"class_list":["post-6412","product","type-product","status-publish","has-post-thumbnail","hentry","product_cat-kaciki-zabaw","product_cat-klein","product_tag-cytaty-z-malego-ksiecia","product_tag-iwo-imie","product_tag-jak-narysowac-psa","product_tag-otto","product_tag-wzruszajace-slowa-dla-przyjaciela"],"_links":{"self":[{"href":"http:\/\/klubmamgdynia.pl\/index.php\/wp-json\/wp\/v2\/product\/6412","targetHints":{"allow":["GET"]}}],"collection":[{"href":"http:\/\/klubmamgdynia.pl\/index.php\/wp-json\/wp\/v2\/product"}],"about":[{"href":"http:\/\/klubmamgdynia.pl\/index.php\/wp-json\/wp\/v2\/types\/product"}],"replies":[{"embeddable":true,"href":"http:\/\/klubmamgdynia.pl\/index.php\/wp-json\/wp\/v2\/comments?post=6412"}],"wp:featuredmedia":[{"embeddable":true,"href":"http:\/\/klubmamgdynia.pl\/index.php\/wp-json\/wp\/v2\/media\/6413"}],"wp:attachment":[{"href":"http:\/\/klubmamgdynia.pl\/index.php\/wp-json\/wp\/v2\/media?parent=6412"}],"wp:term":[{"taxonomy":"product_cat","embeddable":true,"href":"http:\/\/klubmamgdynia.pl\/index.php\/wp-json\/wp\/v2\/product_cat?post=6412"},{"taxonomy":"product_tag","embeddable":true,"href":"http:\/\/klubmamgdynia.pl\/index.php\/wp-json\/wp\/v2\/product_tag?post=6412"}],"curies":[{"name":"wp","href":"https:\/\/api.w.org\/{rel}","templated":true}]}}