{"id":6414,"date":"2015-07-27T15:09:09","date_gmt":"2015-07-27T13:09:09","guid":{"rendered":"http:\/\/klubmamgdynia.pl\/index.php\/produkt\/hola-interaktywna-edukacyjna-kostka-prezent-na-roczek\/"},"modified":"2026-04-17T06:31:02","modified_gmt":"2026-04-17T04:31:02","slug":"hola-interaktywna-edukacyjna-kostka-prezent-na-roczek","status":"publish","type":"product","link":"http:\/\/klubmamgdynia.pl\/index.php\/produkt\/hola-interaktywna-edukacyjna-kostka-prezent-na-roczek\/","title":{"rendered":"Hola Interaktywna Edukacyjna Kostka Prezent Na Roczek"},"content":{"rendered":"<p>Multikostka Muzyczna \u015awiat\u0142a D\u017awi\u0119ki Karaoke 3119Twoje dziecko najlepiej uczy si\u0119 poprzez codzienn\u0105 zabaw\u0119. Zach\u0119caj\u0105c do zabawy przyczyniasz si\u0119 do rozwoju jego kreatywno\u015bci, zmys\u0142\u00f3w i zdolno\u015bci poznawczych.Charakterystyka kostkiKa\u017cda ze \u015bcian \u2013 to wyj\u0105tkowo zaprojektowany plac zabaw dla ma\u0142ych odkrywc\u00f3w\u015acian\u0119 z tr\u0105bk\u0105 kt\u00f3rej wprawienie w ruch uruchamia odg\u0142osy gry i mruganie \u015bwiate\u0142ek\u015acian\u0119 z gitar\u0105 i jej odg\u0142osami oraz mrugaj\u0105cymi \u015bwiate\u0142kami\u015acian\u0119 z b\u0119benkami i odg\u0142osami grania na nich oraz \u015bwiate\u0142kami\u015acian\u0119 z mikrofonem do karaokeG\u00f3ra z b\u0119bnem, muzyk\u0105, \u015bwiate\u0142kami i r\u0105czk\u0105 do przenoszenia w kszta\u0142cie s\u0142uchawekElementom d\u017awi\u0119kowym towarzysz\u0105 mrugaj\u0105ce na multikostce kolorowe \u015bwiate\u0142kaMagiczna kostka, zagwarantuje doskona\u0142\u0105 zabaw\u0119 dla ciekawego \u015bwiata ma\u0142ego odkrywcyPrzyjemne dla ucha d\u017awi\u0119ki oraz \u017cywe kolory zabawki rozbudzaj\u0105 wyobra\u017ani\u0119 dzieckaSolidne wykonanie i bajeczna kolorystyka mo\u017ce spe\u0142ni\u0107 oczekiwania najbardziej wymagaj\u0105cego dzieckaZabawka posiada angielska wersj\u0119 j\u0119zykow\u0105Zabawka posiada certyfikat CEMultikostka zasilana jest bateriami typu 4 x AA \u2013 brak w opakowaniuZabawka posiada estetyczne, kolorowe opakowanie, znakomicie nadaje si\u0119 na prezentWymiarywysoko\u015b\u0107 ok. 20 cm\u015brednica g\u00f3ra ok. 14 cm\u015brednica d\u00f3\u0142 ok. 18 cmWymiary opakowania:wysoko\u015b\u0107 ok. 18 cmszeroko\u015b\u0107 ok. 23 cmg\u0142\u0119boko\u015b\u0107 ok. 23 cmPosiada atest CE.<\/p>\n<h2>Hola Interaktywna Edukacyjna Kostka Prezent Na Roczek <\/h2>\n<p>jacek, pokemon do druku, aron, karty pracy obrazki do wyklejania plastelin\u0105<\/p>\n<p>yyyyy<\/p>\n<p>&nbsp;<\/p>\n","protected":false},"excerpt":{"rendered":"<p>Multikostka Muzyczna \u015awiat\u0142a D\u017awi\u0119ki Karaoke 3119Twoje dziecko najlepiej uczy si\u0119 poprzez codzienn\u0105 zabaw\u0119. Zach\u0119caj\u0105c do zabawy przyczyniasz si\u0119 do rozwoju jego kreatywno\u015bci, zmys\u0142\u00f3w i zdolno\u015bci poznawczych.Charakterystyka kostkiKa\u017cda ze \u015bcian \u2013 to wyj\u0105tkowo zaprojektowany plac zabaw dla ma\u0142ych odkrywc\u00f3w\u015acian\u0119 z tr\u0105bk\u0105 kt\u00f3rej wprawienie w ruch uruchamia odg\u0142osy gry i mruganie \u015bwiate\u0142ek\u015acian\u0119 z gitar\u0105 i jej odg\u0142osami [&hellip;]<\/p>\n","protected":false},"featured_media":6415,"comment_status":"closed","ping_status":"open","template":"","meta":[],"product_cat":[61],"product_tag":[640,651,679],"class_list":["post-6414","product","type-product","status-publish","has-post-thumbnail","hentry","product_cat-zabawki-edukacyjne-dla-niemowlat","product_tag-prezent-dla-rocznej-dziewczynki","product_tag-quizy-online","product_tag-zabawki-na-roczek-dla-dziewczynki"],"_links":{"self":[{"href":"http:\/\/klubmamgdynia.pl\/index.php\/wp-json\/wp\/v2\/product\/6414","targetHints":{"allow":["GET"]}}],"collection":[{"href":"http:\/\/klubmamgdynia.pl\/index.php\/wp-json\/wp\/v2\/product"}],"about":[{"href":"http:\/\/klubmamgdynia.pl\/index.php\/wp-json\/wp\/v2\/types\/product"}],"replies":[{"embeddable":true,"href":"http:\/\/klubmamgdynia.pl\/index.php\/wp-json\/wp\/v2\/comments?post=6414"}],"wp:featuredmedia":[{"embeddable":true,"href":"http:\/\/klubmamgdynia.pl\/index.php\/wp-json\/wp\/v2\/media\/6415"}],"wp:attachment":[{"href":"http:\/\/klubmamgdynia.pl\/index.php\/wp-json\/wp\/v2\/media?parent=6414"}],"wp:term":[{"taxonomy":"product_cat","embeddable":true,"href":"http:\/\/klubmamgdynia.pl\/index.php\/wp-json\/wp\/v2\/product_cat?post=6414"},{"taxonomy":"product_tag","embeddable":true,"href":"http:\/\/klubmamgdynia.pl\/index.php\/wp-json\/wp\/v2\/product_tag?post=6414"}],"curies":[{"name":"wp","href":"https:\/\/api.w.org\/{rel}","templated":true}]}}