{"id":6422,"date":"2014-08-16T14:08:57","date_gmt":"2014-08-16T12:08:57","guid":{"rendered":"http:\/\/klubmamgdynia.pl\/index.php\/produkt\/bibs-smoczek-uspokajajacy-kauczuk-hevea-szary\/"},"modified":"2026-04-25T21:26:54","modified_gmt":"2026-04-25T19:26:54","slug":"bibs-smoczek-uspokajajacy-kauczuk-hevea-szary","status":"publish","type":"product","link":"http:\/\/klubmamgdynia.pl\/index.php\/produkt\/bibs-smoczek-uspokajajacy-kauczuk-hevea-szary\/","title":{"rendered":"Bibs Smoczek Uspokajaj\u0105cy Kauczuk Hevea Szary"},"content":{"rendered":"<p>Prostota i elegancja czyli klasyka w stylu retro to charakterystyka du\u0144skich smoczk\u00f3w BIBS.Smoczek uspokajaj\u0105cy z interaktywn\u0105 ko\u0144c\u00f3wk\u0105 uspokajaj\u0105c\u0105 z kauczuku naturalnego hevea dla Niemowl\u0105t du\u0144skiej firmy BIBS.Smoczek jest wykonany z organicznego kauczuku dzi\u0119ki czemu jest ca\u0142kowicie bezpieczny dla Najm\u0142odszych.Wiek: Rozmiar: SIlo\u015b\u0107 w zestawie: 1 szt.Produkt Anty Alergiczny  Prostota i elegancja czyli klasyka w stylu retro to charakterystyka du\u0144skich smoczk\u00f3w BIBS.Smoczek uspokajaj\u0105cy w rozmiarze S z organicznego kauczuku naturalnego odpowiedni dla Noworodk\u00f3w i Niemowl\u0105t od dnia narodzin.Kauczuk jest obecnie najcz\u0119\u015bciej wybieranym przez Mamy materia\u0142em z kt\u00f3rego produkowane s\u0105 smoczki dla dzieci.Smoczki BIBS s\u0105 wytrzyma\u0142e, mi\u0119kkie i elastyczne, dzi\u0119ki czemu dziecko przy odpowiedniej wentylacji podczas ssania czuje jakby ssa\u0142o pier\u015b Mamy.Os\u0142onka zosta\u0142a wyprofilowana tak aby nie dotyka\u0107 do ust i brody Maluszka zapobiegaj\u0105c tym samym zaczerwienieniom, krostkom, wykwitom, wyprzeniom bakteryjnym czy powa\u017cniejszym zaka\u017ceniom sk\u00f3ry.Os\u0142ona dodatkowo posiada otworki dzi\u0119ki czemu Maluszek \u0142atwo oddycha trzymaj\u0105c smoczek w buzi.Ka\u017cdy z element\u00f3w smoczka zosta\u0142 zaprojektowany przy wsp\u00f3\u0142pracy z neonantologami, dzi\u0119ki temu uzyskano pe\u0142n\u0105 ergonomi\u0119 anatomiczn\u0105 odpowiedni\u0105 dla danego wieku rozwojowego Maluszka.Smoczki uspokaj\u0105j\u0105ce wykonane z organicznego kauczuku mog\u0105 by\u0107 stosowane u dzieci od pierwszego dnia \u017cycia.W\u0142a\u015bciwo\u015bci uspokajaj\u0105cych smoczk\u00f3w BIBS wykonanych z organicznego kauczuku100% bezpieczne100% organicznynie zawiera BPA 0%nie zawiera PVC 0%nie zawiera ftalan\u00f3w 0%Made in DenmarkDlaczego warto wybra\u0107 smoczek z organicznego kauczuku hevea ?Organiczny kauczuk hevea jest w 100% naturalnym materia\u0142em, a dzi\u0119ki temu nietoksyczny i nie powoduje alergii.Bardzo niewiele dzieci jest uczulonych na naturalny kauczuk hevea, jakkolwiek przy pierwszym zastosowaniu nale\u017cy zwr\u00f3ci\u0107 szczeg\u00f3ln\u0105 uwag\u0119 na wszelkie mo\u017cliwe reakcje alergiczne i w przypadku ich wyst\u0105pienia zamieni\u0107 smoczek na smoczek z silikonu medycznego.INFORMACJEProdukt wykonany jest z naturalnego kauczuku organicznego pozyskiwanego z drzew Hevea.Produkt jest naturalny i nie zawiera ropopochodnych toksyn np. BPA. Spe\u0142nia wymogi europejskie (EU) No. 321\/2011.Produkt wykonano w DaniiSK\u0141ADSmoczek: 100% naturalny kauczuk HeveaOs\u0142onka: polipropylen (PP)WYMIARY\u015brednica ko\u0144c\u00f3wki: 15 mm\u015brednica s\u0142upka : 10 mmwysoko\u015b\u0107 smoczka kauczuk Hevea: 25 &#8211; 27 mm\u015brednica tarczy: 45 mmINSTRUKCJA U\u017bYTKOWANIAPrzed pierwszym u\u017cyciem nale\u017cy umy\u0107 produkt a nast\u0119pnie zala\u0107 wrz\u0105tkiem na 5 min. a nast\u0119pnie wyci\u0105gn\u0105\u0107 i pozostawi\u0107 do wystudzenia.Przed ka\u017cdym u\u017cyciem nale\u017cy umy\u0107 smoczek w wodzie z myd\u0142em i pozostawi\u0107 do wyschni\u0119cia.Produkt nie nadaje si\u0119 do mycia w zmywarceProdukt nie nadaje si\u0119 do sterylizacji w mikrofal\u00f3wceSmoczek nale\u017cy wymienia\u0107 co 30 [intensywne u\u017cytkowanie] do 60 dni [okazjonalne u\u017cytkowanie] ze wzgl\u0119d\u00f3w bezpiecze\u0144stwa i higieny.OSTRZE\u017bENIEDLA BEZPIECZE\u0143STWA I ZDROWIA TWOJEGO DZIECKAProdukt mo\u017ce by\u0107 u\u017cywany wy\u0142\u0105cznie pod nadzorem osoby doros\u0142ejNigdy nie pozostawiaj smoczka w miejscu nas\u0142onecznienia (bezpo\u015bredniej propagacji s\u0142onecznej), bezpo\u015bredniego ciep\u0142a lub w p\u0142ynach lub urz\u0105dzenia dezynfekuj\u0105cych d\u0142u\u017cej ni\u017c jest to wskazane (w opisie p\u0142ynu lub urz\u0105dzenia), poniewa\u017c mo\u017ce to skutkowa\u0107 os\u0142abieniem smoczka a w skrajnych przypadkach jego zniszczeniem.Przed ka\u017cdym u\u017cyciem nale\u017cy sprawdzi\u0107 stan smoczka, przekrzywiaj\u0105c go w ka\u017cdym mo\u017cliwym kierunku.Nale\u017cy wyrzuci\u0107 w przypadku jakichkolwiek oznak uszkodzenia lub os\u0142abienia materia\u0142u..Bardzo niewiele dzieci jest uczulonych na naturalny kauczuk hevea, jakkolwiek przy pierwszym zastosowaniu nale\u017cy zwr\u00f3ci\u0107 szczeg\u00f3ln\u0105 uwag\u0119 na wszelkie mo\u017cliwe reakcje alergiczne i w przypadku ich wyst\u0105pienia zamieni\u0107 smoczek na smoczek z silikonu medycznego.<\/p>\n<h2>Bibs Smoczek Uspokajaj\u0105cy Kauczuk Hevea Szary Bibs<\/h2>\n<p>prezent dla 14 letniej dziewczyny, z\u0142ote my\u015bli cytaty o szkole i nauce, cytaty dla mamy od c\u00f3rki, stare bajki, sa\u0142atki dla dzieci, co kupi\u0107 dziewczynce na roczek, opis do zdj\u0119cia dziecka na fb, podchwytliwe zagadki z odpowiedziami, dinozaury kolorowanki, najrzadsze imiona, jasmin imi\u0119<\/p>\n<p>yyyyy<\/p>\n<p>&nbsp;<\/p>\n","protected":false},"excerpt":{"rendered":"<p>Prostota i elegancja czyli klasyka w stylu retro to charakterystyka du\u0144skich smoczk\u00f3w BIBS.Smoczek uspokajaj\u0105cy z interaktywn\u0105 ko\u0144c\u00f3wk\u0105 uspokajaj\u0105c\u0105 z kauczuku naturalnego hevea dla Niemowl\u0105t du\u0144skiej firmy BIBS.Smoczek jest wykonany z organicznego kauczuku dzi\u0119ki czemu jest ca\u0142kowicie bezpieczny dla Najm\u0142odszych.Wiek: Rozmiar: SIlo\u015b\u0107 w zestawie: 1 szt.Produkt Anty Alergiczny Prostota i elegancja czyli klasyka w stylu retro [&hellip;]<\/p>\n","protected":false},"featured_media":6423,"comment_status":"closed","ping_status":"open","template":"","meta":[],"product_cat":[1456,255],"product_tag":[687,692,764,835],"class_list":["post-6422","product","type-product","status-publish","has-post-thumbnail","hentry","product_cat-bibs","product_cat-smoczki-uspokajajace","product_tag-podchwytliwe-zagadki-matematyczne","product_tag-prezenty-na-roczek","product_tag-prezenty-na-roczek-dla-dziewczynki","product_tag-radosc-dziecka-cytaty"],"_links":{"self":[{"href":"http:\/\/klubmamgdynia.pl\/index.php\/wp-json\/wp\/v2\/product\/6422","targetHints":{"allow":["GET"]}}],"collection":[{"href":"http:\/\/klubmamgdynia.pl\/index.php\/wp-json\/wp\/v2\/product"}],"about":[{"href":"http:\/\/klubmamgdynia.pl\/index.php\/wp-json\/wp\/v2\/types\/product"}],"replies":[{"embeddable":true,"href":"http:\/\/klubmamgdynia.pl\/index.php\/wp-json\/wp\/v2\/comments?post=6422"}],"wp:featuredmedia":[{"embeddable":true,"href":"http:\/\/klubmamgdynia.pl\/index.php\/wp-json\/wp\/v2\/media\/6423"}],"wp:attachment":[{"href":"http:\/\/klubmamgdynia.pl\/index.php\/wp-json\/wp\/v2\/media?parent=6422"}],"wp:term":[{"taxonomy":"product_cat","embeddable":true,"href":"http:\/\/klubmamgdynia.pl\/index.php\/wp-json\/wp\/v2\/product_cat?post=6422"},{"taxonomy":"product_tag","embeddable":true,"href":"http:\/\/klubmamgdynia.pl\/index.php\/wp-json\/wp\/v2\/product_tag?post=6422"}],"curies":[{"name":"wp","href":"https:\/\/api.w.org\/{rel}","templated":true}]}}