{"id":6432,"date":"2021-12-23T21:03:06","date_gmt":"2021-12-23T20:03:06","guid":{"rendered":"http:\/\/klubmamgdynia.pl\/index.php\/produkt\/dr-browns-smoczek-ortodontyczny-prevent-rozowy-labedz-wazka-0-6m-2szt-12007\/"},"modified":"2026-05-01T22:23:55","modified_gmt":"2026-05-01T20:23:55","slug":"dr-browns-smoczek-ortodontyczny-prevent-rozowy-labedz-wazka-0-6m-2szt-12007","status":"publish","type":"product","link":"http:\/\/klubmamgdynia.pl\/index.php\/produkt\/dr-browns-smoczek-ortodontyczny-prevent-rozowy-labedz-wazka-0-6m-2szt-12007\/","title":{"rendered":"Dr Brown&#8217;S Smoczek Ortodontyczny Prevent R\u00f3\u017cowy \u0141ab\u0119d\u017a Wa\u017cka 0-6M 2Szt. 12007"},"content":{"rendered":"<p>Dr Browns Smoczek Ortodontyczny PreVent 0-6m 2szt R\u00f3\u017cowy 12007 Smoczki Dr Brown\u2032s PREVENT to najnowsza kolekcja smoczk\u00f3w uspokajaj\u0105cych. Zosta\u0142y zaprojektowane przez dzieci\u0119cego stomatologa, a unikalna budowa pozwala na prawid\u0142owy rozw\u00f3j jamy ustnej dziecka. Dzi\u0119ki zastosowaniu kanalika odpowietrzaj\u0105cego zredukowano ci\u015bnienie pojawiaj\u0105ce si\u0119 przy podniebieniu podczas ssania, kt\u00f3re mog\u0142oby stwarza\u0107 problemy stomatologiczne, takie jak krzywy zgryz. Smoczki \u015bwiec\u0105ce w ciemno\u015bci to kolekcja dla rodzic\u00f3w, kt\u00f3rzy poszukuj\u0105 wysokiej jako\u015bci i wygody dla swojego dziecka. Wyprofilowana tarczka pozostawia du\u017co miejsca na nosek i policzki male\u0144stwa. Bezpieczne pod\u015bwietlenie smoczka u\u0142atwia odnalezienie smoczka w nocy, a \u0142adowanie odbywa si\u0119 poprzez wystawienie tarczki smoczka na dzia\u0142anie \u015bwiat\u0142a.<\/p>\n<h2>Dr BrownS Smoczek Ortodontyczny Prevent R\u00f3\u017cowy \u0141ab\u0119d\u017a Wa\u017cka 0-6M 2Szt. 12007 Dr Browns<\/h2>\n<p>mini zoo dolno\u015bl\u0105skie, maska spiderman, bajka dla niemowlaka, zagadki dla dzieci 7 lat, peppa do czytania, zabawy ruchowe dla dzieci w przedszkolu, co kupi\u0107 nastolatkowi, po\u0142\u0105cz kropki do druku, atrakcje dla dzieci wroclaw, prezent dla 15 latki 2021, marianna, zabawy dla dzieci 9-12 lat, dyplomy szablony pdf, \u0142amig\u0142\u00f3wki do druku, co robi\u0107 z dzieckiem w warszawie, wakacje kolorowanka, zagadki o zwierz\u0119tach domowych, dyplomy do druku, kolorowanki wakacje<\/p>\n<p>yyyyy<\/p>\n<p>&nbsp;<\/p>\n","protected":false},"excerpt":{"rendered":"<p>Dr Browns Smoczek Ortodontyczny PreVent 0-6m 2szt R\u00f3\u017cowy 12007 Smoczki Dr Brown\u2032s PREVENT to najnowsza kolekcja smoczk\u00f3w uspokajaj\u0105cych. Zosta\u0142y zaprojektowane przez dzieci\u0119cego stomatologa, a unikalna budowa pozwala na prawid\u0142owy rozw\u00f3j jamy ustnej dziecka. Dzi\u0119ki zastosowaniu kanalika odpowietrzaj\u0105cego zredukowano ci\u015bnienie pojawiaj\u0105ce si\u0119 przy podniebieniu podczas ssania, kt\u00f3re mog\u0142oby stwarza\u0107 problemy stomatologiczne, takie jak krzywy zgryz. Smoczki [&hellip;]<\/p>\n","protected":false},"featured_media":6433,"comment_status":"closed","ping_status":"open","template":"","meta":[],"product_cat":[1355,255],"product_tag":[648,851,742,826,806,647,849],"class_list":["post-6432","product","type-product","status-publish","has-post-thumbnail","hentry","product_cat-dr-browns","product_cat-smoczki-uspokajajace","product_tag-dobrej-nocy-i-sza","product_tag-jak-narysowac-kota","product_tag-piosenki-dla-dzieci-tekst","product_tag-prezent-dla-15-latka","product_tag-prezent-dla-dziecka-na-roczek","product_tag-warszawa-z-dzieckiem","product_tag-zagadki-matematyczne-dla-dzieci"],"_links":{"self":[{"href":"http:\/\/klubmamgdynia.pl\/index.php\/wp-json\/wp\/v2\/product\/6432","targetHints":{"allow":["GET"]}}],"collection":[{"href":"http:\/\/klubmamgdynia.pl\/index.php\/wp-json\/wp\/v2\/product"}],"about":[{"href":"http:\/\/klubmamgdynia.pl\/index.php\/wp-json\/wp\/v2\/types\/product"}],"replies":[{"embeddable":true,"href":"http:\/\/klubmamgdynia.pl\/index.php\/wp-json\/wp\/v2\/comments?post=6432"}],"wp:featuredmedia":[{"embeddable":true,"href":"http:\/\/klubmamgdynia.pl\/index.php\/wp-json\/wp\/v2\/media\/6433"}],"wp:attachment":[{"href":"http:\/\/klubmamgdynia.pl\/index.php\/wp-json\/wp\/v2\/media?parent=6432"}],"wp:term":[{"taxonomy":"product_cat","embeddable":true,"href":"http:\/\/klubmamgdynia.pl\/index.php\/wp-json\/wp\/v2\/product_cat?post=6432"},{"taxonomy":"product_tag","embeddable":true,"href":"http:\/\/klubmamgdynia.pl\/index.php\/wp-json\/wp\/v2\/product_tag?post=6432"}],"curies":[{"name":"wp","href":"https:\/\/api.w.org\/{rel}","templated":true}]}}