{"id":6456,"date":"2016-08-06T16:08:00","date_gmt":"2016-08-06T14:08:00","guid":{"rendered":"http:\/\/klubmamgdynia.pl\/index.php\/produkt\/babyono-otulacz-z-muslinu-bambusowego-grzechotka-536-04\/"},"modified":"2026-05-17T23:05:43","modified_gmt":"2026-05-17T21:05:43","slug":"babyono-otulacz-z-muslinu-bambusowego-grzechotka-536-04","status":"publish","type":"product","link":"http:\/\/klubmamgdynia.pl\/index.php\/produkt\/babyono-otulacz-z-muslinu-bambusowego-grzechotka-536-04\/","title":{"rendered":"Babyono Otulacz Z Mu\u015blinu Bambusowego + Grzechotka 536\/04"},"content":{"rendered":"<p>Wykonane z w\u0142\u00f3kien bambusa materia\u0142y s\u0105 wyj\u0105tkowo mi\u0119kkie i delikatne, cz\u0119sto por\u00f3wnywalne z jedwabiem. Bambus jest ro\u015blin\u0105 cenion\u0105 za swoje w\u0142a\u015bciwo\u015bci zdrowotne i koj\u0105ce dla sk\u00f3ry. Jest odnawialnym surowcem przyjaznym dla \u015brodowiska. Ro\u015bnie bardzo szybko, nawet do 1 m dziennie, a do jego uprawy nie u\u017cywa si\u0119 pestycyd\u00f3w. Bambus ma w\u0142a\u015bciwo\u015bci antybakteryjne, dzi\u0119ki czemu niweluje brzydkie zapachy. Delikatne w\u0142\u00f3kna bambusowe wymagaj\u0105 odpowiedniej temperatury podczas prania. Dzi\u0119ki temu zostanie zachowana mi\u0119kka struktura otulacza.Otulacz BAMBUSOWY, naturalny i bardzo mi\u0119kki jest niezb\u0119dnym elementem wyprawki \u2013 niezast\u0105piony zar\u00f3wno w okresie noworodkowym, jak i niemowl\u0119cym. Spe\u0142nia wiele funkcji, mi\u0119dzy innymi kocyka, r\u0119cznika i przytulanki, a latem moskitiery i ochrony przed s\u0142o\u0144cem. Przede wszystkim jednak s\u0142u\u017cy do otulenia dziecka do snu. Dziecko w kokonie stworzonym przez delikatny otulacz czuje si\u0119 komfortowo, beztrosko, co wp\u0142ywa na jego dobry sen. Do\u0142\u0105czona do zestawu grzechotka wzmacnia w dziecku poczucie bezpiecze\u0144stwa, a jej jednostajny d\u017awi\u0119k wyciszy je i uspokoi.Otulacz wykonany jest z w\u0142\u00f3kien bambusa. Mo\u017ce by\u0107 wykorzystywany ju\u017c od pierwszych dni \u017cycia. Zapewnia najwy\u017cszy komfort odpoczynku i doskonale reguluje temperatur\u0119 cia\u0142a podczas snu, gdy\u017c latem nieco ch\u0142odzi a zim\u0105 lekko grzeje. Otulacz stanowi doskona\u0142y dodatek do dzieci\u0119cego pokoju lub w\u00f3zka.Otulacz ma atest Oeko-Tex Standard 100.W\u0142a\u015bciwo\u015bci:\u2022 niezwykle mi\u0119kki i delikatny\u2022 antybakteryjny\u2022 przewiewny\u2022 hipoalergiczny \u2013 w\u0142a\u015bciwy dla wra\u017cliwej sk\u00f3ry\u2022 odporny na zapachy\u2022 idealny jako okrycie zar\u00f3wno w domu, jak i podczas spacer\u00f3w\u2022 zapakowany w sztywny kartonik z okienkiem \u2013 doskona\u0142y pomys\u0142 na prezentDane techniczne:\u2022 Materia\u0142: 70% bambus, 30% bawe\u0142na\u2022 Wymiary otulacza: 120 x 120 cm\u2022 Wymiary opakowania: 16,5 x 21 x 5,5 cm\u2022 Waga opakowania: 0,26 kg<\/p>\n<h2>Babyono Otulacz Z Mu\u015blinu Bambusowego + Grzechotka 536\/04 BabyOno<\/h2>\n<p>zagadki na logiczne my\u015blenie, bezwarunkowa mi\u0142o\u015b\u0107 do dziecka cytaty, kot rysunek dla dzieci, aurelia imi\u0119, kolorowanki do druku dla dziewczynek, bajka o sowie, ciasteczka na halloween dla dzieci, quizy o koniach, ksi\u0105\u017cka dla dzieci online, maska batmana do druku, literki do druku<\/p>\n<p>yyyyy<\/p>\n<p>&nbsp;<\/p>\n","protected":false},"excerpt":{"rendered":"<p>Wykonane z w\u0142\u00f3kien bambusa materia\u0142y s\u0105 wyj\u0105tkowo mi\u0119kkie i delikatne, cz\u0119sto por\u00f3wnywalne z jedwabiem. Bambus jest ro\u015blin\u0105 cenion\u0105 za swoje w\u0142a\u015bciwo\u015bci zdrowotne i koj\u0105ce dla sk\u00f3ry. Jest odnawialnym surowcem przyjaznym dla \u015brodowiska. Ro\u015bnie bardzo szybko, nawet do 1 m dziennie, a do jego uprawy nie u\u017cywa si\u0119 pestycyd\u00f3w. Bambus ma w\u0142a\u015bciwo\u015bci antybakteryjne, dzi\u0119ki czemu niweluje [&hellip;]<\/p>\n","protected":false},"featured_media":6457,"comment_status":"closed","ping_status":"open","template":"","meta":[],"product_cat":[27,1437],"product_tag":[802,620,616,698],"class_list":["post-6456","product","type-product","status-publish","has-post-thumbnail","hentry","product_cat-babyono","product_cat-rozki-i-beciki","product_tag-co-kupic-dziewczynce-na-roczek","product_tag-quiz-opowiesci-z-narnii","product_tag-test-mikolajek-25-pytan","product_tag-zagadki-dla-przedszkolakow"],"_links":{"self":[{"href":"http:\/\/klubmamgdynia.pl\/index.php\/wp-json\/wp\/v2\/product\/6456","targetHints":{"allow":["GET"]}}],"collection":[{"href":"http:\/\/klubmamgdynia.pl\/index.php\/wp-json\/wp\/v2\/product"}],"about":[{"href":"http:\/\/klubmamgdynia.pl\/index.php\/wp-json\/wp\/v2\/types\/product"}],"replies":[{"embeddable":true,"href":"http:\/\/klubmamgdynia.pl\/index.php\/wp-json\/wp\/v2\/comments?post=6456"}],"wp:featuredmedia":[{"embeddable":true,"href":"http:\/\/klubmamgdynia.pl\/index.php\/wp-json\/wp\/v2\/media\/6457"}],"wp:attachment":[{"href":"http:\/\/klubmamgdynia.pl\/index.php\/wp-json\/wp\/v2\/media?parent=6456"}],"wp:term":[{"taxonomy":"product_cat","embeddable":true,"href":"http:\/\/klubmamgdynia.pl\/index.php\/wp-json\/wp\/v2\/product_cat?post=6456"},{"taxonomy":"product_tag","embeddable":true,"href":"http:\/\/klubmamgdynia.pl\/index.php\/wp-json\/wp\/v2\/product_tag?post=6456"}],"curies":[{"name":"wp","href":"https:\/\/api.w.org\/{rel}","templated":true}]}}