{"id":6458,"date":"2016-10-29T11:13:48","date_gmt":"2016-10-29T09:13:48","guid":{"rendered":"http:\/\/klubmamgdynia.pl\/index.php\/produkt\/fireto-duzy-zestaw-garnki-metalowe-i-akcesoria-zabawka\/"},"modified":"2026-04-28T08:11:02","modified_gmt":"2026-04-28T06:11:02","slug":"fireto-duzy-zestaw-garnki-metalowe-i-akcesoria-zabawka","status":"publish","type":"product","link":"http:\/\/klubmamgdynia.pl\/index.php\/produkt\/fireto-duzy-zestaw-garnki-metalowe-i-akcesoria-zabawka\/","title":{"rendered":"Fireto Du\u017cy Zestaw Garnki Metalowe I Akcesoria &#8211; Zabawka"},"content":{"rendered":"<p>Wysokiej jako\u015bci zestaw garnk\u00f3w metalowych dla dzieci z akcesoriami marki FIRETOKREATYWNA ZABAWA11 element\u00f3wPozwala na\u015bladowa\u0107 doros\u0142ych i bawi\u0107 si\u0119 w gotowanie.Produkt jest idealnie odwzorowany imituje prawdziwe garnki. Dziecko mo\u017ce przyrz\u0105dzi\u0107 obiad dla swoich kole\u017canek, lalek czy misi\u00f3w.WYMIARY:garnek: 7x13x 9 cmpatelnia: 16&#215;10 cmrondel: 13&#215;10 cmmiska \u015brednica 10 cmopakowanie kartonowe: 37x21x11 cmZestaw zawiera:1 du\u017cy garnek1 rondel1 patelnia2 pokrywkidurszlak\u0142y\u017cka do makaronu\u0142opatkacedzak\u0142y\u017cka wazowamateria\u0142owa podstawka kuchennaProdukt idealny na prezent dla dziecka.Bardzo porz\u0105dne wykonanie i \u0142adne opakowanie.Jako\u015b\u0107 i bezpiecze\u0144stwo:Wszystkie oferowane przez nas zabawki s\u0105 w pe\u0142ni bezpieczne dla Twojego dziecka. Posiadaj\u0105 certyfikat CEWiek dziecka: 3 lata +<\/p>\n<h2>Fireto Du\u017cy Zestaw Garnki Metalowe I Akcesoria &#8211; Zabawka <\/h2>\n<p>trudne zagadki, rebusy i krzy\u017c\u00f3wki dla dzieci do druku, kolorowanki lol surprise, zagadki nie do rozwi\u0105zania, proste dekoracje bo\u017conarodzeniowe dla dzieci, spiderman do druku, na wyspach bergamutach tekst, alan imi\u0119, cytaty o dziecku, atrakcje dla nastolatk\u00f3w warszawa, leonardo imi\u0119, zyczenia walentynkowe dla dzieci, motylek, kr\u00f3tkie zagadki, jak namalowa\u0107 kota, jesienne zagadki, trudne zagadki z odpowiedziami, bajki na dobranoc, kolorowanki konie, wystawy dla dzieci warszawa<\/p>\n<p>yyyyy<\/p>\n<p>&nbsp;<\/p>\n","protected":false},"excerpt":{"rendered":"<p>Wysokiej jako\u015bci zestaw garnk\u00f3w metalowych dla dzieci z akcesoriami marki FIRETOKREATYWNA ZABAWA11 element\u00f3wPozwala na\u015bladowa\u0107 doros\u0142ych i bawi\u0107 si\u0119 w gotowanie.Produkt jest idealnie odwzorowany imituje prawdziwe garnki. Dziecko mo\u017ce przyrz\u0105dzi\u0107 obiad dla swoich kole\u017canek, lalek czy misi\u00f3w.WYMIARY:garnek: 7x13x 9 cmpatelnia: 16&#215;10 cmrondel: 13&#215;10 cmmiska \u015brednica 10 cmopakowanie kartonowe: 37x21x11 cmZestaw zawiera:1 du\u017cy garnek1 rondel1 patelnia2 pokrywkidurszlak\u0142y\u017cka [&hellip;]<\/p>\n","protected":false},"featured_media":6459,"comment_status":"closed","ping_status":"open","template":"","meta":[],"product_cat":[53],"product_tag":[871,706,580,613,757],"class_list":["post-6458","product","type-product","status-publish","has-post-thumbnail","hentry","product_cat-kaciki-zabaw","product_tag-bajka-o-smoku-wawelskim","product_tag-imie-kuba","product_tag-janusz","product_tag-na-wyspach-bergamutach","product_tag-test-z-lektury-ania-z-zielonego-wzgorza-klasa-6-z-odpowiedziami"],"_links":{"self":[{"href":"http:\/\/klubmamgdynia.pl\/index.php\/wp-json\/wp\/v2\/product\/6458","targetHints":{"allow":["GET"]}}],"collection":[{"href":"http:\/\/klubmamgdynia.pl\/index.php\/wp-json\/wp\/v2\/product"}],"about":[{"href":"http:\/\/klubmamgdynia.pl\/index.php\/wp-json\/wp\/v2\/types\/product"}],"replies":[{"embeddable":true,"href":"http:\/\/klubmamgdynia.pl\/index.php\/wp-json\/wp\/v2\/comments?post=6458"}],"wp:featuredmedia":[{"embeddable":true,"href":"http:\/\/klubmamgdynia.pl\/index.php\/wp-json\/wp\/v2\/media\/6459"}],"wp:attachment":[{"href":"http:\/\/klubmamgdynia.pl\/index.php\/wp-json\/wp\/v2\/media?parent=6458"}],"wp:term":[{"taxonomy":"product_cat","embeddable":true,"href":"http:\/\/klubmamgdynia.pl\/index.php\/wp-json\/wp\/v2\/product_cat?post=6458"},{"taxonomy":"product_tag","embeddable":true,"href":"http:\/\/klubmamgdynia.pl\/index.php\/wp-json\/wp\/v2\/product_tag?post=6458"}],"curies":[{"name":"wp","href":"https:\/\/api.w.org\/{rel}","templated":true}]}}