{"id":6460,"date":"2015-02-21T18:59:43","date_gmt":"2015-02-21T17:59:43","guid":{"rendered":"http:\/\/klubmamgdynia.pl\/index.php\/produkt\/asi-lalka-gordi-28cm-0155621\/"},"modified":"2026-04-04T06:36:23","modified_gmt":"2026-04-04T04:36:23","slug":"asi-lalka-gordi-28cm-0155621","status":"publish","type":"product","link":"http:\/\/klubmamgdynia.pl\/index.php\/produkt\/asi-lalka-gordi-28cm-0155621\/","title":{"rendered":"Asi Lalka Gordi 28cm 0155621"},"content":{"rendered":"<p>Uzupe\u0142nieniem nowo\u015bci 2021 z kolekcji lalek hiszpa\u0144skich s\u0105 modele o wysoko\u015bci 28 cm. Uroczy ch\u0142opczyk ma drobn\u0105 buzi\u0119, smuk\u0142e r\u0105czki oraz st\u00f3pki. Lalka o imieniu Gordi ma podkre\u015blone wszelkie do\u0142eczki oraz fa\u0142dki na ko\u0144czynach oraz na tu\u0142owiu. Ma du\u017ce niebieskie oczka. Warto te\u017c wspomnie\u0107, \u017ce laleczka jest ca\u0142kowicie bezpieczna dla Twojego dziecka, a to wszystko dlatego, \u017ce nie posiada w\u0142os\u00f3w i rz\u0119s. Jedynie na jej g\u0142\u00f3wce wyst\u0119puj\u0105 rze\u017abienia imituj\u0105ce kr\u00f3tkie w\u0142oski przypominaj\u0105ce jak u noworodka.Drobny bobas nie posiada zaznaczonej p\u0142ci, dlatego te\u017c mo\u017ce odgrywa\u0107 rol\u0119 zar\u00f3wno ch\u0142opca jak i dziewczynki,a jedynie wz\u00f3r oraz kolor dobranej stylizacji mo\u017ce zasugerowa\u0107 p\u0142e\u0107.Niewielka Gordi ma na sobie bia\u0142e \u015bpioszki na d\u0142ugi r\u0119kaw, kt\u00f3re zapinane s\u0105 z ty\u0142u na rzep. Elementem uzupe\u0142niaj\u0105cym komplet bobasa jest wsuwana bia\u0142a czapeczka w kt\u00f3rej ko\u0144ce zosta\u0142y zwi\u0105zane niebieskim sznureczkim. Dope\u0142nieniem zestawu jest ko\u0142derka wykonana z przyjemnego w dotyku materia\u0142u i ozdobiona wzorem w bia\u0142e chmurki rozmieszczonym na ca\u0142ym okryciu.Bobas ubrany w bia\u0142o niebieski str\u00f3j zapakowany jest w eleganckie r\u00f3\u017cowe pude\u0142ko na kt\u00f3rym widnieje oryginalne logo marki Asi. Tak ozdobiony karton sprawdzi si\u0119 jako opakowanie na prezent szczeg\u00f3lnie dla maluszka uwielbiaj\u0105cego odgrywa\u0107 r\u00f3\u017cne scenki.Marka Asi s\u0142ynie przede wszystkim z wykonywanych r\u0119cznie hiszpa\u0144skich lalek. Szczeg\u00f3ln\u0105 uwag\u0119 warto zwr\u00f3ci\u0107, \u017ce do ka\u017cdego modelu indywidualnie s\u0105 dopasowane kreacje oraz r\u00f3\u017cnego rodzaju dodatki, kt\u00f3re uzupe\u0142ni\u0105 zestaw i pozwol\u0105 na dodatkow\u0105 atrakcj\u0119 w trakcie zabawy. W trosce o nasze pociechy hiszpa\u0144ska firma spe\u0142ni\u0142a restrykcyjne normy bezpiecze\u0144stwa, czego dowodem s\u0105 uzyskane certyfikaty CE. Lalki w ca\u0142o\u015bci wyprodukowane zosta\u0142y w Hiszpanii. Producent do\u0142o\u017cy\u0142 wszelkich stara\u0144, aby zapewni\u0107 dziecku niezapomnianych wspomnie\u0144 po zabawie z laleczk\u0105.W zestawie:lalka o wysoko\u015bci 28 cm;bia\u0142e \u015bpioszki na d\u0142ugi r\u0119kaw zapinane z ty\u0142u na rzep;wsuwana czapeczka;niebieski kocyk ozdbiony wzorem w chmurki.<\/p>\n<h2>Asi Lalka Gordi 28cm 0155621 Asi<\/h2>\n<p>kolorowanki na dzie\u0144 mamy, kolorowanki do druku konie, pola imie, psi patrol kolorowanka, jak dobra\u0107 narty dla dziecka, zdania do pisania dla dzieci do wydruku, kiedy dzieci zbieraja cukierki na halloween, peppa do czytania, wy\u015bcig but\u00f3w, wpad\u0142a bomba do piwnicy, zagadki dla m\u0142odzie\u017cy, chase psi patrol kolorowanka, bajka do czytania<\/p>\n<p>yyyyy<\/p>\n<p>&nbsp;<\/p>\n","protected":false},"excerpt":{"rendered":"<p>Uzupe\u0142nieniem nowo\u015bci 2021 z kolekcji lalek hiszpa\u0144skich s\u0105 modele o wysoko\u015bci 28 cm. Uroczy ch\u0142opczyk ma drobn\u0105 buzi\u0119, smuk\u0142e r\u0105czki oraz st\u00f3pki. Lalka o imieniu Gordi ma podkre\u015blone wszelkie do\u0142eczki oraz fa\u0142dki na ko\u0144czynach oraz na tu\u0142owiu. Ma du\u017ce niebieskie oczka. Warto te\u017c wspomnie\u0107, \u017ce laleczka jest ca\u0142kowicie bezpieczna dla Twojego dziecka, a to wszystko [&hellip;]<\/p>\n","protected":false},"featured_media":6461,"comment_status":"closed","ping_status":"open","template":"","meta":[],"product_cat":[1469,65],"product_tag":[867,690,826,823,701],"class_list":["post-6460","product","type-product","status-publish","has-post-thumbnail","hentry","product_cat-asi","product_cat-lalki","product_tag-kolorowanki-dla-dziewczynek","product_tag-pieski-male-dwa-tekst","product_tag-prezent-dla-15-latka","product_tag-zagadki-dla-dzieci-7-lat","product_tag-zgadywanki-dla-dzieci"],"_links":{"self":[{"href":"http:\/\/klubmamgdynia.pl\/index.php\/wp-json\/wp\/v2\/product\/6460","targetHints":{"allow":["GET"]}}],"collection":[{"href":"http:\/\/klubmamgdynia.pl\/index.php\/wp-json\/wp\/v2\/product"}],"about":[{"href":"http:\/\/klubmamgdynia.pl\/index.php\/wp-json\/wp\/v2\/types\/product"}],"replies":[{"embeddable":true,"href":"http:\/\/klubmamgdynia.pl\/index.php\/wp-json\/wp\/v2\/comments?post=6460"}],"wp:featuredmedia":[{"embeddable":true,"href":"http:\/\/klubmamgdynia.pl\/index.php\/wp-json\/wp\/v2\/media\/6461"}],"wp:attachment":[{"href":"http:\/\/klubmamgdynia.pl\/index.php\/wp-json\/wp\/v2\/media?parent=6460"}],"wp:term":[{"taxonomy":"product_cat","embeddable":true,"href":"http:\/\/klubmamgdynia.pl\/index.php\/wp-json\/wp\/v2\/product_cat?post=6460"},{"taxonomy":"product_tag","embeddable":true,"href":"http:\/\/klubmamgdynia.pl\/index.php\/wp-json\/wp\/v2\/product_tag?post=6460"}],"curies":[{"name":"wp","href":"https:\/\/api.w.org\/{rel}","templated":true}]}}