{"id":6462,"date":"2023-01-21T15:30:16","date_gmt":"2023-01-21T14:30:16","guid":{"rendered":"http:\/\/klubmamgdynia.pl\/?post_type=product&#038;p=6462"},"modified":"2026-04-28T14:09:55","modified_gmt":"2026-04-28T12:09:55","slug":"iso-trade-lampka-nocna-ksiezyc-moon-nawilzacz-powietrza-3w1","status":"publish","type":"product","link":"http:\/\/klubmamgdynia.pl\/index.php\/produkt\/iso-trade-lampka-nocna-ksiezyc-moon-nawilzacz-powietrza-3w1\/","title":{"rendered":"Iso Trade Lampka Nocna Ksi\u0119\u017cyc Moon Nawil\u017cacz Powietrza 3W1"},"content":{"rendered":"<p>Urz\u0105dzenie 3w1:NAWIL\u017bACZ POWIETRZADYFUZOR ZAPACHULAMPKA LEDLampka idealna do ka\u017cdego wn\u0119trza np. sypialni, pokoju dzieci\u0119cego czy salonu.Imitacja ksi\u0119\u017cyca \u2013 lampka zosta\u0142a wykonana z wykorzystaniem innowacyjnej technologii drukowania 3D, dzi\u0119ki temu doskonale imituje naszego satelit\u0119. Posiada chropowat\u0105 faktur\u0119 a ka\u017cdy krater, kt\u00f3ry si\u0119 na niej znajduje odpowiada temu prawdziwemu. Je\u017celi marzy Ci si\u0119 zasn\u0105\u0107 pod jasnym, \u015bwiec\u0105cym ksi\u0119\u017cycem ta lampa daje Ci tak\u0105 mo\u017cliwo\u015b\u0107.URZADZENIE 3w1 \u2013 to wyj\u0105tkowo cichy przeno\u015bny nawil\u017cacz powietrza, kt\u00f3ry utrzymuje odpowiednio nawil\u017con\u0105 przestrze\u0144. Jego nowoczesny wygl\u0105d wpasuje si\u0119 do ka\u017cdego wn\u0119trza, a zapach wprowadzi do Twojego domu nutk\u0119 elegancji. Dodatkowo urz\u0105dzenie ma wbudowan\u0105 lampk\u0119 LED o 3 kolorach \u015bwiecenia.AROMATERAPIA \u2013lampka posiada niezwykle przydatn\u0105 funkcj\u0119 aromaterapii. Po wlaniu olejku do wody nawil\u017cacz wyzwala aromaty o w\u0142a\u015bciwo\u015bciach relaksacyjnych (dopuszczalne s\u0105 jedynie produkty rozpuszczalne w wodzie \u2013 w innym przypadku nawil\u017cacz mo\u017ce ulec zniszczeniu). Do zestawu do\u0142\u0105czone zosta\u0142y a\u017c 3 takie olejki!Doskona\u0142a dekoracja \u2013 Ta designerska lampa \u015bwietnie nadaje si\u0119 do ka\u017cdego wn\u0119trza. B\u0119dzie prezentowa\u0142a si\u0119 imponuj\u0105co zar\u00f3wno w pokoju dzieci\u0119cym, sypialni czy salonie. Mo\u017cna po\u0142o\u017cy\u0107 j\u0105 wieczorem na szafce nocnej lub na wy\u017cej powieszonej p\u00f3\u0142ce a kiedy rozb\u0142y\u015bnie, w pomieszczeniu zapanuje wyj\u0105tkowy klimat.SPECYFIKACJA PRODUCENTA:moc: 0,5Wnapi\u0119cie robocze: DC 5Vpr\u0105d roboczy: 400mAzu\u017cycie energii: 2Wpojemno\u015b\u0107 zbiornika: 880mlmaksymalny czas pracy jednego zbiornika: 30 hwydajno\u015b\u0107: 25-35 ml\/hmateria\u0142: drewno + poliaktydwymiary: 16,5\/13\/13 cmwaga: 0,234 kgwaga w opakowaniu: 0,353 kgW ZESTAWIE:lampka 3w1przew\u00f3d zasilaj\u0105cystojak2 g\u0105beczki3 olejkiSTEROWANIE DOTYKOWE \u2013 posiada ona 3 tryby \u015bwiecenia w\u0142\u0105czane dotykiem: pierwszy \u2013 \u015bwiat\u0142o ciep\u0142e, \u015bwiat\u0142o imituj\u0105ce za\u0107mienie oraz trzecie\u2013 \u015bwiat\u0142o ch\u0142odne. Ponadto lampka zasilana jest za pomoc\u0105 kabla USB, dzi\u0119ki czemu \u0142adowanie jest wygodne i nie ma potrzeby wymiany baterii (czas \u0142adowania to ok. 3h).Dzi\u0119kujemy za wyb\u00f3r naszej oferty.<\/p>\n<h2>Iso Trade Lampka Nocna Ksi\u0119\u017cyc Moon Nawil\u017cacz Powietrza 3W1 Iso Trade<\/h2>\n<p>bajka do czytania na dobranoc, madre zyczenia bozonarodzeniowe, kolorowanki pokemon, zagadka logiczna, miriam imi\u0119, quiz o wio\u015bnie, przyja\u017a\u0144 cytaty, prezenty na urodziny dla nastolatk\u00f3w, jan pawe\u0142 2 rysunek \u0142atwy dla dzieci, nietypowe atrakcje dla dzieci, wr\u00f3\u017cby andrzejkowe dla dzieci zawody, zabawy z pi\u0142k\u0105 dla dzieci, menu na urodziny dziecka, wiosna zagadki, prezent dla 13 latki na \u015bwi\u0119ta<\/p>\n<p>yyyyy<\/p>\n<p>&nbsp;<\/p>\n","protected":false},"excerpt":{"rendered":"<p>Urz\u0105dzenie 3w1:NAWIL\u017bACZ POWIETRZADYFUZOR ZAPACHULAMPKA LEDLampka idealna do ka\u017cdego wn\u0119trza np. sypialni, pokoju dzieci\u0119cego czy salonu.Imitacja ksi\u0119\u017cyca \u2013 lampka zosta\u0142a wykonana z wykorzystaniem innowacyjnej technologii drukowania 3D, dzi\u0119ki temu doskonale imituje naszego satelit\u0119. Posiada chropowat\u0105 faktur\u0119 a ka\u017cdy krater, kt\u00f3ry si\u0119 na niej znajduje odpowiada temu prawdziwemu. Je\u017celi marzy Ci si\u0119 zasn\u0105\u0107 pod jasnym, \u015bwiec\u0105cym ksi\u0119\u017cycem [&hellip;]<\/p>\n","protected":false},"featured_media":6463,"comment_status":"closed","ping_status":"open","template":"","meta":[],"product_cat":[296,138],"product_tag":[707,730,585,720,587,628],"class_list":["post-6462","product","type-product","status-publish","has-post-thumbnail","hentry","product_cat-iso-trade","product_cat-lampki-dzieciece","product_tag-karty-pracy-dla-dzieci-z-ukrainy","product_tag-karyna","product_tag-kolorowanki-dla-chlopcow","product_tag-malowanki","product_tag-skalne-miasto","product_tag-zagadka"],"_links":{"self":[{"href":"http:\/\/klubmamgdynia.pl\/index.php\/wp-json\/wp\/v2\/product\/6462","targetHints":{"allow":["GET"]}}],"collection":[{"href":"http:\/\/klubmamgdynia.pl\/index.php\/wp-json\/wp\/v2\/product"}],"about":[{"href":"http:\/\/klubmamgdynia.pl\/index.php\/wp-json\/wp\/v2\/types\/product"}],"replies":[{"embeddable":true,"href":"http:\/\/klubmamgdynia.pl\/index.php\/wp-json\/wp\/v2\/comments?post=6462"}],"wp:featuredmedia":[{"embeddable":true,"href":"http:\/\/klubmamgdynia.pl\/index.php\/wp-json\/wp\/v2\/media\/6463"}],"wp:attachment":[{"href":"http:\/\/klubmamgdynia.pl\/index.php\/wp-json\/wp\/v2\/media?parent=6462"}],"wp:term":[{"taxonomy":"product_cat","embeddable":true,"href":"http:\/\/klubmamgdynia.pl\/index.php\/wp-json\/wp\/v2\/product_cat?post=6462"},{"taxonomy":"product_tag","embeddable":true,"href":"http:\/\/klubmamgdynia.pl\/index.php\/wp-json\/wp\/v2\/product_tag?post=6462"}],"curies":[{"name":"wp","href":"https:\/\/api.w.org\/{rel}","templated":true}]}}