{"id":6468,"date":"2020-07-11T02:53:28","date_gmt":"2020-07-11T00:53:28","guid":{"rendered":"http:\/\/klubmamgdynia.pl\/index.php\/produkt\/malplay-samochod-zdalnie-serowany-policja-formula-1\/"},"modified":"2026-04-29T09:31:08","modified_gmt":"2026-04-29T07:31:08","slug":"malplay-samochod-zdalnie-serowany-policja-formula-1","status":"publish","type":"product","link":"http:\/\/klubmamgdynia.pl\/index.php\/produkt\/malplay-samochod-zdalnie-serowany-policja-formula-1\/","title":{"rendered":"Malplay Samoch\u00f3d Zdalnie Serowany Policja \/ Formu\u0142a 1"},"content":{"rendered":"<p>Pojazdy zaprojektowano z my\u015bl\u0105 o pocz\u0105tkuj\u0105cych mi\u0142o\u015bnikach autek. Jest to propozycja dla pociech lubi\u0105cych bohaterskie zawody takie jak policja i stra\u017c po\u017carna.Poprzez zabaw\u0119 maluch uczy si\u0119 logicznego my\u015blenia, rozpoznawania kszta\u0142t\u00f3w i kolor\u00f3w, pos\u0142ugiwania si\u0119 przedmiotami i poznawania ich przeznaczenia. Samochodzik je\u017adzi do przodu lub do ty\u0142u w k\u00f3\u0142ko.Niepowtarzalna zabawa dla dzieci rozwijaj\u0105ca wyobra\u017ani\u0119, zdolno\u015bci manualne oraz koordynacj\u0119 ruchow\u0105. Samochodziki s\u0105 zdalnie sterowane za pomoc\u0105 pilota w kszta\u0142cie kierownicy.POLICJA: przyciskuj\u0105c policjanta samoch\u00f3d tr\u0105bi, gra muzyka oraz \u015bwiec\u0105 si\u0119 \u015bwiate\u0142ka przyciskuj\u0105c kierownic\u0119 us\u0142yszymy odg\u0142os odpalania samochodu oraz \u015bwiec\u0105 si\u0119 \u015bwiat\u0142a przyciskuj\u0105c &#8222;koguta&#8221; us\u0142yszymy odg\u0142os syreny.BRAK- SAMOCH\u00d3D FORMU\u0141A :  przyciskuj\u0105c kierowc\u0119 us\u0142yszymy odg\u0142os odpalania silnika oraz \u015bwiec\u0105 si\u0119 \u015bwiate\u0142ka przyciskuj\u0105c kierownic\u0119 us\u0142yszymy odg\u0142os odpalania samochodu oraz \u015bwiec\u0105 si\u0119 \u015bwiat\u0142a przyciskuj\u0105c daszek samoch\u00f3d tr\u0105bi, gra muzyka oraz \u015bwiec\u0105 si\u0119 \u015bwiate\u0142kaSpecyfikacja techniczna:S\u0142ugo\u015b\u0107 autka ok 13,0 cmSzeroko\u015b\u0107 autka 10,0 cmWysoko\u015b\u0107 autka ok 10,0 cmWysoko\u015b\u0107 pamperka: 7,0 cm\u015arednica pilota: 12,0 cm<\/p>\n<h2>Malplay Samoch\u00f3d Zdalnie Serowany Policja \/ Formu\u0142a 1 Malplay<\/h2>\n<p>czapka g\u00f3rnika szablon chomikuj, asiunia test z lektury, kolorowanki do druku lol, imi\u0119 mia, trudne zagadki logiczne z odpowiedziami, papugi do druku, bombki do kolorowania, \u015bwinka peppa bajki do czytania, gda\u0144sk atrakcje dla m\u0142odzie\u017cy, tabliczka mno\u017cenia zadania do druku, opisy do zdj z dzieckiem, zagadki o bo\u017cym narodzeniu, opowie\u015b\u0107 wigilijna test z odpowiedziami, test z dzieci z bullerbyn, trudne zagadki na inteligencj\u0119, bajka o dinozaurach do czytania, kot rysunek dla dzieci<\/p>\n<p>yyyyy<\/p>\n<p>&nbsp;<\/p>\n","protected":false},"excerpt":{"rendered":"<p>Pojazdy zaprojektowano z my\u015bl\u0105 o pocz\u0105tkuj\u0105cych mi\u0142o\u015bnikach autek. Jest to propozycja dla pociech lubi\u0105cych bohaterskie zawody takie jak policja i stra\u017c po\u017carna.Poprzez zabaw\u0119 maluch uczy si\u0119 logicznego my\u015blenia, rozpoznawania kszta\u0142t\u00f3w i kolor\u00f3w, pos\u0142ugiwania si\u0119 przedmiotami i poznawania ich przeznaczenia. Samochodzik je\u017adzi do przodu lub do ty\u0142u w k\u00f3\u0142ko.Niepowtarzalna zabawa dla dzieci rozwijaj\u0105ca wyobra\u017ani\u0119, zdolno\u015bci manualne [&hellip;]<\/p>\n","protected":false},"featured_media":6469,"comment_status":"closed","ping_status":"open","template":"","meta":[],"product_cat":[84,337],"product_tag":[801,750,619,744],"class_list":["post-6468","product","type-product","status-publish","has-post-thumbnail","hentry","product_cat-malplay","product_cat-zabawki-zdalnie-sterowane","product_tag-bajki-terapeutyczne-o-emocjach","product_tag-imie-kostek","product_tag-iwo-imie","product_tag-kolorowanki-swiateczne-do-wydruku"],"_links":{"self":[{"href":"http:\/\/klubmamgdynia.pl\/index.php\/wp-json\/wp\/v2\/product\/6468","targetHints":{"allow":["GET"]}}],"collection":[{"href":"http:\/\/klubmamgdynia.pl\/index.php\/wp-json\/wp\/v2\/product"}],"about":[{"href":"http:\/\/klubmamgdynia.pl\/index.php\/wp-json\/wp\/v2\/types\/product"}],"replies":[{"embeddable":true,"href":"http:\/\/klubmamgdynia.pl\/index.php\/wp-json\/wp\/v2\/comments?post=6468"}],"wp:featuredmedia":[{"embeddable":true,"href":"http:\/\/klubmamgdynia.pl\/index.php\/wp-json\/wp\/v2\/media\/6469"}],"wp:attachment":[{"href":"http:\/\/klubmamgdynia.pl\/index.php\/wp-json\/wp\/v2\/media?parent=6468"}],"wp:term":[{"taxonomy":"product_cat","embeddable":true,"href":"http:\/\/klubmamgdynia.pl\/index.php\/wp-json\/wp\/v2\/product_cat?post=6468"},{"taxonomy":"product_tag","embeddable":true,"href":"http:\/\/klubmamgdynia.pl\/index.php\/wp-json\/wp\/v2\/product_tag?post=6468"}],"curies":[{"name":"wp","href":"https:\/\/api.w.org\/{rel}","templated":true}]}}