{"id":6478,"date":"2023-08-09T21:38:30","date_gmt":"2023-08-09T19:38:30","guid":{"rendered":"http:\/\/klubmamgdynia.pl\/?post_type=product&#038;p=6478"},"modified":"2026-04-07T08:20:36","modified_gmt":"2026-04-07T06:20:36","slug":"woopie-ukladanka-kostki-farma-w-pudelkach-figurki-10-el","status":"publish","type":"product","link":"http:\/\/klubmamgdynia.pl\/index.php\/produkt\/woopie-ukladanka-kostki-farma-w-pudelkach-figurki-10-el\/","title":{"rendered":"WOOPIE Uk\u0142adanka Kostki Farma w Pude\u0142kach + Figurki 10 el."},"content":{"rendered":"<p>Fantastyczna farma w pude\u0142kach od WOOPIE to doskona\u0142a alternatywa tradycyjnych klock\u00f3w. Dzieci dzi\u0119ki kolorowym, pe\u0142nych ilustracji kostkom z \u0142atwo\u015bci\u0105 po\u0142\u0105cz\u0105 nauk\u0119 z zabaw\u0105. Dodatkowo zestaw zawiera drewniane figurki zwierz\u0105tek, dla kt\u00f3rych kostki staj\u0105 si\u0119 domkiem! Dziecko samo decyduje jaka konstrukcj\u0119 zbuduje. Kostki mog\u0105 by\u0107 dodatkowo wykorzystane jako miejsce na przechowywanie r\u00f3\u017cnych przedmiot\u00f3w, takich jak kredki czy te\u017c d\u0142ugopisy. Zabawka nie zawiera ostrych kraw\u0119dzi i pomalowana jest nietoksycznymi farbami bezpiecznymi dla Twojego dziecka.Charakterystyka:- zabawka od 12 miesi\u0105ca \u017cycia Zestaw zawiera: 5kostek (ilustrowanych i o innych wymiarach) oraz 5 figurek zwierz\u0105t- Kostki s\u0105 ilustrowane w logiczny spos\u00f3b np. na najwi\u0119kszej umieszczona jest du\u017ca kr\u00f3wka, a na najmniejszej ma\u0142a kurka- Kostki posiadaj\u0105 otwory, aby schowa\u0107 w odpowiednie miejsce zwierz\u0105tka- Pomalowana nietoksycznymi farbami bezpiecznymi dla dziecka i \u015brodowiska- Produkt wykonany z najwy\u017cszej jako\u015bci materia\u0142\u00f3wZabawka:- rozwija kreatywno\u015b\u0107 i wyobra\u017ani\u0119- uczy logicznego my\u015blenia- pomaga w rozr\u00f3\u017cnianiu zwierz\u0105t i miejsc przez nie zamieszkuj\u0105cych- uczy s\u0142\u00f3w w j\u0119zyku angielskim- uczy kolor\u00f3w i wielko\u015bci (mniejsze-wi\u0119kszy)Kostka: ok. 13 x 13 x 13 (cm)Wymiary opakowania: 26 x 14 x 14 (cm)<\/p>\n<h2>WOOPIE Uk\u0142adanka Kostki Farma w Pude\u0142kach + Figurki 10 el. Woopie<\/h2>\n<p>imiona dla ch\u0142opc\u00f3w, zaproszenia na urodziny do druku, \u017carty na prima aprilis dla mamy, kr\u00f3tkie czytanki dla dzieci do wydruku, quizy o skokach narciarskich, kolorowanka harry potter do druku, rymowanki o pisankach, jak narysowa\u0107 sanie miko\u0142aja, cytaty o rodzicach, przek\u0105ski na urodziny dziecka, eneduerabe, alina, opowiadanie o jesieni dla dzieci, aurelia imie<\/p>\n<p>yyyyy<\/p>\n<p>&nbsp;<\/p>\n","protected":false},"excerpt":{"rendered":"<p>Fantastyczna farma w pude\u0142kach od WOOPIE to doskona\u0142a alternatywa tradycyjnych klock\u00f3w. Dzieci dzi\u0119ki kolorowym, pe\u0142nych ilustracji kostkom z \u0142atwo\u015bci\u0105 po\u0142\u0105cz\u0105 nauk\u0119 z zabaw\u0105. Dodatkowo zestaw zawiera drewniane figurki zwierz\u0105tek, dla kt\u00f3rych kostki staj\u0105 si\u0119 domkiem! Dziecko samo decyduje jaka konstrukcj\u0119 zbuduje. Kostki mog\u0105 by\u0107 dodatkowo wykorzystane jako miejsce na przechowywanie r\u00f3\u017cnych przedmiot\u00f3w, takich jak kredki [&hellip;]<\/p>\n","protected":false},"featured_media":6479,"comment_status":"closed","ping_status":"open","template":"","meta":[],"product_cat":[177,61],"product_tag":[707,698,701],"class_list":["post-6478","product","type-product","status-publish","has-post-thumbnail","hentry","product_cat-woopie","product_cat-zabawki-edukacyjne-dla-niemowlat","product_tag-karty-pracy-dla-dzieci-z-ukrainy","product_tag-zagadki-dla-przedszkolakow","product_tag-zgadywanki-dla-dzieci"],"_links":{"self":[{"href":"http:\/\/klubmamgdynia.pl\/index.php\/wp-json\/wp\/v2\/product\/6478","targetHints":{"allow":["GET"]}}],"collection":[{"href":"http:\/\/klubmamgdynia.pl\/index.php\/wp-json\/wp\/v2\/product"}],"about":[{"href":"http:\/\/klubmamgdynia.pl\/index.php\/wp-json\/wp\/v2\/types\/product"}],"replies":[{"embeddable":true,"href":"http:\/\/klubmamgdynia.pl\/index.php\/wp-json\/wp\/v2\/comments?post=6478"}],"wp:featuredmedia":[{"embeddable":true,"href":"http:\/\/klubmamgdynia.pl\/index.php\/wp-json\/wp\/v2\/media\/6479"}],"wp:attachment":[{"href":"http:\/\/klubmamgdynia.pl\/index.php\/wp-json\/wp\/v2\/media?parent=6478"}],"wp:term":[{"taxonomy":"product_cat","embeddable":true,"href":"http:\/\/klubmamgdynia.pl\/index.php\/wp-json\/wp\/v2\/product_cat?post=6478"},{"taxonomy":"product_tag","embeddable":true,"href":"http:\/\/klubmamgdynia.pl\/index.php\/wp-json\/wp\/v2\/product_tag?post=6478"}],"curies":[{"name":"wp","href":"https:\/\/api.w.org\/{rel}","templated":true}]}}