{"id":649,"date":"2017-03-08T09:47:43","date_gmt":"2017-03-08T08:47:43","guid":{"rendered":"http:\/\/klubmamgdynia.pl\/index.php\/produkt\/akuku-oslonki-muszle-laktacyjne-2szt\/"},"modified":"2026-04-05T23:43:45","modified_gmt":"2026-04-05T21:43:45","slug":"akuku-oslonki-muszle-laktacyjne-2szt","status":"publish","type":"product","link":"http:\/\/klubmamgdynia.pl\/index.php\/produkt\/akuku-oslonki-muszle-laktacyjne-2szt\/","title":{"rendered":"Akuku Os\u0142onki Muszle Laktacyjne 2Szt."},"content":{"rendered":"<p>Muszle laktacyjne noszone w biustonoszu chroni\u0105 sutki przed otarciem i zbieraj\u0105 s\u0105cz\u0105ce si\u0119 z piersi mleko.Ich delikatny ucisk zmniejsza napi\u0119cie w piersi, a wyprofilowany kszta\u0142t sprawia, \u017ce idealnie do niej przylegaj\u0105 (dyskretnie chowaj\u0105 si\u0119 w biustonoszu, wi\u0119c s\u0105 niewidoczne dla innych os\u00f3b).Chroni\u0105 obola\u0142e lub pop\u0119kane brodawki sutkowe pozwalaj\u0105c im szybciej si\u0119 wygoi\u0107.Dzi\u0119ki nim mamy mog\u0105 cieszy\u0107 si\u0119 wi\u0119kszym komfortem.Przydatne zw\u0142aszcza podczas karmienia lub stosowania laktatora.\u0141atwe w utrzymaniu czysto\u015bci.Opakowanie zawiera 2 szt. muszli laktacyjnychG\u0142\u00f3wne zalety:- bezpieczne i wygodne w u\u017cyciu- daj\u0105 poczucie komfortu- przyspieszaj\u0105 gojenie pop\u0119kanych brodawek sutkowych- \u0142atwe w utrzymaniu czysto\u015bci- BPA free<\/p>\n<h2>Akuku Os\u0142onki Muszle Laktacyjne 2Szt. Akuku<\/h2>\n<p>regina, mira imi\u0119, anio\u0142ki do druku, zagadki logiczne dla dzieci 10 lat do druku, warszawa atrakcje dla m\u0142odzie\u017cy, kolorowanki miasto dzieci, kawa\u0142 na prima aprilis, ba\u015bniowe imiona \u017ce\u0144skie, maska spiderman, gry dla nastolatk\u00f3w, na wyspach bergamuta, stolice europy quiz, fajne zagadki dla dzieci, ko\u0142ysanka dla dzieci tekst, wr\u00f3\u017cby andrzejkowe online dla dzieci, zabawy ruchowe dla dzieci, quiz o miko\u0142ajku, sa\u0142atki dla dzieci, wobies<\/p>\n<p>yyyyy<\/p>\n<p>&nbsp;<\/p>\n","protected":false},"excerpt":{"rendered":"<p>Muszle laktacyjne noszone w biustonoszu chroni\u0105 sutki przed otarciem i zbieraj\u0105 s\u0105cz\u0105ce si\u0119 z piersi mleko.Ich delikatny ucisk zmniejsza napi\u0119cie w piersi, a wyprofilowany kszta\u0142t sprawia, \u017ce idealnie do niej przylegaj\u0105 (dyskretnie chowaj\u0105 si\u0119 w biustonoszu, wi\u0119c s\u0105 niewidoczne dla innych os\u00f3b).Chroni\u0105 obola\u0142e lub pop\u0119kane brodawki sutkowe pozwalaj\u0105c im szybciej si\u0119 wygoi\u0107.Dzi\u0119ki nim mamy mog\u0105 [&hellip;]<\/p>\n","protected":false},"featured_media":650,"comment_status":"closed","ping_status":"open","template":"","meta":[],"product_cat":[250,238],"product_tag":[784,670,806,579],"class_list":["post-649","product","type-product","status-publish","has-post-thumbnail","hentry","product_cat-akuku","product_cat-oslonki-na-piersi","product_tag-hymn-gorniczy","product_tag-irma","product_tag-prezent-dla-dziecka-na-roczek","product_tag-quiz-opowiesci-z-narnii-lew-czarownica-i-stara-szafa"],"_links":{"self":[{"href":"http:\/\/klubmamgdynia.pl\/index.php\/wp-json\/wp\/v2\/product\/649","targetHints":{"allow":["GET"]}}],"collection":[{"href":"http:\/\/klubmamgdynia.pl\/index.php\/wp-json\/wp\/v2\/product"}],"about":[{"href":"http:\/\/klubmamgdynia.pl\/index.php\/wp-json\/wp\/v2\/types\/product"}],"replies":[{"embeddable":true,"href":"http:\/\/klubmamgdynia.pl\/index.php\/wp-json\/wp\/v2\/comments?post=649"}],"wp:featuredmedia":[{"embeddable":true,"href":"http:\/\/klubmamgdynia.pl\/index.php\/wp-json\/wp\/v2\/media\/650"}],"wp:attachment":[{"href":"http:\/\/klubmamgdynia.pl\/index.php\/wp-json\/wp\/v2\/media?parent=649"}],"wp:term":[{"taxonomy":"product_cat","embeddable":true,"href":"http:\/\/klubmamgdynia.pl\/index.php\/wp-json\/wp\/v2\/product_cat?post=649"},{"taxonomy":"product_tag","embeddable":true,"href":"http:\/\/klubmamgdynia.pl\/index.php\/wp-json\/wp\/v2\/product_tag?post=649"}],"curies":[{"name":"wp","href":"https:\/\/api.w.org\/{rel}","templated":true}]}}