{"id":6494,"date":"2012-05-21T17:10:30","date_gmt":"2012-05-21T15:10:30","guid":{"rendered":"http:\/\/klubmamgdynia.pl\/index.php\/produkt\/amy-owijak-bambus-75x75-marine\/"},"modified":"2026-04-22T19:05:25","modified_gmt":"2026-04-22T17:05:25","slug":"amy-owijak-bambus-75x75-marine","status":"publish","type":"product","link":"http:\/\/klubmamgdynia.pl\/index.php\/produkt\/amy-owijak-bambus-75x75-marine\/","title":{"rendered":"Amy Owijak bambus 75&#215;75 Marine"},"content":{"rendered":"<p>Amy Owijak bambus 75&#215;75 Marine<\/p>\n<h2>Amy Owijak bambus 75&#215;75 Marine Amy<\/h2>\n<p>kuchcikowo przepisy dla dzieci, gda\u0144sk atrakcje dla m\u0142odzie\u017cy, atrakcje dla dzieci wroc\u0142aw 2021, nietypowe imiona damskie, koty do druku, karaluchy pod poduchy, \u015bmigus dyngus lany poniedzia\u0142ek zyczenia, koty rysunki, aniela znaczenie imienia, lato, dzie\u0144 matki w\u0142asnor\u0119czny prezent dla mamy od dziecka, minionki do druku<\/p>\n<p>yyyyy<\/p>\n<p>&nbsp;<\/p>\n","protected":false},"excerpt":{"rendered":"<p>Amy Owijak bambus 75&#215;75 Marine Amy Owijak bambus 75&#215;75 Marine Amy kuchcikowo przepisy dla dzieci, gda\u0144sk atrakcje dla m\u0142odzie\u017cy, atrakcje dla dzieci wroc\u0142aw 2021, nietypowe imiona damskie, koty do druku, karaluchy pod poduchy, \u015bmigus dyngus lany poniedzia\u0142ek zyczenia, koty rysunki, aniela znaczenie imienia, lato, dzie\u0144 matki w\u0142asnor\u0119czny prezent dla mamy od dziecka, minionki do druku [&hellip;]<\/p>\n","protected":false},"featured_media":6495,"comment_status":"closed","ping_status":"open","template":"","meta":[],"product_cat":[1474,1437],"product_tag":[740,730,697,749,684,737],"class_list":["post-6494","product","type-product","status-publish","has-post-thumbnail","hentry","product_cat-amy","product_cat-rozki-i-beciki","product_tag-fajne-prezenty-dla-nastolatkow","product_tag-karyna","product_tag-krotkie-bajki-do-czytania","product_tag-najlepsze-zarty-na-prima-aprilis","product_tag-prezent-dla-dziewczynki-na-roczek","product_tag-test-z-lektury-felix-net-i-nika-oraz-gang-niewidzialnych-ludzi"],"_links":{"self":[{"href":"http:\/\/klubmamgdynia.pl\/index.php\/wp-json\/wp\/v2\/product\/6494","targetHints":{"allow":["GET"]}}],"collection":[{"href":"http:\/\/klubmamgdynia.pl\/index.php\/wp-json\/wp\/v2\/product"}],"about":[{"href":"http:\/\/klubmamgdynia.pl\/index.php\/wp-json\/wp\/v2\/types\/product"}],"replies":[{"embeddable":true,"href":"http:\/\/klubmamgdynia.pl\/index.php\/wp-json\/wp\/v2\/comments?post=6494"}],"wp:featuredmedia":[{"embeddable":true,"href":"http:\/\/klubmamgdynia.pl\/index.php\/wp-json\/wp\/v2\/media\/6495"}],"wp:attachment":[{"href":"http:\/\/klubmamgdynia.pl\/index.php\/wp-json\/wp\/v2\/media?parent=6494"}],"wp:term":[{"taxonomy":"product_cat","embeddable":true,"href":"http:\/\/klubmamgdynia.pl\/index.php\/wp-json\/wp\/v2\/product_cat?post=6494"},{"taxonomy":"product_tag","embeddable":true,"href":"http:\/\/klubmamgdynia.pl\/index.php\/wp-json\/wp\/v2\/product_tag?post=6494"}],"curies":[{"name":"wp","href":"https:\/\/api.w.org\/{rel}","templated":true}]}}