{"id":6500,"date":"2015-06-24T21:14:29","date_gmt":"2015-06-24T19:14:29","guid":{"rendered":"http:\/\/klubmamgdynia.pl\/index.php\/produkt\/simba-brokatowa-syrenka-3-rodzaje\/"},"modified":"2026-04-06T13:56:10","modified_gmt":"2026-04-06T11:56:10","slug":"simba-brokatowa-syrenka-3-rodzaje","status":"publish","type":"product","link":"http:\/\/klubmamgdynia.pl\/index.php\/produkt\/simba-brokatowa-syrenka-3-rodzaje\/","title":{"rendered":"Simba Brokatowa Syrenka 3 Rodzaje"},"content":{"rendered":"<p>Evi Brokatowa syrenka, 3 rodzajeLaleczka Evi jako syrenka, kt\u00f3rej p\u0142etwa b\u0142yszczy po potrz\u0105\u015bni\u0119ciu, zawarte w niej po\u0142yskuj\u0105ce drobinki mieni\u0105 si\u0119 kolorami. Wysoko\u015b\u0107 lalki: 14 cm<\/p>\n<h2>Simba Brokatowa Syrenka 3 Rodzaje Simba<\/h2>\n<p>test dynastia mizio\u0142k\u00f3w, asiunia test z lektury, test z tajemniczego ogrodu, opisy do zdj\u0119\u0107 z dzieckiem, kolorowanki pokemon, zaproszenia na urodziny do druku, zagadki na dzie\u0144 przedszkolaka, pies rysunek, prezenty dla rocznego dziecka, tabliczka mno\u017cenia do druku, kr\u00f3tkie bajki do czytania, peppa do czytania, wielkanocne zagadki dla dzieci, prezent roczek, znaczenie imiona alan, urodziny dziecka pomys\u0142y, quizy geograficzne, lato lato lato czeka tekst, atrakcje we wroc\u0142awiu dla dzieci, regina, psi patrol rysunek<\/p>\n<p>yyyyy<\/p>\n<p>&nbsp;<\/p>\n","protected":false},"excerpt":{"rendered":"<p>Evi Brokatowa syrenka, 3 rodzajeLaleczka Evi jako syrenka, kt\u00f3rej p\u0142etwa b\u0142yszczy po potrz\u0105\u015bni\u0119ciu, zawarte w niej po\u0142yskuj\u0105ce drobinki mieni\u0105 si\u0119 kolorami. Wysoko\u015b\u0107 lalki: 14 cm Simba Brokatowa Syrenka 3 Rodzaje Simba test dynastia mizio\u0142k\u00f3w, asiunia test z lektury, test z tajemniczego ogrodu, opisy do zdj\u0119\u0107 z dzieckiem, kolorowanki pokemon, zaproszenia na urodziny do druku, zagadki [&hellip;]<\/p>\n","protected":false},"featured_media":6501,"comment_status":"closed","ping_status":"open","template":"","meta":[],"product_cat":[65,279],"product_tag":[851,852,774,751],"class_list":["post-6500","product","type-product","status-publish","has-post-thumbnail","hentry","product_cat-lalki","product_cat-simba","product_tag-jak-narysowac-kota","product_tag-jak-zrobic-samolot-z-papieru","product_tag-prezent-na-roczek-nie-zabawka","product_tag-psi-patrol-kolorowanka"],"_links":{"self":[{"href":"http:\/\/klubmamgdynia.pl\/index.php\/wp-json\/wp\/v2\/product\/6500","targetHints":{"allow":["GET"]}}],"collection":[{"href":"http:\/\/klubmamgdynia.pl\/index.php\/wp-json\/wp\/v2\/product"}],"about":[{"href":"http:\/\/klubmamgdynia.pl\/index.php\/wp-json\/wp\/v2\/types\/product"}],"replies":[{"embeddable":true,"href":"http:\/\/klubmamgdynia.pl\/index.php\/wp-json\/wp\/v2\/comments?post=6500"}],"wp:featuredmedia":[{"embeddable":true,"href":"http:\/\/klubmamgdynia.pl\/index.php\/wp-json\/wp\/v2\/media\/6501"}],"wp:attachment":[{"href":"http:\/\/klubmamgdynia.pl\/index.php\/wp-json\/wp\/v2\/media?parent=6500"}],"wp:term":[{"taxonomy":"product_cat","embeddable":true,"href":"http:\/\/klubmamgdynia.pl\/index.php\/wp-json\/wp\/v2\/product_cat?post=6500"},{"taxonomy":"product_tag","embeddable":true,"href":"http:\/\/klubmamgdynia.pl\/index.php\/wp-json\/wp\/v2\/product_tag?post=6500"}],"curies":[{"name":"wp","href":"https:\/\/api.w.org\/{rel}","templated":true}]}}