{"id":6512,"date":"2023-06-12T03:52:19","date_gmt":"2023-06-12T01:52:19","guid":{"rendered":"http:\/\/klubmamgdynia.pl\/?post_type=product&#038;p=6512"},"modified":"2026-04-26T09:12:00","modified_gmt":"2026-04-26T07:12:00","slug":"rc2-stacyjkowo-motorised-lokomotywa-hektor-58011","status":"publish","type":"product","link":"http:\/\/klubmamgdynia.pl\/index.php\/produkt\/rc2-stacyjkowo-motorised-lokomotywa-hektor-58011\/","title":{"rendered":"Rc2 Stacyjkowo Motorised Lokomotywa Hektor 58011"},"content":{"rendered":"<p>Hektor, b\u0142\u0119kitna spalinowa lokomotywa jest jednym z bohater\u00f3w s\u0142ynnej bajki Stacyjkowo. Uwa\u017cany jest za najszybsz\u0105 lokomotyw\u0119 w Stacyjkowie. Po naci\u015bni\u0119ciu klaksonu wydaje 6 d\u017awi\u0119k\u00f3w. Lokomotywki wiernie odzwierciedlaj\u0105 postacie z bajki. Wykonane s\u0105 z wysokiej jako\u015bci plastiku. Wszystkie lokomotywy i wagony mo\u017cna z \u0142atwo\u015bci\u0105 ze sob\u0105 \u0142\u0105czy\u0107.Kolejk\u0105 mo\u017cecie je\u017adzi\u0107 poprzez popychanie jej r\u0105czk\u0105 , ale gdy naci\u015bniecie guziczek prze\u0142\u0105czycie j\u0105 na tryb jazdy z nap\u0119dem silnikowym.<\/p>\n<h2>Rc2 Stacyjkowo Motorised Lokomotywa Hektor 58011 Stacyjkowo<\/h2>\n<p>madre zyczenia bozonarodzeniowe, malowanki piesek, cytaty na dzie\u0144 edukacji narodowej, zagadki dla 6 latka, bajka terapeutyczna o dokuczaniu, pierwsze urodziny prezent na roczek dla dziewczynki, calineczka test z odpowiedziami, zabawy dla 5-6 latk\u00f3w<\/p>\n<p>yyyyy<\/p>\n<p>&nbsp;<\/p>\n","protected":false},"excerpt":{"rendered":"<p>Hektor, b\u0142\u0119kitna spalinowa lokomotywa jest jednym z bohater\u00f3w s\u0142ynnej bajki Stacyjkowo. Uwa\u017cany jest za najszybsz\u0105 lokomotyw\u0119 w Stacyjkowie. Po naci\u015bni\u0119ciu klaksonu wydaje 6 d\u017awi\u0119k\u00f3w. Lokomotywki wiernie odzwierciedlaj\u0105 postacie z bajki. Wykonane s\u0105 z wysokiej jako\u015bci plastiku. Wszystkie lokomotywy i wagony mo\u017cna z \u0142atwo\u015bci\u0105 ze sob\u0105 \u0142\u0105czy\u0107.Kolejk\u0105 mo\u017cecie je\u017adzi\u0107 poprzez popychanie jej r\u0105czk\u0105 , ale gdy [&hellip;]<\/p>\n","protected":false},"featured_media":6513,"comment_status":"closed","ping_status":"open","template":"","meta":[],"product_cat":[56,1461],"product_tag":[863,862,651],"class_list":["post-6512","product","type-product","status-publish","has-post-thumbnail","hentry","product_cat-kolejki","product_cat-stacyjkowo","product_tag-bajki-dla-dziewczynek","product_tag-nasza-zima-zla-tekst","product_tag-quizy-online"],"_links":{"self":[{"href":"http:\/\/klubmamgdynia.pl\/index.php\/wp-json\/wp\/v2\/product\/6512","targetHints":{"allow":["GET"]}}],"collection":[{"href":"http:\/\/klubmamgdynia.pl\/index.php\/wp-json\/wp\/v2\/product"}],"about":[{"href":"http:\/\/klubmamgdynia.pl\/index.php\/wp-json\/wp\/v2\/types\/product"}],"replies":[{"embeddable":true,"href":"http:\/\/klubmamgdynia.pl\/index.php\/wp-json\/wp\/v2\/comments?post=6512"}],"wp:featuredmedia":[{"embeddable":true,"href":"http:\/\/klubmamgdynia.pl\/index.php\/wp-json\/wp\/v2\/media\/6513"}],"wp:attachment":[{"href":"http:\/\/klubmamgdynia.pl\/index.php\/wp-json\/wp\/v2\/media?parent=6512"}],"wp:term":[{"taxonomy":"product_cat","embeddable":true,"href":"http:\/\/klubmamgdynia.pl\/index.php\/wp-json\/wp\/v2\/product_cat?post=6512"},{"taxonomy":"product_tag","embeddable":true,"href":"http:\/\/klubmamgdynia.pl\/index.php\/wp-json\/wp\/v2\/product_tag?post=6512"}],"curies":[{"name":"wp","href":"https:\/\/api.w.org\/{rel}","templated":true}]}}