{"id":6518,"date":"2025-09-15T13:39:28","date_gmt":"2025-09-15T11:39:28","guid":{"rendered":"http:\/\/klubmamgdynia.pl\/?post_type=product&#038;p=6518"},"modified":"2026-04-07T14:24:12","modified_gmt":"2026-04-07T12:24:12","slug":"simba-evi-druhna-panny-mlodej-105732336","status":"publish","type":"product","link":"http:\/\/klubmamgdynia.pl\/index.php\/produkt\/simba-evi-druhna-panny-mlodej-105732336\/","title":{"rendered":"Simba Evi Druhna Panny M\u0142odej 105732336"},"content":{"rendered":"<p>Evi zosta\u0142a druhn\u0105 panny m\u0142odej. Ubra\u0142a si\u0119 \u015bliczn\u0105 sukieneczk\u0119. W r\u0119ku trzyma bukiet kwiat\u00f3w. To z pewno\u015bci\u0105 b\u0119dzie pi\u0119kny \u015blub. Evi wygl\u0105da pi\u0119knie, a wszystko dopi\u0119te jest na ostatni guzik. Evi druhna panny m\u0142odej dost\u0119pna jest w 2 wersjach kolorystycznych: \u2022Evi druhna panny m\u0142odej r\u00f3\u017cowa sukienka\u2022Evi druhna panny m\u0142odej fioletowa sukienkaZalety\u2022Evi druhna panny m\u0142odej ubrana jest w \u015bliczn\u0105 sukieneczk\u0119, jej w\u0142osy zdobi opaska pasuj\u0105ca do stroju, a w r\u0119ce trzyma bukiet kwiat\u00f3w\u2022Lalka przypadnie do gustu ka\u017cdej dziewczynce\u2022\u015awietny pomys\u0142 na prezent \u2022Zabawka wysokiej jako\u015bci W zestawie\u2022Evi druhna panny m\u0142odej z bukietem kwiat\u00f3w<\/p>\n<h2>Simba Evi Druhna Panny M\u0142odej 105732336 Simba<\/h2>\n<p>tajemniczy ogr\u00f3d test z lektury, zagadki o wio\u015bnie dla dzieci, atrakcje dla nastolatk\u00f3w, z\u0142ote my\u015bli o przyja\u017ani, trudne zagadki logiczne, dyplom dla przedszkolaka do wydruku, prezent dla 16 latki, litera r do druku<\/p>\n<p>yyyyy<\/p>\n<p>&nbsp;<\/p>\n","protected":false},"excerpt":{"rendered":"<p>Evi zosta\u0142a druhn\u0105 panny m\u0142odej. Ubra\u0142a si\u0119 \u015bliczn\u0105 sukieneczk\u0119. W r\u0119ku trzyma bukiet kwiat\u00f3w. To z pewno\u015bci\u0105 b\u0119dzie pi\u0119kny \u015blub. Evi wygl\u0105da pi\u0119knie, a wszystko dopi\u0119te jest na ostatni guzik. Evi druhna panny m\u0142odej dost\u0119pna jest w 2 wersjach kolorystycznych: \u2022Evi druhna panny m\u0142odej r\u00f3\u017cowa sukienka\u2022Evi druhna panny m\u0142odej fioletowa sukienkaZalety\u2022Evi druhna panny m\u0142odej ubrana [&hellip;]<\/p>\n","protected":false},"featured_media":6519,"comment_status":"closed","ping_status":"open","template":"","meta":[],"product_cat":[65,279],"product_tag":[700,696,852,752,621,805],"class_list":["post-6518","product","type-product","status-publish","has-post-thumbnail","hentry","product_cat-lalki","product_cat-simba","product_tag-bajki-do-czytania-dla-dzieci","product_tag-film-rodzinny-o-swietach","product_tag-jak-zrobic-samolot-z-papieru","product_tag-kuba-imie","product_tag-prezenty-roczek","product_tag-znaczenie-imienia-alan"],"_links":{"self":[{"href":"http:\/\/klubmamgdynia.pl\/index.php\/wp-json\/wp\/v2\/product\/6518","targetHints":{"allow":["GET"]}}],"collection":[{"href":"http:\/\/klubmamgdynia.pl\/index.php\/wp-json\/wp\/v2\/product"}],"about":[{"href":"http:\/\/klubmamgdynia.pl\/index.php\/wp-json\/wp\/v2\/types\/product"}],"replies":[{"embeddable":true,"href":"http:\/\/klubmamgdynia.pl\/index.php\/wp-json\/wp\/v2\/comments?post=6518"}],"wp:featuredmedia":[{"embeddable":true,"href":"http:\/\/klubmamgdynia.pl\/index.php\/wp-json\/wp\/v2\/media\/6519"}],"wp:attachment":[{"href":"http:\/\/klubmamgdynia.pl\/index.php\/wp-json\/wp\/v2\/media?parent=6518"}],"wp:term":[{"taxonomy":"product_cat","embeddable":true,"href":"http:\/\/klubmamgdynia.pl\/index.php\/wp-json\/wp\/v2\/product_cat?post=6518"},{"taxonomy":"product_tag","embeddable":true,"href":"http:\/\/klubmamgdynia.pl\/index.php\/wp-json\/wp\/v2\/product_tag?post=6518"}],"curies":[{"name":"wp","href":"https:\/\/api.w.org\/{rel}","templated":true}]}}