{"id":6524,"date":"2025-08-28T23:22:34","date_gmt":"2025-08-28T21:22:34","guid":{"rendered":"http:\/\/klubmamgdynia.pl\/?post_type=product&#038;p=6524"},"modified":"2026-04-19T02:02:40","modified_gmt":"2026-04-19T00:02:40","slug":"mga-glam-goo-theme-pkconfetti-pack-549635-zabawka","status":"publish","type":"product","link":"http:\/\/klubmamgdynia.pl\/index.php\/produkt\/mga-glam-goo-theme-pkconfetti-pack-549635-zabawka\/","title":{"rendered":"MGA Glam Goo Theme PkConfetti Pack 549635 &#8211; Zabawka"},"content":{"rendered":"<p>Glam Gloo to seria stworzona z my\u015bl\u0105 o kreatywnych i modnych dziewczynkach, lubi\u0105cych zabaw\u0119 slime. Dzi\u0119ki akcesoriom do wyrabiania najr\u00f3\u017cniejszych rodzaj\u00f3w galaretkowatego slime i dodatkom modowym, dzieci mog\u0105 tworzy\u0107 wielobarwne i pi\u0119knie skrz\u0105ce drobinkami ozdoby. Moda na slime trwa!Glam Goo &#8211; Zestaw tematyczny Konfetti Slime 549635. Zestaw do kreatywnej zabawy slime. Masz tu wszystko, czego potrzebujesz, by stworzy\u0107 niebanalne ozdoby ze slime w roli g\u0142\u00f3wnej. Twoja bi\u017cuteria zachwyci wszystkie kole\u017canki, a dzi\u0119ki r\u00f3\u017cnorodnym dodatkom, mo\u017cesz od\u015bwie\u017ca\u0107 jej wygl\u0105d, wymieniaj\u0105c zawarto\u015b\u0107 transparentnej bi\u017cuterii. Zestaw zawiera wisiorek w kszta\u0142cie kr\u00f3liczka i bransoletk\u0119, kt\u00f3rym mo\u017cesz nadawa\u0107 dowolny kolor, wymieniaj\u0105c slime. \u015aliczne akcesoria, takie jak pastelowe, barwne b\u0142yskotki w r\u00f3\u017cnych kszta\u0142tach, koraliki, czy puder koloryzuj\u0105cy &#8211; pomagaj\u0105 uzyskiwa\u0107 r\u00f3\u017cne wersje ozdobnego glutka.Zawarto\u015b\u0107 i cechy zestawu:1 wisiorek w kszta\u0142cie kr\u00f3liczka1 bransoletka z kokard\u0105przezroczysty glutek &#8211; slime2 dodatki do slimepuder z b\u0142yszczykiem w 2 kolorach1 aromat<\/p>\n<h2>MGA Glam Goo Theme PkConfetti Pack 549635 &#8211; Zabawka MGA<\/h2>\n<p>kolorowanka prezent, wroclaw atrakcje dla dzieci, zagadki na myslenie, lody kolorowanka, najrzadsze imiona dla dziewczynek, kotki do druku, historia pluszowego misia dla dzieci, quiz kajko i kokosz szko\u0142a latania, opis do zdj\u0119cia dziecka na fb, co kupi\u0107 dziecku na roczek, cytaty dla mamy od c\u00f3rki, mapa polski do druku, bajki do czytania dla niemowl\u0105t, cytaty o przyja\u017ani kr\u00f3tkie, wiersz na wielkanocnym stole, zaproszenia do druku, malgorzata znaczenie imienia, natan imi\u0119<\/p>\n<p>yyyyy<\/p>\n<p>&nbsp;<\/p>\n","protected":false},"excerpt":{"rendered":"<p>Glam Gloo to seria stworzona z my\u015bl\u0105 o kreatywnych i modnych dziewczynkach, lubi\u0105cych zabaw\u0119 slime. Dzi\u0119ki akcesoriom do wyrabiania najr\u00f3\u017cniejszych rodzaj\u00f3w galaretkowatego slime i dodatkom modowym, dzieci mog\u0105 tworzy\u0107 wielobarwne i pi\u0119knie skrz\u0105ce drobinkami ozdoby. Moda na slime trwa!Glam Goo &#8211; Zestaw tematyczny Konfetti Slime 549635. Zestaw do kreatywnej zabawy slime. Masz tu wszystko, czego [&hellip;]<\/p>\n","protected":false},"featured_media":6525,"comment_status":"closed","ping_status":"open","template":"","meta":[],"product_cat":[53,301],"product_tag":[859,727,764],"class_list":["post-6524","product","type-product","status-publish","has-post-thumbnail","hentry","product_cat-kaciki-zabaw","product_cat-mga","product_tag-dobranoc-pchly-na-noc","product_tag-godlo-polski-do-druku","product_tag-prezenty-na-roczek-dla-dziewczynki"],"_links":{"self":[{"href":"http:\/\/klubmamgdynia.pl\/index.php\/wp-json\/wp\/v2\/product\/6524","targetHints":{"allow":["GET"]}}],"collection":[{"href":"http:\/\/klubmamgdynia.pl\/index.php\/wp-json\/wp\/v2\/product"}],"about":[{"href":"http:\/\/klubmamgdynia.pl\/index.php\/wp-json\/wp\/v2\/types\/product"}],"replies":[{"embeddable":true,"href":"http:\/\/klubmamgdynia.pl\/index.php\/wp-json\/wp\/v2\/comments?post=6524"}],"wp:featuredmedia":[{"embeddable":true,"href":"http:\/\/klubmamgdynia.pl\/index.php\/wp-json\/wp\/v2\/media\/6525"}],"wp:attachment":[{"href":"http:\/\/klubmamgdynia.pl\/index.php\/wp-json\/wp\/v2\/media?parent=6524"}],"wp:term":[{"taxonomy":"product_cat","embeddable":true,"href":"http:\/\/klubmamgdynia.pl\/index.php\/wp-json\/wp\/v2\/product_cat?post=6524"},{"taxonomy":"product_tag","embeddable":true,"href":"http:\/\/klubmamgdynia.pl\/index.php\/wp-json\/wp\/v2\/product_tag?post=6524"}],"curies":[{"name":"wp","href":"https:\/\/api.w.org\/{rel}","templated":true}]}}