{"id":6526,"date":"2023-01-30T00:02:55","date_gmt":"2023-01-29T23:02:55","guid":{"rendered":"http:\/\/klubmamgdynia.pl\/?post_type=product&#038;p=6526"},"modified":"2026-05-17T20:45:04","modified_gmt":"2026-05-17T18:45:04","slug":"mamaspapas-torba-airo-grey-marl","status":"publish","type":"product","link":"http:\/\/klubmamgdynia.pl\/index.php\/produkt\/mamaspapas-torba-airo-grey-marl\/","title":{"rendered":"Mamas&amp;Papas Torba Airo Grey Marl"},"content":{"rendered":"<p>producent: Mamas&amp;Papas<\/p>\n<h2>Mamas&amp;Papas Torba Airo Grey Marl Mamas&amp;Papas<\/h2>\n<p>sonia imi\u0119, prezenty dla m\u0142odzie\u017cy, kolorowanka dla dzieci, quiz o kosmosie dla dzieci, zaproszenia na urodziny do wydruku, menu urodzinowe dla dzieci w wieku 8 10 lat, kr\u00f3tkie zagadki, ptak b\u0105k, bajki do czytania psi patrol, ekskluzywny prezent na roczek, p\u0142atki \u015bniegu szablon, zagadka matematyczna dla dzieci, dobre zagadki logiczne, madre zyczenia bozonarodzeniowe, testy z lektury tajemniczy ogr\u00f3d, konie quiz, imi\u0119 mia, znaczenie imienia gabriel, alfons, prezent dla m\u0142odzie\u017cy, atrakcje dla dzieci krak\u00f3w<\/p>\n<p>yyyyy<\/p>\n<p>&nbsp;<\/p>\n","protected":false},"excerpt":{"rendered":"<p>producent: Mamas&amp;Papas Mamas&amp;Papas Torba Airo Grey Marl Mamas&amp;Papas sonia imi\u0119, prezenty dla m\u0142odzie\u017cy, kolorowanka dla dzieci, quiz o kosmosie dla dzieci, zaproszenia na urodziny do wydruku, menu urodzinowe dla dzieci w wieku 8 10 lat, kr\u00f3tkie zagadki, ptak b\u0105k, bajki do czytania psi patrol, ekskluzywny prezent na roczek, p\u0142atki \u015bniegu szablon, zagadka matematyczna dla dzieci, [&hellip;]<\/p>\n","protected":false},"featured_media":6527,"comment_status":"closed","ping_status":"open","template":"","meta":[],"product_cat":[127,1476],"product_tag":[790,599,597,873],"class_list":["post-6526","product","type-product","status-publish","has-post-thumbnail","hentry","product_cat-akcesoria-do-wozkow","product_cat-mamaspapas","product_tag-gry-planszowe-dla-nastolatkow","product_tag-prezent-dla-nastolatkow-2021","product_tag-zagadki-o-zimie","product_tag-zagadki-z-odpowiedziami-dla-dzieci"],"_links":{"self":[{"href":"http:\/\/klubmamgdynia.pl\/index.php\/wp-json\/wp\/v2\/product\/6526","targetHints":{"allow":["GET"]}}],"collection":[{"href":"http:\/\/klubmamgdynia.pl\/index.php\/wp-json\/wp\/v2\/product"}],"about":[{"href":"http:\/\/klubmamgdynia.pl\/index.php\/wp-json\/wp\/v2\/types\/product"}],"replies":[{"embeddable":true,"href":"http:\/\/klubmamgdynia.pl\/index.php\/wp-json\/wp\/v2\/comments?post=6526"}],"wp:featuredmedia":[{"embeddable":true,"href":"http:\/\/klubmamgdynia.pl\/index.php\/wp-json\/wp\/v2\/media\/6527"}],"wp:attachment":[{"href":"http:\/\/klubmamgdynia.pl\/index.php\/wp-json\/wp\/v2\/media?parent=6526"}],"wp:term":[{"taxonomy":"product_cat","embeddable":true,"href":"http:\/\/klubmamgdynia.pl\/index.php\/wp-json\/wp\/v2\/product_cat?post=6526"},{"taxonomy":"product_tag","embeddable":true,"href":"http:\/\/klubmamgdynia.pl\/index.php\/wp-json\/wp\/v2\/product_tag?post=6526"}],"curies":[{"name":"wp","href":"https:\/\/api.w.org\/{rel}","templated":true}]}}