{"id":653,"date":"2018-09-13T00:51:37","date_gmt":"2018-09-12T22:51:37","guid":{"rendered":"http:\/\/klubmamgdynia.pl\/index.php\/produkt\/gra-planszowa-jawa-miedzy-nami-jaskiniowcami\/"},"modified":"2026-04-28T22:37:55","modified_gmt":"2026-04-28T20:37:55","slug":"gra-planszowa-jawa-miedzy-nami-jaskiniowcami","status":"publish","type":"product","link":"http:\/\/klubmamgdynia.pl\/index.php\/produkt\/gra-planszowa-jawa-miedzy-nami-jaskiniowcami\/","title":{"rendered":"Gra planszowa Jawa Mi\u0119dzy Nami Jaskiniowcami"},"content":{"rendered":"<p>Odkryj w sobie pierwotne instynkty, zbuduj plemi\u0119 i pokonaj przeciwnika. Mi\u0119dzy nami Jaskiniowcami to gra kooperacyjna, podczas kt\u00f3rej sprawdzisz swoje zdolno\u015bci strategiczne oraz prze\u0107wiczysz pami\u0119\u0107 i spostrzegawczo\u015b\u0107, poniewa\u017c zawiera ona elementy memory. Brzmi fajnie, prawda? Gwarantujemy rozrywk\u0119 dla ca\u0142ej rodzinyInformacje o produkcieNr katalogowy00727Rodzaj Strategiczne i ekonomiczneRodzinne i towarzyskieMin. liczba graczy 2Max. liczba graczy 4Wersja j\u0119zykowa PolskaWymagania wiekowe od 12 latP\u0142e\u0107 Ch\u0142opcyDziewczynkiProdukt na baterie NieBaterie w zestawie NieZasilanie Nie dotyczyPozosta\u0142e parametryWymiary opakowania: 510 x 255 x 365 mm<\/p>\n<h2>Gra planszowa Jawa Mi\u0119dzy Nami Jaskiniowcami Jawa<\/h2>\n<p>lew czarownica i stara szafa test, kartka walentynkowa r\u0119cznie robiona \u0142atwa, lego ninjago kolorowanki, jednorozec z dyni, konkurs dla dzieci, najpi\u0119kniejsze cytaty o przyja\u017ani, chase kolorowanka, pisanie po \u015bladzie do druku pdf, lol surprise kolorowanka<\/p>\n<p>yyyyy<\/p>\n<p>&nbsp;<\/p>\n","protected":false},"excerpt":{"rendered":"<p>Odkryj w sobie pierwotne instynkty, zbuduj plemi\u0119 i pokonaj przeciwnika. Mi\u0119dzy nami Jaskiniowcami to gra kooperacyjna, podczas kt\u00f3rej sprawdzisz swoje zdolno\u015bci strategiczne oraz prze\u0107wiczysz pami\u0119\u0107 i spostrzegawczo\u015b\u0107, poniewa\u017c zawiera ona elementy memory. Brzmi fajnie, prawda? Gwarantujemy rozrywk\u0119 dla ca\u0142ej rodzinyInformacje o produkcieNr katalogowy00727Rodzaj Strategiczne i ekonomiczneRodzinne i towarzyskieMin. liczba graczy 2Max. liczba graczy 4Wersja j\u0119zykowa [&hellip;]<\/p>\n","protected":false},"featured_media":654,"comment_status":"closed","ping_status":"open","template":"","meta":[],"product_cat":[235,228],"product_tag":[844,710,635],"class_list":["post-653","product","type-product","status-publish","has-post-thumbnail","hentry","product_cat-gry-planszowe","product_cat-jawa","product_tag-co-kupic-na-roczek","product_tag-zagadki-dla-dzieci-10-12-lat","product_tag-znaki-drogowe-do-druku"],"_links":{"self":[{"href":"http:\/\/klubmamgdynia.pl\/index.php\/wp-json\/wp\/v2\/product\/653","targetHints":{"allow":["GET"]}}],"collection":[{"href":"http:\/\/klubmamgdynia.pl\/index.php\/wp-json\/wp\/v2\/product"}],"about":[{"href":"http:\/\/klubmamgdynia.pl\/index.php\/wp-json\/wp\/v2\/types\/product"}],"replies":[{"embeddable":true,"href":"http:\/\/klubmamgdynia.pl\/index.php\/wp-json\/wp\/v2\/comments?post=653"}],"wp:featuredmedia":[{"embeddable":true,"href":"http:\/\/klubmamgdynia.pl\/index.php\/wp-json\/wp\/v2\/media\/654"}],"wp:attachment":[{"href":"http:\/\/klubmamgdynia.pl\/index.php\/wp-json\/wp\/v2\/media?parent=653"}],"wp:term":[{"taxonomy":"product_cat","embeddable":true,"href":"http:\/\/klubmamgdynia.pl\/index.php\/wp-json\/wp\/v2\/product_cat?post=653"},{"taxonomy":"product_tag","embeddable":true,"href":"http:\/\/klubmamgdynia.pl\/index.php\/wp-json\/wp\/v2\/product_tag?post=653"}],"curies":[{"name":"wp","href":"https:\/\/api.w.org\/{rel}","templated":true}]}}