{"id":6540,"date":"2021-12-23T20:51:21","date_gmt":"2021-12-23T19:51:21","guid":{"rendered":"http:\/\/klubmamgdynia.pl\/index.php\/produkt\/babymam-becik-rozek-niemowlecy-bawelna-dwustronny\/"},"modified":"2026-05-17T22:53:41","modified_gmt":"2026-05-17T20:53:41","slug":"babymam-becik-rozek-niemowlecy-bawelna-dwustronny","status":"publish","type":"product","link":"http:\/\/klubmamgdynia.pl\/index.php\/produkt\/babymam-becik-rozek-niemowlecy-bawelna-dwustronny\/","title":{"rendered":"Babymam Becik Ro\u017cek Niemowl\u0119cy Bawe\u0142na Dwustronny"},"content":{"rendered":"<p>Ro\u017cek Bawe\u0142niany marki BabymamWz\u00f3r: MORSKIE PRZEDSZKOLE + SZA\u0141WIOWY G\u0141ADKIWymiar: 80&#215;80 cmMi\u0119kki ro\u017cek wykonany ze 100% bawe\u0142ny wysokiej jako\u015bci.Becik milutko otuli nowo narodzonego bobaska daj\u0105c mu poczucie bezpiecze\u0144stwa. Nasz ro\u017cek mo\u017ce tak\u017ce pe\u0142ni\u0107 rol\u0119 dwustronnej ko\u0142derki, kocyka niezb\u0119dnego w podr\u00f3\u017cy lub podczas pikniku.Bogactwo kolorystyczne pozwoli znale\u017a\u0107 odpowiedni klimat dla Twojego dziecka.Ro\u017cki wykonane s\u0105 z najwy\u017cszej jako\u015bci tkanin spe\u0142niaj\u0105cych standardy bezpiecze\u0144stwa oraz normy \u00d6KO-TEX.Zalety naszego ro\u017cka:Ro\u017cek jest zapinany na rzep.Nie ma mo\u017cliwo\u015bci podra\u017cnienia dziecka poniewa\u017c zapinanie jest po stronie zewn\u0119trznej.Mo\u017cna go pra\u0107 w pralce w 40 stopniach.Posiada mocne szwy.Przeznaczenia dla noworodk\u00f3w (brak lu\u017anych element\u00f3w).Becik zosta\u0142 zaprojektowany z dba\u0142o\u015bci\u0105 o szczeg\u00f3\u0142y aby by\u0142 bezpieczny dla dziecka i wygodny w u\u017cytkowaniu dla rodzic\u00f3w.Jest \u0142atwy w utrzymaniu czysto\u015bci, szybko schnie.Po praniu zachowuje swoj\u0105 g\u0142adko\u015b\u0107 i spr\u0119\u017cysto\u015b\u0107, nie mnie si\u0119.Jest produkowany w Polsce.Wymiary: 80&#215;80 cm (+\/- 3cm).Babymam to polska marka, kt\u00f3ra powsta\u0142a aby wspiera\u0107 rozw\u00f3j Twojego male\u0144stwa podczas snu \u2013 najwa\u017cniejszej czynno\u015bci, kt\u00f3ra jest niezb\u0119dna dla wczesnego wzrostu. \u0141\u00f3\u017ceczko to pierwsze miejsce, w kt\u00f3rym dziecko mo\u017ce odkrywa\u0107 \u015bwiat.Poczucie ciep\u0142a i bezpiecze\u0144stwa to podstawa rozwijania osobowo\u015bci. Zdolno\u015b\u0107 uczenia si\u0119 polega w du\u017cej mierze na pewno\u015bci siebie jak\u0105 dziecko zdobywa poprzez najsubtelniejsze czynniki dotykaj\u0105c je bezpo\u015brednio<\/p>\n<h2>Babymam Becik Ro\u017cek Niemowl\u0119cy Bawe\u0142na Dwustronny Babymam<\/h2>\n<p>pomys\u0142 na prezent dla 7 latki, transformers kolorowanka, kolorowanki andrzejkowe, zgadywanki dla dzieci, szablon krokus kolorowanka, quiz pi\u0142karski, kolorowanki do druku super zings, smieszne zagadki, ksi\u0105\u017cka dla dzieci online, plan lekcji do druku<\/p>\n<p>yyyyy<\/p>\n<p>&nbsp;<\/p>\n","protected":false},"excerpt":{"rendered":"<p>Ro\u017cek Bawe\u0142niany marki BabymamWz\u00f3r: MORSKIE PRZEDSZKOLE + SZA\u0141WIOWY G\u0141ADKIWymiar: 80&#215;80 cmMi\u0119kki ro\u017cek wykonany ze 100% bawe\u0142ny wysokiej jako\u015bci.Becik milutko otuli nowo narodzonego bobaska daj\u0105c mu poczucie bezpiecze\u0144stwa. Nasz ro\u017cek mo\u017ce tak\u017ce pe\u0142ni\u0107 rol\u0119 dwustronnej ko\u0142derki, kocyka niezb\u0119dnego w podr\u00f3\u017cy lub podczas pikniku.Bogactwo kolorystyczne pozwoli znale\u017a\u0107 odpowiedni klimat dla Twojego dziecka.Ro\u017cki wykonane s\u0105 z najwy\u017cszej jako\u015bci [&hellip;]<\/p>\n","protected":false},"featured_media":6541,"comment_status":"closed","ping_status":"open","template":"","meta":[],"product_cat":[1477,1437],"product_tag":[686,729,741,811,607,805],"class_list":["post-6540","product","type-product","status-publish","has-post-thumbnail","hentry","product_cat-babymam","product_cat-rozki-i-beciki","product_tag-co-na-roczek-dla-chlopca","product_tag-madre-bajki-dla-dzieci-do-czytania","product_tag-wlochy","product_tag-zagadki-logiczne-dla-dzieci","product_tag-zarty-na-prima-aprilis-dla-rodzicow","product_tag-znaczenie-imienia-alan"],"_links":{"self":[{"href":"http:\/\/klubmamgdynia.pl\/index.php\/wp-json\/wp\/v2\/product\/6540","targetHints":{"allow":["GET"]}}],"collection":[{"href":"http:\/\/klubmamgdynia.pl\/index.php\/wp-json\/wp\/v2\/product"}],"about":[{"href":"http:\/\/klubmamgdynia.pl\/index.php\/wp-json\/wp\/v2\/types\/product"}],"replies":[{"embeddable":true,"href":"http:\/\/klubmamgdynia.pl\/index.php\/wp-json\/wp\/v2\/comments?post=6540"}],"wp:featuredmedia":[{"embeddable":true,"href":"http:\/\/klubmamgdynia.pl\/index.php\/wp-json\/wp\/v2\/media\/6541"}],"wp:attachment":[{"href":"http:\/\/klubmamgdynia.pl\/index.php\/wp-json\/wp\/v2\/media?parent=6540"}],"wp:term":[{"taxonomy":"product_cat","embeddable":true,"href":"http:\/\/klubmamgdynia.pl\/index.php\/wp-json\/wp\/v2\/product_cat?post=6540"},{"taxonomy":"product_tag","embeddable":true,"href":"http:\/\/klubmamgdynia.pl\/index.php\/wp-json\/wp\/v2\/product_tag?post=6540"}],"curies":[{"name":"wp","href":"https:\/\/api.w.org\/{rel}","templated":true}]}}