{"id":6556,"date":"2019-10-16T16:48:36","date_gmt":"2019-10-16T14:48:36","guid":{"rendered":"http:\/\/klubmamgdynia.pl\/index.php\/produkt\/klein-wywrotka-multi-truck-z-klockami-wader-32330\/"},"modified":"2026-04-03T21:21:40","modified_gmt":"2026-04-03T19:21:40","slug":"klein-wywrotka-multi-truck-z-klockami-wader-32330","status":"publish","type":"product","link":"http:\/\/klubmamgdynia.pl\/index.php\/produkt\/klein-wywrotka-multi-truck-z-klockami-wader-32330\/","title":{"rendered":"Klein Wywrotka Multi Truck Z Klockami Wader 32330"},"content":{"rendered":"<p>Opis produktu Multi Truck Wywrotka z Klockami to 38-centymetrowy pojazd o wytrzyma\u0142ej konstrukcji, kt\u00f3ry pokona wszelkie trudno\u015bci terenu \u2013 kamienie, patyki, suchy piasek i wod\u0119. Wywrotka posiada podnoszon\u0105 i opuszczan\u0105 skrzyni\u0119 \u0142adunkow\u0105, na kt\u00f3rej mo\u017cna przewozi\u0107 materia\u0142y do budowy, klocki lub ulubionego pluszaka. W komplecie z pojazdem jest zestaw r\u00f3\u017cnokolorowych klock\u00f3w mini. Ca\u0142o\u015b\u0107 stanowi lekk\u0105 i wytrzyma\u0142\u0105, starannie wyko\u0144czon\u0105 konstrukcj\u0119 odporn\u0105 na dzia\u0142anie r\u00f3\u017cnych warunk\u00f3w atmosferycznych, dzi\u0119ki czemu zabawka idealnie spe\u0142ni swoje zadanie na pla\u017cy, w domu czy w piaskownicy. https:\/\/youtu.be\/4Co3nvOCFP0 Opis techniczny lekka konstrukcja o du\u017cej wytrzyma\u0142o\u015bci zestaw sk\u0142ada si\u0119 z pojazdu wywrotki o d\u0142ugo\u015bci 38 cm i kompletu klock\u00f3w mini ruchoma skrzynia \u0142adunkowa wywrotki (podnosi si\u0119 i opuszcza) wykonana z trwa\u0142ego i wytrzyma\u0142ego na warunki atmosferyczne, nietoksycznego i bezpiecznego dla dzieci tworzywa; wyprodukowana zgodnie z normami unijnymi odpowiedni dla dzieci 1+<\/p>\n<h2>Klein Wywrotka Multi Truck Z Klockami Wader 32330 Klein<\/h2>\n<p>znajd\u017a r\u00f3\u017cnice, jak narysowa\u0107 konia, koty kolorowanki do druku, myszka minnie kolorowanka, niespotykane imiona \u017ce\u0144skie, kolorowanki dla dzieci do druku, na roczek dla ch\u0142opca, atrakcje warszawa dla dzieci, wzory dyplom\u00f3w do pobrania, nowe quizy do rozwi\u0105zania, kr\u00f3tkie zagadki dla doros\u0142ych, wzruszajace cytaty o rodzinie, quiz o bo\u017cym narodzeniu, alfons, proste zagadki, prima aprilis \u017carty dla rodzic\u00f3w, bajka o smoku wawelskim, nietypowe atrakcje dla dzieci, wzruszaj\u0105c\u0105 piosenka dla taty<\/p>\n<p>yyyyy<\/p>\n<p>&nbsp;<\/p>\n","protected":false},"excerpt":{"rendered":"<p>Opis produktu Multi Truck Wywrotka z Klockami to 38-centymetrowy pojazd o wytrzyma\u0142ej konstrukcji, kt\u00f3ry pokona wszelkie trudno\u015bci terenu \u2013 kamienie, patyki, suchy piasek i wod\u0119. Wywrotka posiada podnoszon\u0105 i opuszczan\u0105 skrzyni\u0119 \u0142adunkow\u0105, na kt\u00f3rej mo\u017cna przewozi\u0107 materia\u0142y do budowy, klocki lub ulubionego pluszaka. W komplecie z pojazdem jest zestaw r\u00f3\u017cnokolorowych klock\u00f3w mini. Ca\u0142o\u015b\u0107 stanowi lekk\u0105 [&hellip;]<\/p>\n","protected":false},"featured_media":6557,"comment_status":"closed","ping_status":"open","template":"","meta":[],"product_cat":[83,52],"product_tag":[871,868,576],"class_list":["post-6556","product","type-product","status-publish","has-post-thumbnail","hentry","product_cat-auta-i-inne-pojazdy-do-zabawy","product_cat-klein","product_tag-bajka-o-smoku-wawelskim","product_tag-quizy-dla-dzieci","product_tag-trudne-zagadki"],"_links":{"self":[{"href":"http:\/\/klubmamgdynia.pl\/index.php\/wp-json\/wp\/v2\/product\/6556","targetHints":{"allow":["GET"]}}],"collection":[{"href":"http:\/\/klubmamgdynia.pl\/index.php\/wp-json\/wp\/v2\/product"}],"about":[{"href":"http:\/\/klubmamgdynia.pl\/index.php\/wp-json\/wp\/v2\/types\/product"}],"replies":[{"embeddable":true,"href":"http:\/\/klubmamgdynia.pl\/index.php\/wp-json\/wp\/v2\/comments?post=6556"}],"wp:featuredmedia":[{"embeddable":true,"href":"http:\/\/klubmamgdynia.pl\/index.php\/wp-json\/wp\/v2\/media\/6557"}],"wp:attachment":[{"href":"http:\/\/klubmamgdynia.pl\/index.php\/wp-json\/wp\/v2\/media?parent=6556"}],"wp:term":[{"taxonomy":"product_cat","embeddable":true,"href":"http:\/\/klubmamgdynia.pl\/index.php\/wp-json\/wp\/v2\/product_cat?post=6556"},{"taxonomy":"product_tag","embeddable":true,"href":"http:\/\/klubmamgdynia.pl\/index.php\/wp-json\/wp\/v2\/product_tag?post=6556"}],"curies":[{"name":"wp","href":"https:\/\/api.w.org\/{rel}","templated":true}]}}