{"id":657,"date":"2023-06-16T05:51:11","date_gmt":"2023-06-16T03:51:11","guid":{"rendered":"http:\/\/klubmamgdynia.pl\/?post_type=product&#038;p=657"},"modified":"2026-04-24T14:54:49","modified_gmt":"2026-04-24T12:54:49","slug":"cartamundi-color-addict-kids","status":"publish","type":"product","link":"http:\/\/klubmamgdynia.pl\/index.php\/produkt\/cartamundi-color-addict-kids\/","title":{"rendered":"Cartamundi Color Addict Kids"},"content":{"rendered":"<p>Gra Color Addict Kids (PL)Color Addict Kids Znasz Color Addict? To jest wersja dla najm\u0142odszych! Kolorowa gra karciana, kt\u00f3ra idealnie sprawdzi si\u0119 na rodzinnych wieczorach, placu zabaw, w parku i jako szybka rozrywka podczas szkolnych przerw! Pozb\u0105d\u017a si\u0119 jak najszybciej wszystkich kart z r\u0119ki, zagrywaj\u0105c w\u0142a\u015bciwy kolor lub w\u0142a\u015bciwy kszta\u0142t albo obydwa i na odwr\u00f3t&#8230; OSTRZEGAMY: ta gra jest bardzo uzale\u017cniaj\u0105ca! Nie nadaje si\u0119 dla \u017c\u00f3\u0142todziob\u00f3w, kanciastych, zielonych z zazdro\u015bci, bezbarwnych, czarnowidz\u0105cych i nosz\u0105cych r\u00f3\u017cowe okulary&#8230;Informacje o produkcieNr katalogowy01211Marka BrakRodzaj Rodzinne i towarzyskieMin. liczba graczy 2Max. liczba graczy 4Czas gry 15 minWersja j\u0119zykowa PolskaWymagania wiekowe od 3 latP\u0142e\u0107 Ch\u0142opcyDziewczynkiProdukt na baterie NieBaterie w zestawie NieZasilanie Nie dotyczy<\/p>\n<h2>Cartamundi Color Addict Kids Cartamundi<\/h2>\n<p>wiersze o wakacjach, maski do druku kolorowe, zagadki dla dzieci 5 lat, prezent dla 15 latki 2021<\/p>\n<p>yyyyy<\/p>\n<p>&nbsp;<\/p>\n","protected":false},"excerpt":{"rendered":"<p>Gra Color Addict Kids (PL)Color Addict Kids Znasz Color Addict? To jest wersja dla najm\u0142odszych! Kolorowa gra karciana, kt\u00f3ra idealnie sprawdzi si\u0119 na rodzinnych wieczorach, placu zabaw, w parku i jako szybka rozrywka podczas szkolnych przerw! Pozb\u0105d\u017a si\u0119 jak najszybciej wszystkich kart z r\u0119ki, zagrywaj\u0105c w\u0142a\u015bciwy kolor lub w\u0142a\u015bciwy kszta\u0142t albo obydwa i na odwr\u00f3t&#8230; [&hellip;]<\/p>\n","protected":false},"featured_media":658,"comment_status":"closed","ping_status":"open","template":"","meta":[],"product_cat":[224,130],"product_tag":[642,795,621,632,779],"class_list":["post-657","product","type-product","status-publish","has-post-thumbnail","hentry","product_cat-cartamundi","product_cat-gry-dzieciece","product_tag-mia-imie","product_tag-mini-zoo-warszawa","product_tag-prezenty-roczek","product_tag-warszawa-atrakcje-dla-mlodziezy","product_tag-zarty-na-prima-aprilis-w-domu"],"_links":{"self":[{"href":"http:\/\/klubmamgdynia.pl\/index.php\/wp-json\/wp\/v2\/product\/657","targetHints":{"allow":["GET"]}}],"collection":[{"href":"http:\/\/klubmamgdynia.pl\/index.php\/wp-json\/wp\/v2\/product"}],"about":[{"href":"http:\/\/klubmamgdynia.pl\/index.php\/wp-json\/wp\/v2\/types\/product"}],"replies":[{"embeddable":true,"href":"http:\/\/klubmamgdynia.pl\/index.php\/wp-json\/wp\/v2\/comments?post=657"}],"wp:featuredmedia":[{"embeddable":true,"href":"http:\/\/klubmamgdynia.pl\/index.php\/wp-json\/wp\/v2\/media\/658"}],"wp:attachment":[{"href":"http:\/\/klubmamgdynia.pl\/index.php\/wp-json\/wp\/v2\/media?parent=657"}],"wp:term":[{"taxonomy":"product_cat","embeddable":true,"href":"http:\/\/klubmamgdynia.pl\/index.php\/wp-json\/wp\/v2\/product_cat?post=657"},{"taxonomy":"product_tag","embeddable":true,"href":"http:\/\/klubmamgdynia.pl\/index.php\/wp-json\/wp\/v2\/product_tag?post=657"}],"curies":[{"name":"wp","href":"https:\/\/api.w.org\/{rel}","templated":true}]}}