{"id":6570,"date":"2023-11-22T21:11:33","date_gmt":"2023-11-22T20:11:33","guid":{"rendered":"http:\/\/klubmamgdynia.pl\/?post_type=product&#038;p=6570"},"modified":"2026-04-07T00:07:01","modified_gmt":"2026-04-06T22:07:01","slug":"figurka-saekano-utaha-kasumigaoka-44-cm","status":"publish","type":"product","link":"http:\/\/klubmamgdynia.pl\/index.php\/produkt\/figurka-saekano-utaha-kasumigaoka-44-cm\/","title":{"rendered":"Figurka Saekano: Utaha Kasumigaoka 44 cm"},"content":{"rendered":"<p>Kto nie lubi kostium\u00f3w kr\u00f3liczka? Figurka w skali 1\/4 idealnie odwzorowuje posta\u0107 z SaeKano! Prawdziwa gratka dla fana, kt\u00f3ra b\u0119dzie dum\u0105 swojego posiadacza!Seria: How To Raise A Boring Girlfriend?Posta\u0107: Utaha KasumigaokaWydanie: PVC Bunnysuit ver. Bare Leg 1\/4Wysoko\u015b\u0107 figurki: 44cmProducent: FreeIng+Produkt jest oryginalny, licencjonowany.<\/p>\n<h2>Figurka Saekano: Utaha Kasumigaoka 44 cm <\/h2>\n<p>\u0142amig\u0142\u00f3wki dla dzieci do druku, otto, prezent dla dziecka 1 rok, \u015bwi\u0119ta wielkanocne piosenka tekst, proste zagadki, pisanie po \u015bladzie do druku pdf, bajka o poci\u0105gu do czytania, liwia, gad\u017cety dla nastolatek, uk\u0142ad s\u0142oneczny dla dzieci, wroc\u0142aw atrakcje dla dzieci 2021, kawaly na prima aprilis, matylda imie, test z lektury opowie\u015bci z narnii lew czarownica i stara szafa, \u015bwinka peppa bajka do czytania, tekst ko\u0142ysanki<\/p>\n<p>yyyyy<\/p>\n<p>&nbsp;<\/p>\n","protected":false},"excerpt":{"rendered":"<p>Kto nie lubi kostium\u00f3w kr\u00f3liczka? Figurka w skali 1\/4 idealnie odwzorowuje posta\u0107 z SaeKano! Prawdziwa gratka dla fana, kt\u00f3ra b\u0119dzie dum\u0105 swojego posiadacza!Seria: How To Raise A Boring Girlfriend?Posta\u0107: Utaha KasumigaokaWydanie: PVC Bunnysuit ver. Bare Leg 1\/4Wysoko\u015b\u0107 figurki: 44cmProducent: FreeIng+Produkt jest oryginalny, licencjonowany. Figurka Saekano: Utaha Kasumigaoka 44 cm \u0142amig\u0142\u00f3wki dla dzieci do druku, otto, [&hellip;]<\/p>\n","protected":false},"featured_media":6571,"comment_status":"closed","ping_status":"open","template":"","meta":[],"product_cat":[97],"product_tag":[696,620,653,607],"class_list":["post-6570","product","type-product","status-publish","has-post-thumbnail","hentry","product_cat-figurki-kolekcjonerskie","product_tag-film-rodzinny-o-swietach","product_tag-quiz-opowiesci-z-narnii","product_tag-warszawa-dla-dzieci","product_tag-zarty-na-prima-aprilis-dla-rodzicow"],"_links":{"self":[{"href":"http:\/\/klubmamgdynia.pl\/index.php\/wp-json\/wp\/v2\/product\/6570","targetHints":{"allow":["GET"]}}],"collection":[{"href":"http:\/\/klubmamgdynia.pl\/index.php\/wp-json\/wp\/v2\/product"}],"about":[{"href":"http:\/\/klubmamgdynia.pl\/index.php\/wp-json\/wp\/v2\/types\/product"}],"replies":[{"embeddable":true,"href":"http:\/\/klubmamgdynia.pl\/index.php\/wp-json\/wp\/v2\/comments?post=6570"}],"wp:featuredmedia":[{"embeddable":true,"href":"http:\/\/klubmamgdynia.pl\/index.php\/wp-json\/wp\/v2\/media\/6571"}],"wp:attachment":[{"href":"http:\/\/klubmamgdynia.pl\/index.php\/wp-json\/wp\/v2\/media?parent=6570"}],"wp:term":[{"taxonomy":"product_cat","embeddable":true,"href":"http:\/\/klubmamgdynia.pl\/index.php\/wp-json\/wp\/v2\/product_cat?post=6570"},{"taxonomy":"product_tag","embeddable":true,"href":"http:\/\/klubmamgdynia.pl\/index.php\/wp-json\/wp\/v2\/product_tag?post=6570"}],"curies":[{"name":"wp","href":"https:\/\/api.w.org\/{rel}","templated":true}]}}