{"id":6574,"date":"2021-02-28T08:37:21","date_gmt":"2021-02-28T07:37:21","guid":{"rendered":"http:\/\/klubmamgdynia.pl\/index.php\/produkt\/wood-luck-design-river-szuflada-90x200\/"},"modified":"2026-04-06T17:28:24","modified_gmt":"2026-04-06T15:28:24","slug":"wood-luck-design-river-szuflada-90x200","status":"publish","type":"product","link":"http:\/\/klubmamgdynia.pl\/index.php\/produkt\/wood-luck-design-river-szuflada-90x200\/","title":{"rendered":"Wood Luck Design River Szuflada 90X200"},"content":{"rendered":"<p>Szuflada pasuj\u0105ca do \u0142\u00f3\u017cka\/ sofy 90 x 200 cm opr\u00f3cz miejsca do przechowywania (po\u015bcieli, zabawek etc.) mo\u017ce pe\u0142ni\u0107 funkcj\u0119 dodatkowego miejsca do spania. Dno szuflady wykonane jest z p\u0142yty meblowej z niewielkimi dziurkami. Do szuflady pasuje materac o wymiarze 80\u00d7190 cm. Maksymalna wysoko\u015b\u0107 materaca to 13cm. Materia\u0142: meble wykonane s\u0105 z najwy\u017cszej klasy sklejki brzozowej (certyfikat carb) oraz z p\u0142yty MDF produkowanej zgodnie z norm\u0105 EN71\/3 \u2013 norma dotycz\u0105ca mebli dzieci\u0119cych oraz zabawek \/ kolor drewna (sklejki) mo\u017ce w rzeczywisto\u015bci posiada\u0107 inny odcie\u0144 a poszczeg\u00f3lne elementy mog\u0105 r\u00f3\u017cni\u0107 si\u0119 od siebie nawzajem. Wyko\u0144czenie: lakier wodny \u2013 bezpieczny dla dziecka \u2013 posiadaj\u0105cy certyfikaty na zgodno\u015b\u0107 z norm\u0105 EN71\/3 \u2013 norma dotycz\u0105ca mebli dzieci\u0119cych oraz zabawek Spos\u00f3b u\u017cytkowania: meble nale\u017cy przeciera\u0107 wilgotn\u0105 szmatk\u0105 Inne: meble wysy\u0142ane s\u0105 w paczkach do samodzielnego monta\u017cu. Do\u0142\u0105czona instrukcja monta\u017cu przedstawia krok po kroku jak nale\u017cy zmontowa\u0107 dany mebel Dostawa do 7 dni<\/p>\n<h2>Wood Luck Design River Szuflada 90X200 <\/h2>\n<p>kolorowanki wakacyjne, quizy dla dzieci z bajek, prezent dla dwunastolatka, kundel bury tekst, nauka zegara do druku pdf, bajka do czytania na dobranoc, test miko\u0142ajek 25 pyta\u0144, imiona dla ch\u0142opc\u00f3w, testy z lektury opowie\u015bci z narnii lew czarownica i stara szafa, mitologia grecka test wiedzy, \u015bmigus dyngus lany poniedzia\u0142ek zyczenia, lew czarownica i stara szafa test<\/p>\n<p>yyyyy<\/p>\n<p>&nbsp;<\/p>\n","protected":false},"excerpt":{"rendered":"<p>Szuflada pasuj\u0105ca do \u0142\u00f3\u017cka\/ sofy 90 x 200 cm opr\u00f3cz miejsca do przechowywania (po\u015bcieli, zabawek etc.) mo\u017ce pe\u0142ni\u0107 funkcj\u0119 dodatkowego miejsca do spania. Dno szuflady wykonane jest z p\u0142yty meblowej z niewielkimi dziurkami. Do szuflady pasuje materac o wymiarze 80\u00d7190 cm. Maksymalna wysoko\u015b\u0107 materaca to 13cm. Materia\u0142: meble wykonane s\u0105 z najwy\u017cszej klasy sklejki brzozowej [&hellip;]<\/p>\n","protected":false},"featured_media":6575,"comment_status":"closed","ping_status":"open","template":"","meta":[],"product_cat":[949],"product_tag":[664,817,706,858,756],"class_list":["post-6574","product","type-product","status-publish","has-post-thumbnail","hentry","product_cat-akcesoria-do-mebli-dzieciecych","product_tag-atrakcje-dla-dzieci-trojmiasto","product_tag-bajka-terapeutyczna-o-emocjach","product_tag-imie-kuba","product_tag-podchwytliwe-zagadki","product_tag-zaproszenie-na-urodziny-do-druku"],"_links":{"self":[{"href":"http:\/\/klubmamgdynia.pl\/index.php\/wp-json\/wp\/v2\/product\/6574","targetHints":{"allow":["GET"]}}],"collection":[{"href":"http:\/\/klubmamgdynia.pl\/index.php\/wp-json\/wp\/v2\/product"}],"about":[{"href":"http:\/\/klubmamgdynia.pl\/index.php\/wp-json\/wp\/v2\/types\/product"}],"replies":[{"embeddable":true,"href":"http:\/\/klubmamgdynia.pl\/index.php\/wp-json\/wp\/v2\/comments?post=6574"}],"wp:featuredmedia":[{"embeddable":true,"href":"http:\/\/klubmamgdynia.pl\/index.php\/wp-json\/wp\/v2\/media\/6575"}],"wp:attachment":[{"href":"http:\/\/klubmamgdynia.pl\/index.php\/wp-json\/wp\/v2\/media?parent=6574"}],"wp:term":[{"taxonomy":"product_cat","embeddable":true,"href":"http:\/\/klubmamgdynia.pl\/index.php\/wp-json\/wp\/v2\/product_cat?post=6574"},{"taxonomy":"product_tag","embeddable":true,"href":"http:\/\/klubmamgdynia.pl\/index.php\/wp-json\/wp\/v2\/product_tag?post=6574"}],"curies":[{"name":"wp","href":"https:\/\/api.w.org\/{rel}","templated":true}]}}