{"id":6578,"date":"2022-12-14T07:27:02","date_gmt":"2022-12-14T06:27:02","guid":{"rendered":"http:\/\/klubmamgdynia.pl\/?post_type=product&#038;p=6578"},"modified":"2026-05-17T23:08:40","modified_gmt":"2026-05-17T21:08:40","slug":"pinio-swing-szuflada-do-lozka-200x90","status":"publish","type":"product","link":"http:\/\/klubmamgdynia.pl\/index.php\/produkt\/pinio-swing-szuflada-do-lozka-200x90\/","title":{"rendered":"Pinio Swing szuflada do \u0142\u00f3\u017cka 200&#215;90"},"content":{"rendered":"<p>Prostota, minimalizm i klasyczna forma nawi\u0105zuj\u0105ca do lat 60-tych w jednym. Nowa kolekcja Swing w stylu retro. Swing to kolekcja w stylu retro nawi\u0105zuj\u0105ca swoj\u0105 form\u0105 do lat 60-tych. Idealnie \u0142\u0105czy w sobie klasyk\u0119 z nowoczesno\u015bci\u0105, nadaj\u0105c wn\u0119trzu niepowtarzalnego charakteru. Po\u0142\u0105czenie klasycznej bieli z naturalnymi drewnianymi n\u00f3\u017ckami tworzy wra\u017cenie ciep\u0142a i przytulno\u015bci. Nowe, oryginalne bry\u0142y pozwalaj\u0105 na du\u017co mo\u017cliwo\u015bci aran\u017cacji, kt\u00f3ra nie musi ko\u0144czy\u0107 si\u0119 w pokoju dzieci\u0119cym. Komody i rega\u0142y z tej kolekcji doskonale sprawdz\u0105 si\u0119 w doros\u0142ych wn\u0119trzach. Dane techniczne materia\u0142: MDF, p\u0142yta laminowanakolor: bia\u0142ywymiary w cm d\u0142ugo\u015b\u0107 \/ szeroko\u015b\u0107 \/ wysoko\u015b\u0107: 199\/94\/18 cm Opis produktu Szuflada do \u0142\u00f3\u017cka 200x90cm MDF to wytrzyma\u0142y, praktyczny i pojemny schowek, kt\u00f3ry zmie\u015bci po\u015bciel oraz wszelkie niezb\u0119dne rzeczy a nawet zabawki dziecka. Szuflada wyposa\u017cona jest w k\u00f3\u0142ka, kt\u00f3re umo\u017cliwiaj\u0105 ciche i wygodne wysuwanie. Materia\u0142 i wykonanie Wykonana jest z p\u0142yty MDF (fronty) oraz z p\u0142yty meblowej (boki i dno). Wyst\u0119puje w kolorach bia\u0142ym. Pasuje zar\u00f3wno do \u0142\u00f3\u017ceczka dla ch\u0142opca, jak i dziewczynki. Produkt do samodzielnego monta\u017cu.<\/p>\n<h2>Pinio Swing szuflada do \u0142\u00f3\u017cka 200&#215;90 Pinio<\/h2>\n<p>prezent pod choink\u0119 dla 7 letniej dziewczynki, zabawki na roczek, jak zrobi\u0107 wulkan, m\u0105dre bajki dla dzieci do czytania, pierwsze urodziny prezent na roczek dla ch\u0142opca, audiobooki dla dzieci za darmo, pranki na prima aprilis dla rodzic\u00f3w, zagadki na inteligencj\u0119, ach \u015bpij kochanie tekst, zagadki logiczne i odpowiedzi, maska psi patrol do druku, babciu droga babciu tekst, bajka o kreciku, zagadka matematyczna, super zings kolorowanka, zagadki logiczne na inteligencj\u0119, zagadki na myslenie, \u015bwinka peppa kolorowanka, skye psi patrol kolorowanka, \u0142amig\u0142\u00f3wki dla dzieci, kotek kolorowanka<\/p>\n<p>yyyyy<\/p>\n<p>&nbsp;<\/p>\n","protected":false},"excerpt":{"rendered":"<p>Prostota, minimalizm i klasyczna forma nawi\u0105zuj\u0105ca do lat 60-tych w jednym. Nowa kolekcja Swing w stylu retro. Swing to kolekcja w stylu retro nawi\u0105zuj\u0105ca swoj\u0105 form\u0105 do lat 60-tych. Idealnie \u0142\u0105czy w sobie klasyk\u0119 z nowoczesno\u015bci\u0105, nadaj\u0105c wn\u0119trzu niepowtarzalnego charakteru. Po\u0142\u0105czenie klasycznej bieli z naturalnymi drewnianymi n\u00f3\u017ckami tworzy wra\u017cenie ciep\u0142a i przytulno\u015bci. Nowe, oryginalne bry\u0142y [&hellip;]<\/p>\n","protected":false},"featured_media":6579,"comment_status":"closed","ping_status":"open","template":"","meta":[],"product_cat":[949,983],"product_tag":[722,673,742],"class_list":["post-6578","product","type-product","status-publish","has-post-thumbnail","hentry","product_cat-akcesoria-do-mebli-dzieciecych","product_cat-pinio","product_tag-cytaty-o-przyjazni","product_tag-juz-blisko-koleda-tekst","product_tag-piosenki-dla-dzieci-tekst"],"_links":{"self":[{"href":"http:\/\/klubmamgdynia.pl\/index.php\/wp-json\/wp\/v2\/product\/6578","targetHints":{"allow":["GET"]}}],"collection":[{"href":"http:\/\/klubmamgdynia.pl\/index.php\/wp-json\/wp\/v2\/product"}],"about":[{"href":"http:\/\/klubmamgdynia.pl\/index.php\/wp-json\/wp\/v2\/types\/product"}],"replies":[{"embeddable":true,"href":"http:\/\/klubmamgdynia.pl\/index.php\/wp-json\/wp\/v2\/comments?post=6578"}],"wp:featuredmedia":[{"embeddable":true,"href":"http:\/\/klubmamgdynia.pl\/index.php\/wp-json\/wp\/v2\/media\/6579"}],"wp:attachment":[{"href":"http:\/\/klubmamgdynia.pl\/index.php\/wp-json\/wp\/v2\/media?parent=6578"}],"wp:term":[{"taxonomy":"product_cat","embeddable":true,"href":"http:\/\/klubmamgdynia.pl\/index.php\/wp-json\/wp\/v2\/product_cat?post=6578"},{"taxonomy":"product_tag","embeddable":true,"href":"http:\/\/klubmamgdynia.pl\/index.php\/wp-json\/wp\/v2\/product_tag?post=6578"}],"curies":[{"name":"wp","href":"https:\/\/api.w.org\/{rel}","templated":true}]}}