{"id":659,"date":"2016-08-10T07:17:33","date_gmt":"2016-08-10T05:17:33","guid":{"rendered":"http:\/\/klubmamgdynia.pl\/index.php\/produkt\/nuk-721240-silikonowe-oslonki-brodawek-2szt-rozmiar-l-721314\/"},"modified":"2026-04-28T19:29:42","modified_gmt":"2026-04-28T17:29:42","slug":"nuk-721240-silikonowe-oslonki-brodawek-2szt-rozmiar-l-721314","status":"publish","type":"product","link":"http:\/\/klubmamgdynia.pl\/index.php\/produkt\/nuk-721240-silikonowe-oslonki-brodawek-2szt-rozmiar-l-721314\/","title":{"rendered":"Nuk 721240 Silikonowe Os\u0142onki Brodawek 2szt. Rozmiar L 721314"},"content":{"rendered":"<p>Silikonowa os\u0142onka brodawki sutkowej NUK, z pude\u0142kiem, rozmiar L- chroni\u0105 wra\u017cliwe brodawki sutkowe w czasie karmienia piersi\u0105- wykonane z mi\u0119kkiego, cienkiego silikonu dla wi\u0119kszej wygody- unikalny tr\u00f3jk\u0105tny kszta\u0142t zapewnia maksymalny kontakt sk\u00f3ry matki i niemowl\u0119cia, co pomaga zachowa\u0107 uczucie naturalnego kontaktu w czasie karmienia piersi\u0105- z mi\u0119kkimi wypustkami do delikatnej stymulacji- 3 otwory przep\u0142ywowe- rozmiar L &#8211; du\u017cy (\u015brednica otworu na brodawk\u0119 sutkow\u0105 &#8211; 24 mm)- praktyczne pude\u0142ko do higienicznego i bezpiecznego przechowywania- 2 szt.\/blister<\/p>\n<h2>Nuk 721240 Silikonowe Os\u0142onki Brodawek 2szt. Rozmiar L 721314 NUK<\/h2>\n<p>anio\u0142ki w niebie pisz\u0105, cytaty o wychowaniu i nauczaniu, atrakcje dla dzieci trojmiasto, r\u00f3\u017cne zagadki, zagadki na logike, zabawki na roczek dla dziewczynki, kolorowanka wakacje, zagadki o zwierz\u0119tach, natalia, quiz spos\u00f3b na alcybiadesa, test z lektury opowie\u015bci z narnii lew czarownica i stara szafa, lego ninjago kolorowanka, olaf znaczenie imienia, znaczenie imiona marcel, sta\u0142a pod \u015bniegiem, stanis\u0142awa znaczenie imienia, zagadki przyrodnicze, imie pola, ju\u017c blisko kol\u0119da tekst<\/p>\n<p>yyyyy<\/p>\n<p>&nbsp;<\/p>\n","protected":false},"excerpt":{"rendered":"<p>Silikonowa os\u0142onka brodawki sutkowej NUK, z pude\u0142kiem, rozmiar L- chroni\u0105 wra\u017cliwe brodawki sutkowe w czasie karmienia piersi\u0105- wykonane z mi\u0119kkiego, cienkiego silikonu dla wi\u0119kszej wygody- unikalny tr\u00f3jk\u0105tny kszta\u0142t zapewnia maksymalny kontakt sk\u00f3ry matki i niemowl\u0119cia, co pomaga zachowa\u0107 uczucie naturalnego kontaktu w czasie karmienia piersi\u0105- z mi\u0119kkimi wypustkami do delikatnej stymulacji- 3 otwory przep\u0142ywowe- rozmiar [&hellip;]<\/p>\n","protected":false},"featured_media":660,"comment_status":"closed","ping_status":"open","template":"","meta":[],"product_cat":[251,238],"product_tag":[863,777,619,744,778],"class_list":["post-659","product","type-product","status-publish","has-post-thumbnail","hentry","product_cat-nuk","product_cat-oslonki-na-piersi","product_tag-bajki-dla-dziewczynek","product_tag-co-na-roczek","product_tag-iwo-imie","product_tag-kolorowanki-swiateczne-do-wydruku","product_tag-zabawki-na-roczek-dla-chlopca"],"_links":{"self":[{"href":"http:\/\/klubmamgdynia.pl\/index.php\/wp-json\/wp\/v2\/product\/659","targetHints":{"allow":["GET"]}}],"collection":[{"href":"http:\/\/klubmamgdynia.pl\/index.php\/wp-json\/wp\/v2\/product"}],"about":[{"href":"http:\/\/klubmamgdynia.pl\/index.php\/wp-json\/wp\/v2\/types\/product"}],"replies":[{"embeddable":true,"href":"http:\/\/klubmamgdynia.pl\/index.php\/wp-json\/wp\/v2\/comments?post=659"}],"wp:featuredmedia":[{"embeddable":true,"href":"http:\/\/klubmamgdynia.pl\/index.php\/wp-json\/wp\/v2\/media\/660"}],"wp:attachment":[{"href":"http:\/\/klubmamgdynia.pl\/index.php\/wp-json\/wp\/v2\/media?parent=659"}],"wp:term":[{"taxonomy":"product_cat","embeddable":true,"href":"http:\/\/klubmamgdynia.pl\/index.php\/wp-json\/wp\/v2\/product_cat?post=659"},{"taxonomy":"product_tag","embeddable":true,"href":"http:\/\/klubmamgdynia.pl\/index.php\/wp-json\/wp\/v2\/product_tag?post=659"}],"curies":[{"name":"wp","href":"https:\/\/api.w.org\/{rel}","templated":true}]}}