{"id":6590,"date":"2022-01-21T00:33:41","date_gmt":"2022-01-20T23:33:41","guid":{"rendered":"http:\/\/klubmamgdynia.pl\/index.php\/produkt\/fat-brain-toys-niebieski-mozg-silikonowy-gryzaczek\/"},"modified":"2026-04-04T19:11:22","modified_gmt":"2026-04-04T17:11:22","slug":"fat-brain-toys-niebieski-mozg-silikonowy-gryzaczek","status":"publish","type":"product","link":"http:\/\/klubmamgdynia.pl\/index.php\/produkt\/fat-brain-toys-niebieski-mozg-silikonowy-gryzaczek\/","title":{"rendered":"Fat Brain Toys Niebieski M\u00f3zg Silikonowy Gryzaczek"},"content":{"rendered":"<p>Gryzak M\u00f3zg Niebieski.Najm\u0105drzejszy spos\u00f3b na z\u0142agodzenie b\u00f3lu z\u0105bkowania!R\u00f3\u017cnorodna faktura powierzchni m\u00f3zgu, osza\u0142amiaj\u0105ce kolory i mi\u0119kki silikon, kt\u00f3ry z przyjemno\u015bci\u0105 si\u0119 chwyta, czuje i \u017cuje&#8230; A do tego gryzak u\u015bmiecha si\u0119 do Ciebie! Pe\u0142na stymulacja dotykowa i wzrokowa od paluszk\u00f3w, przez dzi\u0105s\u0142a, a\u017c po oczy i umys\u0142!Gryzak M\u00f3zg Niebieski. The Brain Teether:U\u015bmiechni\u0119ty silikonowy gryzak w kszta\u0142cie m\u00f3zgu.R\u00f3\u017cnorodna faktura powierzchni.Relaksuje i \u0142agodzi b\u00f3l dzi\u0105se\u0142.Dost\u0119pny w trzech jasnych kolorach &#8211; niebieskim, pomara\u0144czowym i zielonym.Opakowanie zawiera jeden niebieski gryzak.Nie zawiera BPA &#8211; wyj\u0105tkowo bezpieczny dla dziecka.Mo\u017cna my\u0107 w zmywarce.Wysokiej jako\u015bci materia\u0142y i wykonanie.Przeznaczone dla dzieci od 2 miesi\u0105ca \u017cycia.<\/p>\n<h2>Fat Brain Toys Niebieski M\u00f3zg Silikonowy Gryzaczek Fat Brain Toys<\/h2>\n<p>miko\u0142ajki dla dzieci warszawa 2021, kr\u00f3tkie czytanki dla dzieci do wydruku, prezent dla 14 latki, zagadki \u015bmieszne, zabawy ruchowe dla dzieci, imi\u0119 iwo, pytania logiczne, dziwne zagadki, zagadki o zwierz\u0119tach wiejskich, zdrowe dania dla dzieci, w\u0142ochy, bajki terapeutyczne o emocjach, lol surprise kolorowanki, zagadka, cytaty dla mamy, kwiaty polne nazwy i zdj\u0119cia<\/p>\n<p>yyyyy<\/p>\n<p>&nbsp;<\/p>\n","protected":false},"excerpt":{"rendered":"<p>Gryzak M\u00f3zg Niebieski.Najm\u0105drzejszy spos\u00f3b na z\u0142agodzenie b\u00f3lu z\u0105bkowania!R\u00f3\u017cnorodna faktura powierzchni m\u00f3zgu, osza\u0142amiaj\u0105ce kolory i mi\u0119kki silikon, kt\u00f3ry z przyjemno\u015bci\u0105 si\u0119 chwyta, czuje i \u017cuje&#8230; A do tego gryzak u\u015bmiecha si\u0119 do Ciebie! Pe\u0142na stymulacja dotykowa i wzrokowa od paluszk\u00f3w, przez dzi\u0105s\u0142a, a\u017c po oczy i umys\u0142!Gryzak M\u00f3zg Niebieski. The Brain Teether:U\u015bmiechni\u0119ty silikonowy gryzak w kszta\u0142cie [&hellip;]<\/p>\n","protected":false},"featured_media":6591,"comment_status":"closed","ping_status":"open","template":"","meta":[],"product_cat":[1481,63],"product_tag":[836,854,754,752],"class_list":["post-6590","product","type-product","status-publish","has-post-thumbnail","hentry","product_cat-fat-brain-toys","product_cat-grzechotki-i-gryzaki","product_tag-co-kupic-dziecku-na-roczek","product_tag-cytaty-rodzina","product_tag-dyplomy-do-wydrukowania-a4","product_tag-kuba-imie"],"_links":{"self":[{"href":"http:\/\/klubmamgdynia.pl\/index.php\/wp-json\/wp\/v2\/product\/6590","targetHints":{"allow":["GET"]}}],"collection":[{"href":"http:\/\/klubmamgdynia.pl\/index.php\/wp-json\/wp\/v2\/product"}],"about":[{"href":"http:\/\/klubmamgdynia.pl\/index.php\/wp-json\/wp\/v2\/types\/product"}],"replies":[{"embeddable":true,"href":"http:\/\/klubmamgdynia.pl\/index.php\/wp-json\/wp\/v2\/comments?post=6590"}],"wp:featuredmedia":[{"embeddable":true,"href":"http:\/\/klubmamgdynia.pl\/index.php\/wp-json\/wp\/v2\/media\/6591"}],"wp:attachment":[{"href":"http:\/\/klubmamgdynia.pl\/index.php\/wp-json\/wp\/v2\/media?parent=6590"}],"wp:term":[{"taxonomy":"product_cat","embeddable":true,"href":"http:\/\/klubmamgdynia.pl\/index.php\/wp-json\/wp\/v2\/product_cat?post=6590"},{"taxonomy":"product_tag","embeddable":true,"href":"http:\/\/klubmamgdynia.pl\/index.php\/wp-json\/wp\/v2\/product_tag?post=6590"}],"curies":[{"name":"wp","href":"https:\/\/api.w.org\/{rel}","templated":true}]}}