{"id":6592,"date":"2017-02-14T18:07:13","date_gmt":"2017-02-14T17:07:13","guid":{"rendered":"http:\/\/klubmamgdynia.pl\/index.php\/produkt\/fisher-price-little-people-ciezarowka-smieciarka-gwd29\/"},"modified":"2026-05-17T23:36:26","modified_gmt":"2026-05-17T21:36:26","slug":"fisher-price-little-people-ciezarowka-smieciarka-gwd29","status":"publish","type":"product","link":"http:\/\/klubmamgdynia.pl\/index.php\/produkt\/fisher-price-little-people-ciezarowka-smieciarka-gwd29\/","title":{"rendered":"Fisher-Price Little People Ci\u0119\u017car\u00f3wka \u015amieciarka GWD29"},"content":{"rendered":"<p>Fisher-Price Little People Ci\u0119\u017car\u00f3wka \u015amieciarka GWD29Posad\u017a figurk\u0119 w miejscu kierowcy a us\u0142yszysz d\u017awi\u0119ki.<\/p>\n<p>\u015amieciarka po naci\u015bni\u0119ciu wydaje d\u017awi\u0119ki, oraz us\u0142yszymy zwroty w j\u0119zyku angielskim.<\/p>\n<p>Pchanie pojazdu pomaga wzmocni\u0107 zdolno\u015bci motoryczne Twojego malucha, a weso\u0142a muzyka zach\u0119ca do pomys\u0142owej zabawy.                            <\/p>\n<p>Popychana muzyczna ci\u0119\u017car\u00f3wka recyklingowa do ekscytuj\u0105cej zabawy w podnoszenie i \u0142adowanie                            <\/p>\n<p>Naci\u015bnij fotel kierowcy lub podnie\u015b \u0142adowark\u0119, aby aktywowa\u0107 zabawne piosenki, d\u017awi\u0119ki i zwroty dotycz\u0105ce recyklingu                            <\/p>\n<p>W zestawie 1 figurka pracownika i 3 elementy do zabawy do sortowania, podnoszenia i \u0142adowania<\/p>\n<h2>Fisher-Price Little People Ci\u0119\u017car\u00f3wka \u015amieciarka GWD29 Fisher-Price<\/h2>\n<p>test opowie\u015b\u0107 wigilijna, kuba imie, miriam imie, atrakcje dla dzieci we wroc\u0142awiu, pawe\u0142<\/p>\n<p>yyyyy<\/p>\n<p>&nbsp;<\/p>\n","protected":false},"excerpt":{"rendered":"<p>Fisher-Price Little People Ci\u0119\u017car\u00f3wka \u015amieciarka GWD29Posad\u017a figurk\u0119 w miejscu kierowcy a us\u0142yszysz d\u017awi\u0119ki. \u015amieciarka po naci\u015bni\u0119ciu wydaje d\u017awi\u0119ki, oraz us\u0142yszymy zwroty w j\u0119zyku angielskim. Pchanie pojazdu pomaga wzmocni\u0107 zdolno\u015bci motoryczne Twojego malucha, a weso\u0142a muzyka zach\u0119ca do pomys\u0142owej zabawy. Popychana muzyczna ci\u0119\u017car\u00f3wka recyklingowa do ekscytuj\u0105cej zabawy w podnoszenie i \u0142adowanie Naci\u015bnij fotel kierowcy lub podnie\u015b [&hellip;]<\/p>\n","protected":false},"featured_media":6593,"comment_status":"closed","ping_status":"open","template":"","meta":[],"product_cat":[83,1365],"product_tag":[813,752,679,782],"class_list":["post-6592","product","type-product","status-publish","has-post-thumbnail","hentry","product_cat-auta-i-inne-pojazdy-do-zabawy","product_cat-fisher-price","product_tag-krotkie-zagadki-matematyczne-z-odpowiedziami","product_tag-kuba-imie","product_tag-zabawki-na-roczek-dla-dziewczynki","product_tag-zagadki-dla-dzieci-z-odpowiedziami"],"_links":{"self":[{"href":"http:\/\/klubmamgdynia.pl\/index.php\/wp-json\/wp\/v2\/product\/6592","targetHints":{"allow":["GET"]}}],"collection":[{"href":"http:\/\/klubmamgdynia.pl\/index.php\/wp-json\/wp\/v2\/product"}],"about":[{"href":"http:\/\/klubmamgdynia.pl\/index.php\/wp-json\/wp\/v2\/types\/product"}],"replies":[{"embeddable":true,"href":"http:\/\/klubmamgdynia.pl\/index.php\/wp-json\/wp\/v2\/comments?post=6592"}],"wp:featuredmedia":[{"embeddable":true,"href":"http:\/\/klubmamgdynia.pl\/index.php\/wp-json\/wp\/v2\/media\/6593"}],"wp:attachment":[{"href":"http:\/\/klubmamgdynia.pl\/index.php\/wp-json\/wp\/v2\/media?parent=6592"}],"wp:term":[{"taxonomy":"product_cat","embeddable":true,"href":"http:\/\/klubmamgdynia.pl\/index.php\/wp-json\/wp\/v2\/product_cat?post=6592"},{"taxonomy":"product_tag","embeddable":true,"href":"http:\/\/klubmamgdynia.pl\/index.php\/wp-json\/wp\/v2\/product_tag?post=6592"}],"curies":[{"name":"wp","href":"https:\/\/api.w.org\/{rel}","templated":true}]}}