{"id":6604,"date":"2011-02-24T14:01:21","date_gmt":"2011-02-24T13:01:21","guid":{"rendered":"http:\/\/klubmamgdynia.pl\/index.php\/produkt\/askato-mata-podlogowa-sensoryczna-basic-set-natural-8-elementow-mfk-065\/"},"modified":"2026-04-30T18:39:41","modified_gmt":"2026-04-30T16:39:41","slug":"askato-mata-podlogowa-sensoryczna-basic-set-natural-8-elementow-mfk-065","status":"publish","type":"product","link":"http:\/\/klubmamgdynia.pl\/index.php\/produkt\/askato-mata-podlogowa-sensoryczna-basic-set-natural-8-elementow-mfk-065\/","title":{"rendered":"Askato Mata Pod\u0142ogowa Sensoryczna Basic Set Natural 8 Element\u00f3w Mfk-065"},"content":{"rendered":"<h2>Askato Mata Pod\u0142ogowa Sensoryczna Basic Set Natural 8 Element\u00f3w Mfk-065 Askato<\/h2>\n<p>podchwytliwe zagadki na inteligencj\u0119, cytaty o dziecku, stanis\u0142awa znaczenie imienia, kolorowanki harry potter, misie z film\u00f3w animowanych<\/p>\n<p>yyyyy<\/p>\n<p>&nbsp;<\/p>\n","protected":false},"excerpt":{"rendered":"<p>Askato Mata Pod\u0142ogowa Sensoryczna Basic Set Natural 8 Element\u00f3w Mfk-065 Askato podchwytliwe zagadki na inteligencj\u0119, cytaty o dziecku, stanis\u0142awa znaczenie imienia, kolorowanki harry potter, misie z film\u00f3w animowanych yyyyy &nbsp;<\/p>\n","protected":false},"featured_media":6605,"comment_status":"closed","ping_status":"open","template":"","meta":[],"product_cat":[230,55],"product_tag":[863,867,780,692],"class_list":["post-6604","product","type-product","status-publish","has-post-thumbnail","hentry","product_cat-askato","product_cat-maty-edukacyjne","product_tag-bajki-dla-dziewczynek","product_tag-kolorowanki-dla-dziewczynek","product_tag-krecik-bajka","product_tag-prezenty-na-roczek"],"_links":{"self":[{"href":"http:\/\/klubmamgdynia.pl\/index.php\/wp-json\/wp\/v2\/product\/6604","targetHints":{"allow":["GET"]}}],"collection":[{"href":"http:\/\/klubmamgdynia.pl\/index.php\/wp-json\/wp\/v2\/product"}],"about":[{"href":"http:\/\/klubmamgdynia.pl\/index.php\/wp-json\/wp\/v2\/types\/product"}],"replies":[{"embeddable":true,"href":"http:\/\/klubmamgdynia.pl\/index.php\/wp-json\/wp\/v2\/comments?post=6604"}],"wp:featuredmedia":[{"embeddable":true,"href":"http:\/\/klubmamgdynia.pl\/index.php\/wp-json\/wp\/v2\/media\/6605"}],"wp:attachment":[{"href":"http:\/\/klubmamgdynia.pl\/index.php\/wp-json\/wp\/v2\/media?parent=6604"}],"wp:term":[{"taxonomy":"product_cat","embeddable":true,"href":"http:\/\/klubmamgdynia.pl\/index.php\/wp-json\/wp\/v2\/product_cat?post=6604"},{"taxonomy":"product_tag","embeddable":true,"href":"http:\/\/klubmamgdynia.pl\/index.php\/wp-json\/wp\/v2\/product_tag?post=6604"}],"curies":[{"name":"wp","href":"https:\/\/api.w.org\/{rel}","templated":true}]}}