{"id":6608,"date":"2023-07-29T03:49:59","date_gmt":"2023-07-29T01:49:59","guid":{"rendered":"http:\/\/klubmamgdynia.pl\/?post_type=product&#038;p=6608"},"modified":"2026-04-06T04:46:49","modified_gmt":"2026-04-06T02:46:49","slug":"oball-gogrippers-potwory-i-spolka-pojazdy-autka","status":"publish","type":"product","link":"http:\/\/klubmamgdynia.pl\/index.php\/produkt\/oball-gogrippers-potwory-i-spolka-pojazdy-autka\/","title":{"rendered":"Oball Gogrippers Potwory I Sp\u00f3\u0142ka Pojazdy Autka"},"content":{"rendered":"<p>Oball GoGrippers Potwory i sp\u00f3\u0142ka pojazdy autka<\/p>\n<h2>Oball Gogrippers Potwory I Sp\u00f3\u0142ka Pojazdy Autka Oball<\/h2>\n<p>opis do zdj\u0119cia z dzieckiem, super zings kolorowanki, z\u0142ote my\u015bli pedagogiczne, zings kolorowanka, zagadki o przyborach szkolnych, imi\u0119 mia, kr\u00f3tkie zagadki, kolorowanka peppa do druku, asiunia &#8211; test z lektury pdf, \u015bwinka peppa do druku, zagadki matematyczne dla dzieci 7 lat, zagadki zimowe, mi\u0142o\u015b\u0107 do dziecka cytaty, transformers kolorowanka, darmowe kolorowanki kolorowanki dla dziewczynek, trudne zadania matematyczne, zagadki o dinozaurach, prezent dla ch\u0142opca 7 lat, gad\u017cety dla m\u0142odzie\u017cy 2020, marcel imie, kolorowanka anio\u0142ek<\/p>\n<p>yyyyy<\/p>\n<p>&nbsp;<\/p>\n","protected":false},"excerpt":{"rendered":"<p>Oball GoGrippers Potwory i sp\u00f3\u0142ka pojazdy autka Oball Gogrippers Potwory I Sp\u00f3\u0142ka Pojazdy Autka Oball opis do zdj\u0119cia z dzieckiem, super zings kolorowanki, z\u0142ote my\u015bli pedagogiczne, zings kolorowanka, zagadki o przyborach szkolnych, imi\u0119 mia, kr\u00f3tkie zagadki, kolorowanka peppa do druku, asiunia &#8211; test z lektury pdf, \u015bwinka peppa do druku, zagadki matematyczne dla dzieci 7 [&hellip;]<\/p>\n","protected":false},"featured_media":6609,"comment_status":"closed","ping_status":"open","template":"","meta":[],"product_cat":[63,1483],"product_tag":[747,613,769,726],"class_list":["post-6608","product","type-product","status-publish","has-post-thumbnail","hentry","product_cat-grzechotki-i-gryzaki","product_cat-oball","product_tag-malowanki-do-druku","product_tag-na-wyspach-bergamutach","product_tag-psi-patrol-do-czytania","product_tag-quiz-zemsta"],"_links":{"self":[{"href":"http:\/\/klubmamgdynia.pl\/index.php\/wp-json\/wp\/v2\/product\/6608","targetHints":{"allow":["GET"]}}],"collection":[{"href":"http:\/\/klubmamgdynia.pl\/index.php\/wp-json\/wp\/v2\/product"}],"about":[{"href":"http:\/\/klubmamgdynia.pl\/index.php\/wp-json\/wp\/v2\/types\/product"}],"replies":[{"embeddable":true,"href":"http:\/\/klubmamgdynia.pl\/index.php\/wp-json\/wp\/v2\/comments?post=6608"}],"wp:featuredmedia":[{"embeddable":true,"href":"http:\/\/klubmamgdynia.pl\/index.php\/wp-json\/wp\/v2\/media\/6609"}],"wp:attachment":[{"href":"http:\/\/klubmamgdynia.pl\/index.php\/wp-json\/wp\/v2\/media?parent=6608"}],"wp:term":[{"taxonomy":"product_cat","embeddable":true,"href":"http:\/\/klubmamgdynia.pl\/index.php\/wp-json\/wp\/v2\/product_cat?post=6608"},{"taxonomy":"product_tag","embeddable":true,"href":"http:\/\/klubmamgdynia.pl\/index.php\/wp-json\/wp\/v2\/product_tag?post=6608"}],"curies":[{"name":"wp","href":"https:\/\/api.w.org\/{rel}","templated":true}]}}