{"id":6610,"date":"2018-08-27T19:59:39","date_gmt":"2018-08-27T17:59:39","guid":{"rendered":"http:\/\/klubmamgdynia.pl\/index.php\/produkt\/little-dutch-grzechotka-deszczownica-flowers-butterflies\/"},"modified":"2026-05-17T22:39:24","modified_gmt":"2026-05-17T20:39:24","slug":"little-dutch-grzechotka-deszczownica-flowers-butterflies","status":"publish","type":"product","link":"http:\/\/klubmamgdynia.pl\/index.php\/produkt\/little-dutch-grzechotka-deszczownica-flowers-butterflies\/","title":{"rendered":"Little Dutch Grzechotka Deszczownica Flowers &amp; Butterflies"},"content":{"rendered":"<p>Grzechotka deszczownica od Little Dutch z kolekcji Flowers &amp; Butterflies. Potrz\u0105\u015bnij i nas\u0142uchuj.Odwr\u00f3\u0107 grzechotk\u0119 deszczow\u0105 i pos\u0142uchaj koj\u0105cych d\u017awi\u0119k\u00f3w kuleczeczek przemieszczaj\u0105cych si\u0119 z jednej strony deszczownicy na drug\u0105.Grzechotka stymuluje rozw\u00f3j sensoryczny malucha. Potrafi go zaciekawi\u0107 na d\u0142ugi czas. Kuleczki w 3 r\u00f3\u017cnych kolorach wpadaj\u0105 przez ma\u0142e otwory w tubie i wprawiaj\u0105 \u015bmig\u0142o w ruch, daj\u0105c przyjemny d\u017awi\u0119k.Zabawka wp\u0142ywa na rozw\u00f3j koordynacji r\u0119ka-oko i jest specjalnie zaprojektowana tak, aby mog\u0142a by\u0107 trzymana przez ma\u0142e dzieci.Little Dutch to holenderska firma rodzinna, prowadzona przez ma\u0142\u017ce\u0144stwo, kt\u00f3re wk\u0142ada ca\u0142e serce w tworzenie produkt\u00f3w dla najm\u0142odszych. W ofercie marki znajduj\u0105 si\u0119 doskona\u0142ej jako\u015bci tekstylia, produkowane z bawe\u0142ny organicznej z certyfikatem Oeko-tex, takie jak r\u0119czniki, \u015bpiworki do spania, otulacze, akcesoria do pokoik\u00f3w dzieci\u0119cych oraz zabawki sensoryczne dla niemowl\u0105t, jak r\u00f3wnie\u017c zabawki, czy pojazdy wytwarzane z drewna. Produkty Little Dutch cechuje spokojna, pastelowa kolorystyka.Wiek: rekomendowana od 3 miesi\u0105caZgodno\u015b\u0107 z norm\u0105: EN-71-1-2-3<\/p>\n<h2>Little Dutch Grzechotka Deszczownica Flowers &amp; Butterflies Little Dutch<\/h2>\n<p>sing 2 multikino, dobre \u017carty na prima aprilis, zadania logiczne, wyci\u0119cia szablon korony do druku, kolorowanka dla dzieci, ziemia wyspa zielona tekst, cytaty dla dzieci, kr\u00f3tkie bajki na dobranoc o mi\u0142o\u015bci, cytat o dzieciach, konkurs dla dzieci, dyplomy do druku, prezenty roczek, bajka o \u017cabie<\/p>\n<p>yyyyy<\/p>\n<p>&nbsp;<\/p>\n","protected":false},"excerpt":{"rendered":"<p>Grzechotka deszczownica od Little Dutch z kolekcji Flowers &amp; Butterflies. Potrz\u0105\u015bnij i nas\u0142uchuj.Odwr\u00f3\u0107 grzechotk\u0119 deszczow\u0105 i pos\u0142uchaj koj\u0105cych d\u017awi\u0119k\u00f3w kuleczeczek przemieszczaj\u0105cych si\u0119 z jednej strony deszczownicy na drug\u0105.Grzechotka stymuluje rozw\u00f3j sensoryczny malucha. Potrafi go zaciekawi\u0107 na d\u0142ugi czas. Kuleczki w 3 r\u00f3\u017cnych kolorach wpadaj\u0105 przez ma\u0142e otwory w tubie i wprawiaj\u0105 \u015bmig\u0142o w ruch, daj\u0105c [&hellip;]<\/p>\n","protected":false},"featured_media":6611,"comment_status":"closed","ping_status":"open","template":"","meta":[],"product_cat":[63,167],"product_tag":[688,644,615],"class_list":["post-6610","product","type-product","status-publish","has-post-thumbnail","hentry","product_cat-grzechotki-i-gryzaki","product_cat-little-dutch","product_tag-kolysanki-tekst","product_tag-mia","product_tag-znane-misie-z-filmow-animowanych"],"_links":{"self":[{"href":"http:\/\/klubmamgdynia.pl\/index.php\/wp-json\/wp\/v2\/product\/6610","targetHints":{"allow":["GET"]}}],"collection":[{"href":"http:\/\/klubmamgdynia.pl\/index.php\/wp-json\/wp\/v2\/product"}],"about":[{"href":"http:\/\/klubmamgdynia.pl\/index.php\/wp-json\/wp\/v2\/types\/product"}],"replies":[{"embeddable":true,"href":"http:\/\/klubmamgdynia.pl\/index.php\/wp-json\/wp\/v2\/comments?post=6610"}],"wp:featuredmedia":[{"embeddable":true,"href":"http:\/\/klubmamgdynia.pl\/index.php\/wp-json\/wp\/v2\/media\/6611"}],"wp:attachment":[{"href":"http:\/\/klubmamgdynia.pl\/index.php\/wp-json\/wp\/v2\/media?parent=6610"}],"wp:term":[{"taxonomy":"product_cat","embeddable":true,"href":"http:\/\/klubmamgdynia.pl\/index.php\/wp-json\/wp\/v2\/product_cat?post=6610"},{"taxonomy":"product_tag","embeddable":true,"href":"http:\/\/klubmamgdynia.pl\/index.php\/wp-json\/wp\/v2\/product_tag?post=6610"}],"curies":[{"name":"wp","href":"https:\/\/api.w.org\/{rel}","templated":true}]}}