{"id":6624,"date":"2021-06-16T08:18:29","date_gmt":"2021-06-16T06:18:29","guid":{"rendered":"http:\/\/klubmamgdynia.pl\/index.php\/produkt\/dr-browns-smoczek-do-butelki-szeroka-szyjka-poziom-4\/"},"modified":"2026-05-02T13:01:25","modified_gmt":"2026-05-02T11:01:25","slug":"dr-browns-smoczek-do-butelki-szeroka-szyjka-poziom-4","status":"publish","type":"product","link":"http:\/\/klubmamgdynia.pl\/index.php\/produkt\/dr-browns-smoczek-do-butelki-szeroka-szyjka-poziom-4\/","title":{"rendered":"Dr Brown&#8217;S Smoczek Do Butelki Szeroka Szyjka Poziom 4"},"content":{"rendered":"<p>Smoczek szeroka szyjka poziom 4 9m+ 2 pak do butelki Dr Browns Options+ WN4201-INTL Smoczek Dr Brown\u2032s Poziom 4, zapewnia sp\u00f3jny, naturalny, przep\u0142yw. Kszta\u0142tem przypomina pier\u015b matki. Wykonany z najwy\u017cszej jako\u015bci mi\u0119kkiego silikonu. W po\u0142\u0105czeniu z systemem antykolkowym powoduje bezci\u015bnieniowe karmienie, kt\u00f3re zmniejsza wyst\u0119powanie kolek, odbijania oraz gaz\u00f3w. Smoczek pasuje do butelki Dr Brown\u2032s Options+ z szeroka szyjka. W opakowaniu znajduj\u0105 si\u0119 2 smoczki. Mo\u017cna my\u0107 w zmywarce na g\u00f3rnej p\u00f3\u0142ce. Przeznaczony dla dzieci od pierwszego dnia \u017cycia. Dost\u0119pnych jest 6 typ\u00f3w smoczk\u00f3w (kupowane oddzielnie) : Dla wcze\u015bniak\u00f3w (PREEMIE &#8211; 0m+) &#8211; Dla dzieci przedwcze\u015bnie urodzonych POZIOM 1 (LEVEL 1 &#8211; 0m+) &#8211; Dla niemowl\u0105t od 0 do 3 miesi\u0105ca \u017cycia POZIOM 2 (LEVEL 2 &#8211; 3m+) &#8211; Dla niemowl\u0105t powy\u017cej 3 miesi\u0105ca \u017cycia POZIOM 3 (LEVEL 3 &#8211; 6m+) &#8211; Dla dzieci powy\u017cej 6 miesi\u0105ca POZIOM 4 (LEVEL 4 &#8211; 9m+) &#8211; Dla dzieci powy\u017cej 9 miesi\u0105ca POZIOM Y (LEVEL Y &#8211; 9m+) &#8211; Dla dzieci powy\u017cej 9 miesi\u0105ca, do mocno zag\u0119szczonego mleka, kaszek, sok\u00f3w. Do smoczk\u00f3w o rzadkiej konsystencji u\u017cyj poziomu 1 lub 2<\/p>\n<h2>Dr BrownS Smoczek Do Butelki Szeroka Szyjka Poziom 4 Dr Browns<\/h2>\n<p>imi\u0119 nela, zabawka dla rocznej dziewczynki, stanis\u0142awa znaczenie imienia, rysowanie po \u015bladzie pdf, zagadki rymowanki dla dzieci, wzruszaj\u0105c\u0105 piosenka dla taty, co mo\u017cna zrobi\u0107 z rolek po papierze toaletowym, chase psi patrol kolorowanka, karaluchy pod poduchy, bajki do czytania dla ch\u0142opc\u00f3w<\/p>\n<p>yyyyy<\/p>\n<p>&nbsp;<\/p>\n","protected":false},"excerpt":{"rendered":"<p>Smoczek szeroka szyjka poziom 4 9m+ 2 pak do butelki Dr Browns Options+ WN4201-INTL Smoczek Dr Brown\u2032s Poziom 4, zapewnia sp\u00f3jny, naturalny, przep\u0142yw. Kszta\u0142tem przypomina pier\u015b matki. Wykonany z najwy\u017cszej jako\u015bci mi\u0119kkiego silikonu. W po\u0142\u0105czeniu z systemem antykolkowym powoduje bezci\u015bnieniowe karmienie, kt\u00f3re zmniejsza wyst\u0119powanie kolek, odbijania oraz gaz\u00f3w. Smoczek pasuje do butelki Dr Brown\u2032s Options+ [&hellip;]<\/p>\n","protected":false},"featured_media":6625,"comment_status":"closed","ping_status":"open","template":"","meta":[],"product_cat":[1355,283],"product_tag":[833,719,617,621,721],"class_list":["post-6624","product","type-product","status-publish","has-post-thumbnail","hentry","product_cat-dr-browns","product_cat-smoczki-i-ustniki-do-butelek","product_tag-bajki-dla-dzieci-do-czytania","product_tag-dziecko-cytaty-zlote-mysli","product_tag-keyword","product_tag-prezenty-roczek","product_tag-zagadki-matematyczne"],"_links":{"self":[{"href":"http:\/\/klubmamgdynia.pl\/index.php\/wp-json\/wp\/v2\/product\/6624","targetHints":{"allow":["GET"]}}],"collection":[{"href":"http:\/\/klubmamgdynia.pl\/index.php\/wp-json\/wp\/v2\/product"}],"about":[{"href":"http:\/\/klubmamgdynia.pl\/index.php\/wp-json\/wp\/v2\/types\/product"}],"replies":[{"embeddable":true,"href":"http:\/\/klubmamgdynia.pl\/index.php\/wp-json\/wp\/v2\/comments?post=6624"}],"wp:featuredmedia":[{"embeddable":true,"href":"http:\/\/klubmamgdynia.pl\/index.php\/wp-json\/wp\/v2\/media\/6625"}],"wp:attachment":[{"href":"http:\/\/klubmamgdynia.pl\/index.php\/wp-json\/wp\/v2\/media?parent=6624"}],"wp:term":[{"taxonomy":"product_cat","embeddable":true,"href":"http:\/\/klubmamgdynia.pl\/index.php\/wp-json\/wp\/v2\/product_cat?post=6624"},{"taxonomy":"product_tag","embeddable":true,"href":"http:\/\/klubmamgdynia.pl\/index.php\/wp-json\/wp\/v2\/product_tag?post=6624"}],"curies":[{"name":"wp","href":"https:\/\/api.w.org\/{rel}","templated":true}]}}