{"id":6626,"date":"2019-01-24T14:46:15","date_gmt":"2019-01-24T13:46:15","guid":{"rendered":"http:\/\/klubmamgdynia.pl\/index.php\/produkt\/hipp-mleko-4-junior-combiotik-po-2-roku-4x750g-382121\/"},"modified":"2026-04-29T09:05:57","modified_gmt":"2026-04-29T07:05:57","slug":"hipp-mleko-4-junior-combiotik-po-2-roku-4x750g-382121","status":"publish","type":"product","link":"http:\/\/klubmamgdynia.pl\/index.php\/produkt\/hipp-mleko-4-junior-combiotik-po-2-roku-4x750g-382121\/","title":{"rendered":"Hipp Mleko 4 Junior Combiotik Po 2 Roku 4x750G 382121"},"content":{"rendered":"<p>Mleko HiPP 4 Junior COMBIOTIK po 2 roku 750g 4x Mleko modyfikowane HiPP 4 Junior Combiotik \u2013 doskona\u0142e po okresie karmienia piersi\u0105 lub jako kontynuacja karmienia mlekiem HiPP 3 Combiotik lub innym mlekiem modyfikowanym. HiPP 4 Combiotik to ekologiczne mleko nast\u0119pne, kt\u00f3re idealnie odpowiada na potrzeby \u017cywieniowe dzieci po 2 roku \u017cycia. Jest efektem ponad 50 lat bada\u0144 naukowych HiPP nad mlekiem matki, kt\u00f3re stanowi wzorzec w tworzeniu mleka modyfikowanego i jest najlepszym pokarmem dla dziecka. Mleko nast\u0119pne HiPP 4 Combiotik zawiera odpowiednio dobrane i przebadane naukowo sk\u0142adniki, kt\u00f3re wspieraj\u0105 zdrowy rozw\u00f3j dziecka po 2. roku \u017cycia. S\u0105 to min: Naturalne kultury bakterii kwasu mlekowego, pierwotnie pochodz\u0105ce z kobiecego mleka. Witaminy A, C i D *, kt\u00f3re wspieraj\u0105 uk\u0142ad odporno\u015bciowy dziecka. Kwas alfa-linolenowy (ALA) * z grupy Omega-3 dla rozwoju m\u00f3zgu i kom\u00f3rek nerwowych. Niezb\u0119dne \u017celazo, kt\u00f3re jest wa\u017cne dla rozwoju intelektualnego dziecka. *zgodnie z przepisami prawa Mleko modyfikowane HiPP 4 Combiotik Junior to mleko ekologiczne w najwy\u017cszej ekologicznej jako\u015bci HiPP BIO. Jest produkowane wg norm znacznie wykraczaj\u0105cych ponad wymagania prawne okre\u015blone dla mleka modyfikowanego. Sk\u0142adniki pochodz\u0105 z rolnictwa ekologicznego i s\u0105 rygorystycznie kontrolowane na ka\u017cdym etapie powstawania mleka. Zastosowanie Mleko nast\u0119pne HiPP 4 Combiotik Junior jest dopasowane do szczeg\u00f3lnych potrzeb \u017cywieniowych ma\u0142ych dzieci po 2 roku \u017cycia. Troska i do\u015bwiadczenie &#8211; dla Najwa\u017cniejszych na \u015bwiecie Od 50 lat w trosce o najm\u0142odszych wytwarzamy mleko modyfikowane najwy\u017cszej jako\u015bci. Receptura mleka HiPP powsta\u0142a w oparciu o wyniki bada\u0144 naukowych tak, aby Twoje dziecko otrzyma\u0142o wszystko, co niezb\u0119dne dla zdrowego rozwoju &#8211; w ekologicznej jako\u015bci HiPP BIO. HiPP Combiotik to mleko najnowszej generacji &#8211; przygotowane ze starannie wyselekcjonowanych surowc\u00f3w BIO, z wyj\u0105tkow\u0105 kompozycj\u0105 sk\u0142adnik\u00f3w inspirowan\u0105 natur\u0105. HiPP 4 Combiotik Junior &#8211; cechy produktu &#8211; Praebiotik &#8211; Probiotik &#8211; Naturalne kultury bakterii kwasu mlekowego &#8211; pierwotnie pochodz\u0105ce z kobiecego mleka. Mleko mamy zawiera naturalne kultury bakterii- ich rodzaj jest indywidualn\u0105 cech\u0105 ka\u017cdej kobiety. &#8211; omega-3 (ALA) &#8211; dla rozwoju m\u00f3zgu i kom\u00f3rek nerwowych &#8211; witaminy A, C i D &#8211; wpieraj\u0105 uk\u0142ad odporno\u015bciowy &#8211; niezb\u0119dne \u017celazo &#8211; \u017celazo jest wa\u017cne dla rozwoju intelektualnego * Kwas alfa-linolenowy (ALA) z grupy Omega-3 jest wa\u017cny dla rozwoju m\u00f3zgu i kom\u00f3rek nerwowych. Mleko HiPP 4 Combiotik Junior, zgodnie z przepisami prawa reguluj\u0105cymi sk\u0142ad mleka dla ma\u0142ych dzieci, zawiera witaminy A, C i D, \u017celazo oraz kwas alfa-linolenowy (ALA). Gdy przejdziesz na mleko HiPP 4 Combiotik z innego mleka pocz\u0105tkowego lub nast\u0119pnego, stolce Twojego dziecka mog\u0105 sta\u0107 si\u0119 lu\u017aniejsze (podobnie do stolc\u00f3w niemowl\u0105t karmionych piersi\u0105) &#8211; wynika to z zawarto\u015bci galaktooligosacharyd\u00f3w (GOS). Opakowanie przyjazne \u015brodowisku &#8211; Ni\u017csza emisja dwutlenku w\u0119gla* &#8211; Poszczeg\u00f3lne elementy opakowania nadaj\u0105 si\u0119 oddzielnie do recyklingu &#8211; Farby drukarskie na bazie olej\u00f3w ro\u015blinnych &#8211; bez olej\u00f3w mineralnych! &#8211; Pude\u0142ko wykonane z papieru ze zr\u00f3wnowa\u017conych \u017ar\u00f3de\u0142** *w por\u00f3wnaniu z poprzednim opakowaniem Sk\u0142ad: odt\u0142uszczone mleko*, laktoza*, oleje ro\u015blinne* (palmowy***, rzepakowy*, s\u0142onecznikowy*), serwatka* z mleka cz\u0119\u015bciowo odmineralizowana w proszku, galaktooligosacharydy z laktozy, w\u0119glan wapnia, witamina C, chlorek potasu, L-tryptofan, chlorek wapnia, siarczan \u017celazawy, stabilizator &#8211; kwas mlekowy, naturalne kultury bakterii kwasu mlekowego (Lactobacillus fermentum hereditum**), witamina E, witamina A, niacyna, tlenek cynku, kwas pantotenowy, siarczan miedzi, witamina K, witamina B1, witamina B6, siarczan manganu, kwas foliowy, biotyna, jodan potasu, witamina B2, selenian sodu, witamina D, witamina B12, * z rolnictwa ekologicznego, **Lactobacillus fermentum CECT5716, ***olej palmowy ze zr\u00f3wnowa\u017conych upraw ekologicznych, certyfikowanych przez niezale\u017cne jednostki kontrolne<\/p>\n<h2>Hipp Mleko 4 Junior Combiotik Po 2 Roku 4x750G 382121 Hipp<\/h2>\n<p>tulipany kolorowanki, wiersze o wakacjach, prezent dla 19 latka, mini zoo warszawa, kamila, audiobook dla dzieci za darmo, afryka\u0144skie imiona, zagadki dla dzieci 6 lat, znaczenie imienia julian, gabriel imi\u0119, wakacje kolorowanka, roczek dziewczynki, cukierku ty \u0142obuzie test, nowoczesna babcia wiersz<\/p>\n<p>yyyyy<\/p>\n<p>&nbsp;<\/p>\n","protected":false},"excerpt":{"rendered":"<p>Mleko HiPP 4 Junior COMBIOTIK po 2 roku 750g 4x Mleko modyfikowane HiPP 4 Junior Combiotik \u2013 doskona\u0142e po okresie karmienia piersi\u0105 lub jako kontynuacja karmienia mlekiem HiPP 3 Combiotik lub innym mlekiem modyfikowanym. HiPP 4 Combiotik to ekologiczne mleko nast\u0119pne, kt\u00f3re idealnie odpowiada na potrzeby \u017cywieniowe dzieci po 2 roku \u017cycia. Jest efektem ponad [&hellip;]<\/p>\n","protected":false},"featured_media":6627,"comment_status":"closed","ping_status":"open","template":"","meta":[],"product_cat":[66,19],"product_tag":[846,586,588],"class_list":["post-6626","product","type-product","status-publish","has-post-thumbnail","hentry","product_cat-hipp","product_cat-mleka-nastepne","product_tag-rysowanki","product_tag-smieszne-zagadki","product_tag-wzruszajace-slowa-dla-przyjaciela"],"_links":{"self":[{"href":"http:\/\/klubmamgdynia.pl\/index.php\/wp-json\/wp\/v2\/product\/6626","targetHints":{"allow":["GET"]}}],"collection":[{"href":"http:\/\/klubmamgdynia.pl\/index.php\/wp-json\/wp\/v2\/product"}],"about":[{"href":"http:\/\/klubmamgdynia.pl\/index.php\/wp-json\/wp\/v2\/types\/product"}],"replies":[{"embeddable":true,"href":"http:\/\/klubmamgdynia.pl\/index.php\/wp-json\/wp\/v2\/comments?post=6626"}],"wp:featuredmedia":[{"embeddable":true,"href":"http:\/\/klubmamgdynia.pl\/index.php\/wp-json\/wp\/v2\/media\/6627"}],"wp:attachment":[{"href":"http:\/\/klubmamgdynia.pl\/index.php\/wp-json\/wp\/v2\/media?parent=6626"}],"wp:term":[{"taxonomy":"product_cat","embeddable":true,"href":"http:\/\/klubmamgdynia.pl\/index.php\/wp-json\/wp\/v2\/product_cat?post=6626"},{"taxonomy":"product_tag","embeddable":true,"href":"http:\/\/klubmamgdynia.pl\/index.php\/wp-json\/wp\/v2\/product_tag?post=6626"}],"curies":[{"name":"wp","href":"https:\/\/api.w.org\/{rel}","templated":true}]}}