{"id":6632,"date":"2011-01-04T07:52:30","date_gmt":"2011-01-04T06:52:30","guid":{"rendered":"http:\/\/klubmamgdynia.pl\/index.php\/produkt\/baby-mix-46201-kula-z-grzechotka-41508-8137\/"},"modified":"2026-05-17T22:46:28","modified_gmt":"2026-05-17T20:46:28","slug":"baby-mix-46201-kula-z-grzechotka-41508-8137","status":"publish","type":"product","link":"http:\/\/klubmamgdynia.pl\/index.php\/produkt\/baby-mix-46201-kula-z-grzechotka-41508-8137\/","title":{"rendered":"Baby Mix 46201 Kula Z Grzechotk\u0105 41508 (8137)"},"content":{"rendered":"<p>BABY MIX 46201 Kula z grzechotk\u0105 41508<\/p>\n<h2>Baby Mix 46201 Kula Z Grzechotk\u0105 41508 (8137) Baby Mix<\/h2>\n<p>wierszyki na lany poniedzia\u0142ek, darmowy szablon list do miko\u0142aja, bajka o smoku, kartk\u00f3wki z zegara, fajne \u017carty na prima aprilis, cytaty z ma\u0142ego ksi\u0119cia, film o \u015bwi\u0119tach dla dzieci, halloween dla dzieci warszawa<\/p>\n<p>yyyyy<\/p>\n<p>&nbsp;<\/p>\n","protected":false},"excerpt":{"rendered":"<p>BABY MIX 46201 Kula z grzechotk\u0105 41508 Baby Mix 46201 Kula Z Grzechotk\u0105 41508 (8137) Baby Mix wierszyki na lany poniedzia\u0142ek, darmowy szablon list do miko\u0142aja, bajka o smoku, kartk\u00f3wki z zegara, fajne \u017carty na prima aprilis, cytaty z ma\u0142ego ksi\u0119cia, film o \u015bwi\u0119tach dla dzieci, halloween dla dzieci warszawa yyyyy &nbsp;<\/p>\n","protected":false},"featured_media":6633,"comment_status":"closed","ping_status":"open","template":"","meta":[],"product_cat":[1388,63],"product_tag":[754,763,621,841,713,791],"class_list":["post-6632","product","type-product","status-publish","has-post-thumbnail","hentry","product_cat-baby-mix","product_cat-grzechotki-i-gryzaki","product_tag-dyplomy-do-wydrukowania-a4","product_tag-fabian","product_tag-prezenty-roczek","product_tag-quiz-o-flagach","product_tag-zagadki-logiczne-z-odpowiedziami","product_tag-zagadki-na-myslenie"],"_links":{"self":[{"href":"http:\/\/klubmamgdynia.pl\/index.php\/wp-json\/wp\/v2\/product\/6632","targetHints":{"allow":["GET"]}}],"collection":[{"href":"http:\/\/klubmamgdynia.pl\/index.php\/wp-json\/wp\/v2\/product"}],"about":[{"href":"http:\/\/klubmamgdynia.pl\/index.php\/wp-json\/wp\/v2\/types\/product"}],"replies":[{"embeddable":true,"href":"http:\/\/klubmamgdynia.pl\/index.php\/wp-json\/wp\/v2\/comments?post=6632"}],"wp:featuredmedia":[{"embeddable":true,"href":"http:\/\/klubmamgdynia.pl\/index.php\/wp-json\/wp\/v2\/media\/6633"}],"wp:attachment":[{"href":"http:\/\/klubmamgdynia.pl\/index.php\/wp-json\/wp\/v2\/media?parent=6632"}],"wp:term":[{"taxonomy":"product_cat","embeddable":true,"href":"http:\/\/klubmamgdynia.pl\/index.php\/wp-json\/wp\/v2\/product_cat?post=6632"},{"taxonomy":"product_tag","embeddable":true,"href":"http:\/\/klubmamgdynia.pl\/index.php\/wp-json\/wp\/v2\/product_tag?post=6632"}],"curies":[{"name":"wp","href":"https:\/\/api.w.org\/{rel}","templated":true}]}}