{"id":6638,"date":"2017-08-04T11:10:29","date_gmt":"2017-08-04T09:10:29","guid":{"rendered":"http:\/\/klubmamgdynia.pl\/index.php\/produkt\/liewood-zabawki-david-3-pak-dino-blue-multi\/"},"modified":"2026-04-29T10:20:25","modified_gmt":"2026-04-29T08:20:25","slug":"liewood-zabawki-david-3-pak-dino-blue-multi","status":"publish","type":"product","link":"http:\/\/klubmamgdynia.pl\/index.php\/produkt\/liewood-zabawki-david-3-pak-dino-blue-multi\/","title":{"rendered":"Liewood Zabawki David 3-Pak Dino Blue Multi"},"content":{"rendered":"<p>Urocze, u\u015bmiechni\u0119te dinozaury zapraszaj\u0105 do wsp\u00f3lnej zabawy.Zaprojektowane w delikatnych kolorach w stylu nordyckiej tradycji projektowej.\u015awietnie si\u0119 sprawdz\u0105 podczas k\u0105pieli lub zabawy w pokoiku.Wiek: 0m+Materia\u0142: 100% silikonWymiar: 13.5cm x 13cm x 13cmCzyszczenie: przetrze\u0107 wilgotn\u0105 szmatk\u0105 i \u0142agodnym myd\u0142em.<\/p>\n<h2>Liewood Zabawki David 3-Pak Dino Blue Multi <\/h2>\n<p>li\u015bcie jesienne szablon, malowanie kamieni, zabawy dla 10 latka, marcel imi\u0119, zagadki dla dzieci 10 lat, zagadki dla dzieci 7 lat o zwierz\u0119tach, bajki na dobranoc, lody kolorowanka, opowie\u015bci z narnii lew czarownica i stara szafa quiz, pierwsze urodziny prezent na roczek dla dziewczynki, ch\u0142opcy z placu broni &#8211; test z odpowiedziami, kolorowanki psi patrol, lektura asiunia &#8211; test, anio\u0142ki do druku, bycie mam\u0105 cytaty, \u0142amig\u0142\u00f3wki dla dzieci do druku, quiz minecraft, zagadki dla dzieci do druku, prezenty na urodziny dla nastolatk\u00f3w<\/p>\n<p>yyyyy<\/p>\n<p>&nbsp;<\/p>\n","protected":false},"excerpt":{"rendered":"<p>Urocze, u\u015bmiechni\u0119te dinozaury zapraszaj\u0105 do wsp\u00f3lnej zabawy.Zaprojektowane w delikatnych kolorach w stylu nordyckiej tradycji projektowej.\u015awietnie si\u0119 sprawdz\u0105 podczas k\u0105pieli lub zabawy w pokoiku.Wiek: 0m+Materia\u0142: 100% silikonWymiar: 13.5cm x 13cm x 13cmCzyszczenie: przetrze\u0107 wilgotn\u0105 szmatk\u0105 i \u0142agodnym myd\u0142em. Liewood Zabawki David 3-Pak Dino Blue Multi li\u015bcie jesienne szablon, malowanie kamieni, zabawy dla 10 latka, marcel imi\u0119, [&hellip;]<\/p>\n","protected":false},"featured_media":6639,"comment_status":"closed","ping_status":"open","template":"","meta":[],"product_cat":[61],"product_tag":[676,855,876,647],"class_list":["post-6638","product","type-product","status-publish","has-post-thumbnail","hentry","product_cat-zabawki-edukacyjne-dla-niemowlat","product_tag-bursztynek","product_tag-nietypowe-imiona-zenskie","product_tag-przyjazn","product_tag-warszawa-z-dzieckiem"],"_links":{"self":[{"href":"http:\/\/klubmamgdynia.pl\/index.php\/wp-json\/wp\/v2\/product\/6638","targetHints":{"allow":["GET"]}}],"collection":[{"href":"http:\/\/klubmamgdynia.pl\/index.php\/wp-json\/wp\/v2\/product"}],"about":[{"href":"http:\/\/klubmamgdynia.pl\/index.php\/wp-json\/wp\/v2\/types\/product"}],"replies":[{"embeddable":true,"href":"http:\/\/klubmamgdynia.pl\/index.php\/wp-json\/wp\/v2\/comments?post=6638"}],"wp:featuredmedia":[{"embeddable":true,"href":"http:\/\/klubmamgdynia.pl\/index.php\/wp-json\/wp\/v2\/media\/6639"}],"wp:attachment":[{"href":"http:\/\/klubmamgdynia.pl\/index.php\/wp-json\/wp\/v2\/media?parent=6638"}],"wp:term":[{"taxonomy":"product_cat","embeddable":true,"href":"http:\/\/klubmamgdynia.pl\/index.php\/wp-json\/wp\/v2\/product_cat?post=6638"},{"taxonomy":"product_tag","embeddable":true,"href":"http:\/\/klubmamgdynia.pl\/index.php\/wp-json\/wp\/v2\/product_tag?post=6638"}],"curies":[{"name":"wp","href":"https:\/\/api.w.org\/{rel}","templated":true}]}}