{"id":6650,"date":"2025-09-22T13:39:13","date_gmt":"2025-09-22T11:39:13","guid":{"rendered":"http:\/\/klubmamgdynia.pl\/?post_type=product&#038;p=6650"},"modified":"2026-04-06T13:59:30","modified_gmt":"2026-04-06T11:59:30","slug":"toimsa-rower-dzieciecy-paw-patrol-14","status":"publish","type":"product","link":"http:\/\/klubmamgdynia.pl\/index.php\/produkt\/toimsa-rower-dzieciecy-paw-patrol-14\/","title":{"rendered":"Toimsa Rower Dzieci\u0119cy Paw Patrol (14&#8243;)"},"content":{"rendered":"<p>Dzieci zas\u0142uguj\u0105 na to co najlepsze, dlatego przedstawiamy Ci Rower dzieci\u0119cy Paw Patrol Toimsa (14&#8243;), idealny dla tych, kt\u00f3rzy szukaj\u0105 produkt\u00f3w wysokiej jako\u015bci dla dzieci! Zdob\u0105d\u017a Toimsa i inne produkty markowe i licencyjne w najlepszych cenach!Zalecany Wiek: 4+ lat&#8230;<\/p>\n<h2>Toimsa Rower Dzieci\u0119cy Paw Patrol (14&#8243;) <\/h2>\n<p>opisy do zdj\u0119\u0107 dziecka, hello kitty kolorowanka, gloria imie, quiz o \u015bwi\u0119tach bo\u017cego narodzenia, kolorowanki do druku, nauka zegara, kostek imi\u0119, zagadki \u015bmieszne z odpowiedziami, kajko i kokosz test z lektury, przeczytaj mi wiersz, prezent dla 15 latki 2021, zagadki dla dzieci o zwierz\u0119tach, najlepsze pranki na prima aprilis, cytaty o rodzicach, quizy dla dzieci 10 lat, swinka peppa do czytania, zagadki dla dzieci 7-8 lat online, desery dla dzieci, test z lektury dynastia mizio\u0142k\u00f3w, jak narysowa\u0107 kr\u00f3lika<\/p>\n<p>yyyyy<\/p>\n<p>&nbsp;<\/p>\n","protected":false},"excerpt":{"rendered":"<p>Dzieci zas\u0142uguj\u0105 na to co najlepsze, dlatego przedstawiamy Ci Rower dzieci\u0119cy Paw Patrol Toimsa (14&#8243;), idealny dla tych, kt\u00f3rzy szukaj\u0105 produkt\u00f3w wysokiej jako\u015bci dla dzieci! Zdob\u0105d\u017a Toimsa i inne produkty markowe i licencyjne w najlepszych cenach!Zalecany Wiek: 4+ lat&#8230; Toimsa Rower Dzieci\u0119cy Paw Patrol (14&#8243;) opisy do zdj\u0119\u0107 dziecka, hello kitty kolorowanka, gloria imie, quiz [&hellip;]<\/p>\n","protected":false},"featured_media":6651,"comment_status":"closed","ping_status":"open","template":"","meta":[],"product_cat":[453],"product_tag":[723,731,675],"class_list":["post-6650","product","type-product","status-publish","has-post-thumbnail","hentry","product_cat-rowerki-biegowe","product_tag-krotkie-bajki-do-czytania-na-dobranoc","product_tag-maly-ksiaze-cytaty","product_tag-test-z-lektury-kajko-i-kokosz-szkola-latania"],"_links":{"self":[{"href":"http:\/\/klubmamgdynia.pl\/index.php\/wp-json\/wp\/v2\/product\/6650","targetHints":{"allow":["GET"]}}],"collection":[{"href":"http:\/\/klubmamgdynia.pl\/index.php\/wp-json\/wp\/v2\/product"}],"about":[{"href":"http:\/\/klubmamgdynia.pl\/index.php\/wp-json\/wp\/v2\/types\/product"}],"replies":[{"embeddable":true,"href":"http:\/\/klubmamgdynia.pl\/index.php\/wp-json\/wp\/v2\/comments?post=6650"}],"wp:featuredmedia":[{"embeddable":true,"href":"http:\/\/klubmamgdynia.pl\/index.php\/wp-json\/wp\/v2\/media\/6651"}],"wp:attachment":[{"href":"http:\/\/klubmamgdynia.pl\/index.php\/wp-json\/wp\/v2\/media?parent=6650"}],"wp:term":[{"taxonomy":"product_cat","embeddable":true,"href":"http:\/\/klubmamgdynia.pl\/index.php\/wp-json\/wp\/v2\/product_cat?post=6650"},{"taxonomy":"product_tag","embeddable":true,"href":"http:\/\/klubmamgdynia.pl\/index.php\/wp-json\/wp\/v2\/product_tag?post=6650"}],"curies":[{"name":"wp","href":"https:\/\/api.w.org\/{rel}","templated":true}]}}