{"id":6660,"date":"2016-09-20T12:38:18","date_gmt":"2016-09-20T10:38:18","guid":{"rendered":"http:\/\/klubmamgdynia.pl\/index.php\/produkt\/kapelusz-50cm-100-bawelna-princess-ksiezniczki-wd19524-kids-euroswan\/"},"modified":"2026-05-17T22:03:35","modified_gmt":"2026-05-17T20:03:35","slug":"kapelusz-50cm-100-bawelna-princess-ksiezniczki-wd19524-kids-euroswan","status":"publish","type":"product","link":"http:\/\/klubmamgdynia.pl\/index.php\/produkt\/kapelusz-50cm-100-bawelna-princess-ksiezniczki-wd19524-kids-euroswan\/","title":{"rendered":"Kapelusz 50cm 100% bawe\u0142na Princess. Ksi\u0119\u017cniczki WD19524 Kids Euroswan"},"content":{"rendered":"<h2>Kapelusz 50cm 100% bawe\u0142na Princess. Ksi\u0119\u017cniczki WD19524 Kids Euroswan Kids Euroswan<\/h2>\n<p>zagadki dla dzieci z odpowiedziami, smok wawelski bajka, zwierz\u0119ta z plasteliny, zagadki dla 5 latka, kinderbal przepisy, plac zamkowy, test z dynastii mizio\u0142k\u00f3w, rzadkie imiona japo\u0144skie, fajne rzeczy dla nastolatk\u00f3w, nowe quizy do rozwi\u0105zania, wycinanki do druku, \u0142amig\u0142\u00f3wki logiczne dla dzieci, prezenty na 1 roczek, celina<\/p>\n<p>yyyyy<\/p>\n<p>&nbsp;<\/p>\n","protected":false},"excerpt":{"rendered":"<p>Kapelusz 50cm 100% bawe\u0142na Princess. Ksi\u0119\u017cniczki WD19524 Kids Euroswan Kids Euroswan zagadki dla dzieci z odpowiedziami, smok wawelski bajka, zwierz\u0119ta z plasteliny, zagadki dla 5 latka, kinderbal przepisy, plac zamkowy, test z dynastii mizio\u0142k\u00f3w, rzadkie imiona japo\u0144skie, fajne rzeczy dla nastolatk\u00f3w, nowe quizy do rozwi\u0105zania, wycinanki do druku, \u0142amig\u0142\u00f3wki logiczne dla dzieci, prezenty na 1 [&hellip;]<\/p>\n","protected":false},"featured_media":6661,"comment_status":"closed","ping_status":"open","template":"","meta":[],"product_cat":[1486,1103],"product_tag":[776,689,718,814,632,607],"class_list":["post-6660","product","type-product","status-publish","has-post-thumbnail","hentry","product_cat-czapki-dzieciece","product_cat-kids-euroswan","product_tag-dobrej-nocy","product_tag-linda","product_tag-prezent-na-roczek-dla-chrzesniaka","product_tag-prezenty-dla-nastolatek","product_tag-warszawa-atrakcje-dla-mlodziezy","product_tag-zarty-na-prima-aprilis-dla-rodzicow"],"_links":{"self":[{"href":"http:\/\/klubmamgdynia.pl\/index.php\/wp-json\/wp\/v2\/product\/6660","targetHints":{"allow":["GET"]}}],"collection":[{"href":"http:\/\/klubmamgdynia.pl\/index.php\/wp-json\/wp\/v2\/product"}],"about":[{"href":"http:\/\/klubmamgdynia.pl\/index.php\/wp-json\/wp\/v2\/types\/product"}],"replies":[{"embeddable":true,"href":"http:\/\/klubmamgdynia.pl\/index.php\/wp-json\/wp\/v2\/comments?post=6660"}],"wp:featuredmedia":[{"embeddable":true,"href":"http:\/\/klubmamgdynia.pl\/index.php\/wp-json\/wp\/v2\/media\/6661"}],"wp:attachment":[{"href":"http:\/\/klubmamgdynia.pl\/index.php\/wp-json\/wp\/v2\/media?parent=6660"}],"wp:term":[{"taxonomy":"product_cat","embeddable":true,"href":"http:\/\/klubmamgdynia.pl\/index.php\/wp-json\/wp\/v2\/product_cat?post=6660"},{"taxonomy":"product_tag","embeddable":true,"href":"http:\/\/klubmamgdynia.pl\/index.php\/wp-json\/wp\/v2\/product_tag?post=6660"}],"curies":[{"name":"wp","href":"https:\/\/api.w.org\/{rel}","templated":true}]}}