{"id":6662,"date":"2025-10-01T02:51:17","date_gmt":"2025-10-01T00:51:17","guid":{"rendered":"http:\/\/klubmamgdynia.pl\/?post_type=product&#038;p=6662"},"modified":"2026-04-07T01:37:16","modified_gmt":"2026-04-06T23:37:16","slug":"kids-euroswan-kubek-minecraft-mc91484","status":"publish","type":"product","link":"http:\/\/klubmamgdynia.pl\/index.php\/produkt\/kids-euroswan-kubek-minecraft-mc91484\/","title":{"rendered":"Kids Euroswan Kubek Minecraft MC91484"},"content":{"rendered":"<p>Poznaj Magiczny Kubek Minecraft! To nie jest zwyk\u0142y kubek, poniewa\u017c zmienia on kolor pod wp\u0142ywem ciep\u0142a. Ma wz\u00f3r, kt\u00f3ry przedstawia kultowe tarcze PlayStation. Rozmiar 10,5&#215;12,1&#215;8,6cm&#8230;.<\/p>\n<h2>Kids Euroswan Kubek Minecraft MC91484 Kids Euroswan<\/h2>\n<p>trudne zagadki i odpowiedzi, wyci\u0119cia szablon korony do druku, kajko i kokosz szko\u0142a latania test z odpowiedziami, krotkie zagadki, alan imie, marcelina imi\u0119, kuba imie, prezent dla trzynastolatki, karty pracy dla dzieci z ukrainy do druku, pytania logiczne, zagadki dla dzieci 10-12 lat trudne, li\u015bcie jesienne szablon<\/p>\n<p>yyyyy<\/p>\n<p>&nbsp;<\/p>\n","protected":false},"excerpt":{"rendered":"<p>Poznaj Magiczny Kubek Minecraft! To nie jest zwyk\u0142y kubek, poniewa\u017c zmienia on kolor pod wp\u0142ywem ciep\u0142a. Ma wz\u00f3r, kt\u00f3ry przedstawia kultowe tarcze PlayStation. Rozmiar 10,5&#215;12,1&#215;8,6cm&#8230;. Kids Euroswan Kubek Minecraft MC91484 Kids Euroswan trudne zagadki i odpowiedzi, wyci\u0119cia szablon korony do druku, kajko i kokosz szko\u0142a latania test z odpowiedziami, krotkie zagadki, alan imie, marcelina imi\u0119, [&hellip;]<\/p>\n","protected":false},"featured_media":6663,"comment_status":"closed","ping_status":"open","template":"","meta":[],"product_cat":[356,1103],"product_tag":[797,815,705,820],"class_list":["post-6662","product","type-product","status-publish","has-post-thumbnail","hentry","product_cat-gadzety-dla-graczy","product_cat-kids-euroswan","product_tag-kiekrz","product_tag-ozdoby-choinkowe-dla-dzieci","product_tag-prezent-na-roczek-dla-chlopca","product_tag-ziemia-wyspa-zielona-tekst"],"_links":{"self":[{"href":"http:\/\/klubmamgdynia.pl\/index.php\/wp-json\/wp\/v2\/product\/6662","targetHints":{"allow":["GET"]}}],"collection":[{"href":"http:\/\/klubmamgdynia.pl\/index.php\/wp-json\/wp\/v2\/product"}],"about":[{"href":"http:\/\/klubmamgdynia.pl\/index.php\/wp-json\/wp\/v2\/types\/product"}],"replies":[{"embeddable":true,"href":"http:\/\/klubmamgdynia.pl\/index.php\/wp-json\/wp\/v2\/comments?post=6662"}],"wp:featuredmedia":[{"embeddable":true,"href":"http:\/\/klubmamgdynia.pl\/index.php\/wp-json\/wp\/v2\/media\/6663"}],"wp:attachment":[{"href":"http:\/\/klubmamgdynia.pl\/index.php\/wp-json\/wp\/v2\/media?parent=6662"}],"wp:term":[{"taxonomy":"product_cat","embeddable":true,"href":"http:\/\/klubmamgdynia.pl\/index.php\/wp-json\/wp\/v2\/product_cat?post=6662"},{"taxonomy":"product_tag","embeddable":true,"href":"http:\/\/klubmamgdynia.pl\/index.php\/wp-json\/wp\/v2\/product_tag?post=6662"}],"curies":[{"name":"wp","href":"https:\/\/api.w.org\/{rel}","templated":true}]}}