{"id":6670,"date":"2022-05-17T16:01:26","date_gmt":"2022-05-17T14:01:26","guid":{"rendered":"http:\/\/klubmamgdynia.pl\/index.php\/produkt\/lampa-sufitowa-plafoniera-dzieci-10-kolor-zyrandol\/"},"modified":"2026-04-30T16:02:27","modified_gmt":"2026-04-30T14:02:27","slug":"lampa-sufitowa-plafoniera-dzieci-10-kolor-zyrandol","status":"publish","type":"product","link":"http:\/\/klubmamgdynia.pl\/index.php\/produkt\/lampa-sufitowa-plafoniera-dzieci-10-kolor-zyrandol\/","title":{"rendered":"Lampa Sufitowa Plafoniera Dzieci 10 Kolor \u017byrandol"},"content":{"rendered":"<p>Parametry produktu:Model: 2016\/3Typ \u017car\u00f3wki: E-27 &#8211; zwyk\u0142a, energooszcz\u0119dna, LEDMaks. moc: 3 x 60 WMateria\u0142: MetalSzeroko\u015b\u0107 : 50 cmWysoko\u015b\u0107 ca\u0142kowita: 32 cmRegulacja lampy: NiePrzystosowana do w\u0142\u0105cznika podw\u00f3jnego : mo\u017cliwo\u015b\u0107 zapalenia 1+2 lub 3 jednocze\u015bnieUwagi: PO ZAKUPIE PODAJ KOLOR LAMPY ZDJ\u0118CIAMULTIKOLORBIA\u0141YCZARNYPo zakupi\u0119 prosz\u0119 PODA\u0106 KOLOR lampy w wiadomo\u015bci dla sprzedaj\u0105cego.W PRZYPADKU BRAKU INFORMACJI WY\u015aLEMY Z PIERWSZEGO ZDJ\u0118CIA<\/p>\n<h2>Lampa Sufitowa Plafoniera Dzieci 10 Kolor \u017byrandol Inny<\/h2>\n<p>zgadywanki dla dzieci, bajka o piesku do czytania, peppa do czytania, kolorowanka ksi\u0119\u017cniczka, list do gwiazdora, zabawy z 7 latkiem, julian, znaczenie imienia milan, zabawy na bal karnawa\u0142owy w przedszkolu, mi\u0142osz imi\u0119, bo\u017ce narodzenie quiz, god\u0142o polski do druku, malowanie kamieni, \u015bwinka peppa kolorowanka do druku, quiz stolice europy, beniamin imi\u0119<\/p>\n<p>yyyyy<\/p>\n<p>&nbsp;<\/p>\n","protected":false},"excerpt":{"rendered":"<p>Parametry produktu:Model: 2016\/3Typ \u017car\u00f3wki: E-27 &#8211; zwyk\u0142a, energooszcz\u0119dna, LEDMaks. moc: 3 x 60 WMateria\u0142: MetalSzeroko\u015b\u0107 : 50 cmWysoko\u015b\u0107 ca\u0142kowita: 32 cmRegulacja lampy: NiePrzystosowana do w\u0142\u0105cznika podw\u00f3jnego : mo\u017cliwo\u015b\u0107 zapalenia 1+2 lub 3 jednocze\u015bnieUwagi: PO ZAKUPIE PODAJ KOLOR LAMPY ZDJ\u0118CIAMULTIKOLORBIA\u0141YCZARNYPo zakupi\u0119 prosz\u0119 PODA\u0106 KOLOR lampy w wiadomo\u015bci dla sprzedaj\u0105cego.W PRZYPADKU BRAKU INFORMACJI WY\u015aLEMY Z PIERWSZEGO ZDJ\u0118CIA [&hellip;]<\/p>\n","protected":false},"featured_media":6671,"comment_status":"closed","ping_status":"open","template":"","meta":[],"product_cat":[169,138],"product_tag":[786,798,843,641,709],"class_list":["post-6670","product","type-product","status-publish","has-post-thumbnail","hentry","product_cat-inny","product_cat-lampki-dzieciece","product_tag-prezent-na-1-urodziny","product_tag-prezenty-dla-nastolatki","product_tag-smieszne-zagadki-dla-dzieci","product_tag-trudne-zagadki-logiczne","product_tag-zagadki-dla-dzieci-6-7-lat"],"_links":{"self":[{"href":"http:\/\/klubmamgdynia.pl\/index.php\/wp-json\/wp\/v2\/product\/6670","targetHints":{"allow":["GET"]}}],"collection":[{"href":"http:\/\/klubmamgdynia.pl\/index.php\/wp-json\/wp\/v2\/product"}],"about":[{"href":"http:\/\/klubmamgdynia.pl\/index.php\/wp-json\/wp\/v2\/types\/product"}],"replies":[{"embeddable":true,"href":"http:\/\/klubmamgdynia.pl\/index.php\/wp-json\/wp\/v2\/comments?post=6670"}],"wp:featuredmedia":[{"embeddable":true,"href":"http:\/\/klubmamgdynia.pl\/index.php\/wp-json\/wp\/v2\/media\/6671"}],"wp:attachment":[{"href":"http:\/\/klubmamgdynia.pl\/index.php\/wp-json\/wp\/v2\/media?parent=6670"}],"wp:term":[{"taxonomy":"product_cat","embeddable":true,"href":"http:\/\/klubmamgdynia.pl\/index.php\/wp-json\/wp\/v2\/product_cat?post=6670"},{"taxonomy":"product_tag","embeddable":true,"href":"http:\/\/klubmamgdynia.pl\/index.php\/wp-json\/wp\/v2\/product_tag?post=6670"}],"curies":[{"name":"wp","href":"https:\/\/api.w.org\/{rel}","templated":true}]}}