{"id":6676,"date":"2012-05-19T08:02:46","date_gmt":"2012-05-19T06:02:46","guid":{"rendered":"http:\/\/klubmamgdynia.pl\/index.php\/produkt\/maylily-przytulanka-z-pieluszka-tecza-pudrow-roz\/"},"modified":"2026-04-30T07:01:50","modified_gmt":"2026-04-30T05:01:50","slug":"maylily-przytulanka-z-pieluszka-tecza-pudrow-roz","status":"publish","type":"product","link":"http:\/\/klubmamgdynia.pl\/index.php\/produkt\/maylily-przytulanka-z-pieluszka-tecza-pudrow-roz\/","title":{"rendered":"Maylily Przytulanka Z Pieluszk\u0105 T\u0119cza Pudrow R\u00f3\u017c"},"content":{"rendered":"<p>Przytulanka robiona na szyde\u0142ku z bambusow\u0105 pieluszk\u0105 marki MAYLILY Pierwsza przytulanka maluszka &#8211; stworzona po ty, by przynie\u015b\u0107 pi\u0119kne sny. Zosta\u0142a wykonana z po\u0142\u0105czenie ultrami\u0142ej w dotyku pieluszki bambusowej i cudownego, r\u0119cznie szyde\u0142kowanego koali z bawe\u0142ny organicznej.Szyde\u0142kowa przytulanka z bambusow\u0105 pieluszk\u0105Koala z pieluszk\u0105 to najlepszy przyjaciel ka\u017cdego maluszka. Zosta\u0142 zaprojektowany z my\u015bl\u0105 o pierwszych chwilach na \u015bwiecie, kiedy to sen jest jedn\u0105 z najwa\u017cniejszych czynno\u015bci do wykonania \ud83d\ude42 Przytulanka jest po\u0142\u0105czeniem pieluszki bambusowej i r\u0119cznie szyde\u0142kowanego koali.Cudownie mi\u0119kka, antybakteryjna pieluszka bambusowa, kt\u00f3r\u0105 mo\u017cna wykorzysta\u0107 np. do wytarcia buzi male\u0144stwa. R\u0119cznie szyde\u0142kowany koala z bawe\u0142ny organicznej ma idealny dla malutkich r\u0105czek rozmiar. Mo\u017cna zabra\u0107 j\u0105 ze sob\u0105 wsz\u0119dzie.Cechy pierwszej przytulanki dla niemowlaka Maylilykoala wykonany r\u0119cznie z bawe\u0142ny organicznejantybakteryjna pieluszkamust have ka\u017cdej wyprawkiWymiary: d\u0142ugo\u015b\u0107 ok. 40 cmSk\u0142ad: 100% wiskoza bambusowa, 100% bawe\u0142na organicznaZaprojektowana i uszyta w Polsce z najwy\u017csz\u0105 staranno\u015bci\u0105.<\/p>\n<h2>Maylily Przytulanka Z Pieluszk\u0105 T\u0119cza Pudrow R\u00f3\u017c MayLily<\/h2>\n<p>cytaty na dzie\u0144 nauczyciela, quiz o miko\u0142ajku, karty pracy dla dzieci z ukrainy, zabawy z pi\u0142k\u0105, jak zrobi\u0107 wulkan, zagadki o zawodach, ninjago kolorowanki, w uk\u0142adzie s\u0142onecznym tekst, znaczenie imiona monika, prima aprilis pomys\u0142y, \u0142amig\u0142\u00f3wki logiczne dla dzieci, kolorowanki z bajek, zagadki dla 8 latka, prezent na pierwsze urodziny, miriam imie, choinko pi\u0119kna jak las tekst, laurka dla babci, prezent dla dwunastolatka, sentencje o dzieciach, fabian<\/p>\n<p>yyyyy<\/p>\n<p>&nbsp;<\/p>\n","protected":false},"excerpt":{"rendered":"<p>Przytulanka robiona na szyde\u0142ku z bambusow\u0105 pieluszk\u0105 marki MAYLILY Pierwsza przytulanka maluszka &#8211; stworzona po ty, by przynie\u015b\u0107 pi\u0119kne sny. Zosta\u0142a wykonana z po\u0142\u0105czenie ultrami\u0142ej w dotyku pieluszki bambusowej i cudownego, r\u0119cznie szyde\u0142kowanego koali z bawe\u0142ny organicznej.Szyde\u0142kowa przytulanka z bambusow\u0105 pieluszk\u0105Koala z pieluszk\u0105 to najlepszy przyjaciel ka\u017cdego maluszka. Zosta\u0142 zaprojektowany z my\u015bl\u0105 o pierwszych chwilach [&hellip;]<\/p>\n","protected":false},"featured_media":6677,"comment_status":"closed","ping_status":"open","template":"","meta":[],"product_cat":[1488,26],"product_tag":[802,582,816,643,857,800],"class_list":["post-6676","product","type-product","status-publish","has-post-thumbnail","hentry","product_cat-maylily","product_cat-zabawki-do-wozka-lozeczka-i-fotelika","product_tag-co-kupic-dziewczynce-na-roczek","product_tag-nauka-pisania-literek-do-wydruku-pdf","product_tag-place-zabaw-warszawa","product_tag-prezent-dla-17-latki","product_tag-zagadki-dla-dzieci-7-8-lat","product_tag-zagadki-smieszne"],"_links":{"self":[{"href":"http:\/\/klubmamgdynia.pl\/index.php\/wp-json\/wp\/v2\/product\/6676","targetHints":{"allow":["GET"]}}],"collection":[{"href":"http:\/\/klubmamgdynia.pl\/index.php\/wp-json\/wp\/v2\/product"}],"about":[{"href":"http:\/\/klubmamgdynia.pl\/index.php\/wp-json\/wp\/v2\/types\/product"}],"replies":[{"embeddable":true,"href":"http:\/\/klubmamgdynia.pl\/index.php\/wp-json\/wp\/v2\/comments?post=6676"}],"wp:featuredmedia":[{"embeddable":true,"href":"http:\/\/klubmamgdynia.pl\/index.php\/wp-json\/wp\/v2\/media\/6677"}],"wp:attachment":[{"href":"http:\/\/klubmamgdynia.pl\/index.php\/wp-json\/wp\/v2\/media?parent=6676"}],"wp:term":[{"taxonomy":"product_cat","embeddable":true,"href":"http:\/\/klubmamgdynia.pl\/index.php\/wp-json\/wp\/v2\/product_cat?post=6676"},{"taxonomy":"product_tag","embeddable":true,"href":"http:\/\/klubmamgdynia.pl\/index.php\/wp-json\/wp\/v2\/product_tag?post=6676"}],"curies":[{"name":"wp","href":"https:\/\/api.w.org\/{rel}","templated":true}]}}