{"id":6680,"date":"2017-12-06T17:34:52","date_gmt":"2017-12-06T16:34:52","guid":{"rendered":"http:\/\/klubmamgdynia.pl\/index.php\/produkt\/malplay-parking-garaz-dla-dzieci-z-samochodzikami-winda\/"},"modified":"2026-04-05T20:23:38","modified_gmt":"2026-04-05T18:23:38","slug":"malplay-parking-garaz-dla-dzieci-z-samochodzikami-winda","status":"publish","type":"product","link":"http:\/\/klubmamgdynia.pl\/index.php\/produkt\/malplay-parking-garaz-dla-dzieci-z-samochodzikami-winda\/","title":{"rendered":"Malplay Parking, Gara\u017c dla dzieci z Samochodzikami Winda"},"content":{"rendered":"<p>\u015awietny parking z tras\u0105, kt\u00f3ry przeznaczony jest nie tylko dla ma\u0142ych dzieci. Fantastyczne kolory, kszta\u0142ty idealnie dostosowane do ma\u0142ych r\u0105czek dzieci, sprawi\u0105 wiele frajdy ma\u0142ym fanom mobilnych zabawek.Autka s\u0105 bardzo solidnie wykonane, mo\u017cna si\u0119 nimi bawi\u0107, je\u017cd\u017c\u0105c po torze, ale tak\u017ce po pod\u0142odze w pokoju itp. Zabawka posiada ruchom\u0105 wind\u0119, kt\u00f3r\u0105 mo\u017cna transportowa\u0107 samochody, ale r\u00f3wnie\u017c dwie zje\u017cd\u017calnie &#8211; jedn\u0105 spiraln\u0105, drug\u0105 prost\u0105, wraz ze szlabanem. W zestawie 3 kolorowe samochodzikiSpecyfikacja techniczna:Wysoko\u015b\u0107 ca\u0142kowita: 28,0 cmWysoko\u015b\u0107 do drugiego poziomu: 22,0 cmSzeroko\u015b\u0107: 45,0 cmD\u0142ugo\u015b\u0107 autka: 5,5 cmSzeroko\u015b\u0107 autka: 3 cmWysoko\u015b\u0107 autka: 3 cm<\/p>\n<h2>Malplay Parking, Gara\u017c dla dzieci z Samochodzikami Winda Malplay<\/h2>\n<p>prezent na dzien dziecka 7 lat, kawa\u0142y na prima aprilis dla rodzic\u00f3w, p\u0142ywalnie warszawa, cytat matka, test z lektury kajko i kokosz szko\u0142a latania, urodziny dziecka pomys\u0142y, by\u0142 sobie kr\u00f3l, pieski<\/p>\n<p>yyyyy<\/p>\n<p>&nbsp;<\/p>\n","protected":false},"excerpt":{"rendered":"<p>\u015awietny parking z tras\u0105, kt\u00f3ry przeznaczony jest nie tylko dla ma\u0142ych dzieci. Fantastyczne kolory, kszta\u0142ty idealnie dostosowane do ma\u0142ych r\u0105czek dzieci, sprawi\u0105 wiele frajdy ma\u0142ym fanom mobilnych zabawek.Autka s\u0105 bardzo solidnie wykonane, mo\u017cna si\u0119 nimi bawi\u0107, je\u017cd\u017c\u0105c po torze, ale tak\u017ce po pod\u0142odze w pokoju itp. Zabawka posiada ruchom\u0105 wind\u0119, kt\u00f3r\u0105 mo\u017cna transportowa\u0107 samochody, ale [&hellip;]<\/p>\n","protected":false},"featured_media":6681,"comment_status":"closed","ping_status":"open","template":"","meta":[],"product_cat":[84,141],"product_tag":[761,784,870,778],"class_list":["post-6680","product","type-product","status-publish","has-post-thumbnail","hentry","product_cat-malplay","product_cat-parkingi-garaze-i-tory-wyscigowe","product_tag-choinko-piekna-jak-las-tekst","product_tag-hymn-gorniczy","product_tag-prezent-dla-chlopca-na-roczek","product_tag-zabawki-na-roczek-dla-chlopca"],"_links":{"self":[{"href":"http:\/\/klubmamgdynia.pl\/index.php\/wp-json\/wp\/v2\/product\/6680","targetHints":{"allow":["GET"]}}],"collection":[{"href":"http:\/\/klubmamgdynia.pl\/index.php\/wp-json\/wp\/v2\/product"}],"about":[{"href":"http:\/\/klubmamgdynia.pl\/index.php\/wp-json\/wp\/v2\/types\/product"}],"replies":[{"embeddable":true,"href":"http:\/\/klubmamgdynia.pl\/index.php\/wp-json\/wp\/v2\/comments?post=6680"}],"wp:featuredmedia":[{"embeddable":true,"href":"http:\/\/klubmamgdynia.pl\/index.php\/wp-json\/wp\/v2\/media\/6681"}],"wp:attachment":[{"href":"http:\/\/klubmamgdynia.pl\/index.php\/wp-json\/wp\/v2\/media?parent=6680"}],"wp:term":[{"taxonomy":"product_cat","embeddable":true,"href":"http:\/\/klubmamgdynia.pl\/index.php\/wp-json\/wp\/v2\/product_cat?post=6680"},{"taxonomy":"product_tag","embeddable":true,"href":"http:\/\/klubmamgdynia.pl\/index.php\/wp-json\/wp\/v2\/product_tag?post=6680"}],"curies":[{"name":"wp","href":"https:\/\/api.w.org\/{rel}","templated":true}]}}