{"id":6700,"date":"2011-07-29T18:19:47","date_gmt":"2011-07-29T16:19:47","guid":{"rendered":"http:\/\/klubmamgdynia.pl\/index.php\/produkt\/ecotoys-flaming-lb1603-pink\/"},"modified":"2026-04-07T01:35:11","modified_gmt":"2026-04-06T23:35:11","slug":"ecotoys-flaming-lb1603-pink","status":"publish","type":"product","link":"http:\/\/klubmamgdynia.pl\/index.php\/produkt\/ecotoys-flaming-lb1603-pink\/","title":{"rendered":"Ecotoys Flaming LB1603 Pink"},"content":{"rendered":"<p>Mini rowerek biegowy marki ECOTOYSDla dzieci od 12 do 36 miesi\u0105ca \u017cycia, jako pierwszy rower.Idealny do domu czy te\u017c na dw\u00f3r!Wspomaga koordynacj\u0119 ruchow\u0105 i utrzymanie r\u00f3wnowagi,Lekka ale mocna konstrukcja wykonana z tworzywa,Podw\u00f3jne k\u00f3\u0142ka z przodu zapewniaj\u0105ce stabilno\u015b\u0107 i bezpiecze\u0144stwo,Blokada skr\u0119tu kierownicy, zabezpieczaj\u0105ca przed wykr\u0119caniem kierownicy w trakcie jazdy,Kierownica pokryta piank\u0105 &#8211; antypo\u015blizgowa i mi\u0119kka w dotyku,Wyprofilowane, wygodne i mi\u0119kkie piankowe siedzisko,K\u00f3\u0142ka wykonane z wysokiej jako\u015bci tworzywa, mi\u0119kkie, nie rysuj\u0105 pod\u0142ogi, antypo\u015blizgowe.Dopuszczalne obci\u0105\u017cenie: 20 kg, waga rowerka: ok 2 kg.Rowerek biegowy &#8222;Flaming&#8221; zosta\u0142 stworzony z my\u015bl\u0105 o najmniejszych dzieciach, rozpoczynaj\u0105cych dopiero przygod\u0119 z rowerami. Je\u017adzik przeznaczony jest dla maluch\u00f3w od 12 miesi\u0105ca \u017cycia.Jazda na rowerkach biegowych u maluch\u00f3w stawiaj\u0105cych ju\u017c pierwsze kroki wspomaga koordynacj\u0119 ruchow\u0105 oraz utrzymanie r\u00f3wnowagi. Pozwala rozwija\u0107 kolejne zdolno\u015bci takie jak wsiadanie, zsiadanie, odpychania. Sama jazda zapewni d\u0142ugie godziny zabawy!Lekka konstrukcja je\u017adzika (ok 2 kg) nie sprawi dziecku problem\u00f3w podczas zabawy. Rama zosta\u0142a wykonana z mocnego tworzywa sztucznego.Kierownica posiada funkcj\u0119 blokady skr\u0119tu &#8211; mo\u017cna j\u0105 wykr\u0119ci\u0107 tylko do pewnego momentu, co znacz\u0105co ogranicza ewentualno\u015b\u0107 wywrotki. Dodatkowo zosta\u0142a pokryta mi\u0119kk\u0105, mi\u0142\u0105 w dotyku piank\u0105.Mi\u0119kkie siode\u0142ko &#8211; zapewni komfort podczas jazdy.Ko\u0142a wykonano z mi\u0119kkiego plastiku &#8211; do u\u017cytku zar\u00f3wno w domu jak i na dworze. Zapewniaj\u0105 bezpieczne u\u017cytkowanie i antypo\u015blizgowo\u015b\u0107.Wysoka jako\u015b\u0107: w odr\u00f3\u017cnieniu od ta\u0144szych produkt\u00f3w ten rowerek zosta\u0142 stworzony z my\u015bl\u0105 o wymagaj\u0105cym kliencie, z du\u017c\u0105 dba\u0142o\u015bci\u0105 o detale oraz walory u\u017cytkowe i bezpiecze\u0144stwo Twojego dziecka.Dodatkowe informacje:Monta\u017c pojazdu trwa dos\u0142ownie 5 minut, wystarczy po\u0142\u0105czy\u0107 kierownic\u0119 z ram\u0105. W komplecie znajduje si\u0119 czytelna polska instrukcja oraz wszystkie potrzebne elementy.Produkt spe\u0142nia wysokie normy bezpiecze\u0144stwa: EN71-1, EN71-2, EN71-3. Wysok\u0105 jako\u015b\u0107 potwierdza certyfikat SGS.Produkt zapakowany w specjalnie wzmocniony karton wysy\u0142kowy.Rowerek oferowany jest w r\u00f3\u017cnych wariantach kolorystycznych: czerwony, \u017c\u00f3\u0142ty, niebieski oraz bia\u0142y. Na tej aukcji kupujesz rowerek w kolorze r\u00f3\u017cowym. Pozosta\u0142e kolory dost\u0119pne na innych aukcjach.Specyfikacja techniczna:Model: LB1603 PINKWymiary: d\u0142ugo\u015b\u0107: 50 cm \/ wysoko\u015b\u0107: 39 cm \/ szeroko\u015b\u0107: 22 cmWaga: ok 2 kg, Wymiar opakowania: 52 x 24 x 20 cmProducent: ECOTOYS,Dopuszczalne obci\u0105\u017cenie: ok 20 kg.Dla dzieci od: 12 do 36 miesi\u0105ca \u017cycia,Certyfikacje: EN71:1-3, SGS, CE,<\/p>\n<h2>Ecotoys Flaming LB1603 Pink EcoToys<\/h2>\n<p>narodziny dziecka cytat, proste przepisy dla dzieci, jak zapakowa\u0107 prezent dla dziecka, zemsta test wiedzy, zagadki kr\u00f3tkie, zagadki dla 4 latka, \u0142atwe ale podchwytliwe zagadki, m\u0105dre cytaty dla dzieci, krak\u00f3w atrakcje dla dzieci, w uk\u0142adzie s\u0142onecznym, warszawa dzieci, zagadki dla 7 latk\u00f3w, lato lato lato czeka, sky kolorowanka<\/p>\n<p>yyyyy<\/p>\n<p>&nbsp;<\/p>\n","protected":false},"excerpt":{"rendered":"<p>Mini rowerek biegowy marki ECOTOYSDla dzieci od 12 do 36 miesi\u0105ca \u017cycia, jako pierwszy rower.Idealny do domu czy te\u017c na dw\u00f3r!Wspomaga koordynacj\u0119 ruchow\u0105 i utrzymanie r\u00f3wnowagi,Lekka ale mocna konstrukcja wykonana z tworzywa,Podw\u00f3jne k\u00f3\u0142ka z przodu zapewniaj\u0105ce stabilno\u015b\u0107 i bezpiecze\u0144stwo,Blokada skr\u0119tu kierownicy, zabezpieczaj\u0105ca przed wykr\u0119caniem kierownicy w trakcie jazdy,Kierownica pokryta piank\u0105 &#8211; antypo\u015blizgowa i mi\u0119kka w [&hellip;]<\/p>\n","protected":false},"featured_media":6701,"comment_status":"closed","ping_status":"open","template":"","meta":[],"product_cat":[463,453],"product_tag":[818,842,596,635],"class_list":["post-6700","product","type-product","status-publish","has-post-thumbnail","hentry","product_cat-ecotoys","product_cat-rowerki-biegowe","product_tag-oliwier","product_tag-plac-zabaw-poznan","product_tag-pomysly-na-prima-aprilis","product_tag-znaki-drogowe-do-druku"],"_links":{"self":[{"href":"http:\/\/klubmamgdynia.pl\/index.php\/wp-json\/wp\/v2\/product\/6700","targetHints":{"allow":["GET"]}}],"collection":[{"href":"http:\/\/klubmamgdynia.pl\/index.php\/wp-json\/wp\/v2\/product"}],"about":[{"href":"http:\/\/klubmamgdynia.pl\/index.php\/wp-json\/wp\/v2\/types\/product"}],"replies":[{"embeddable":true,"href":"http:\/\/klubmamgdynia.pl\/index.php\/wp-json\/wp\/v2\/comments?post=6700"}],"wp:featuredmedia":[{"embeddable":true,"href":"http:\/\/klubmamgdynia.pl\/index.php\/wp-json\/wp\/v2\/media\/6701"}],"wp:attachment":[{"href":"http:\/\/klubmamgdynia.pl\/index.php\/wp-json\/wp\/v2\/media?parent=6700"}],"wp:term":[{"taxonomy":"product_cat","embeddable":true,"href":"http:\/\/klubmamgdynia.pl\/index.php\/wp-json\/wp\/v2\/product_cat?post=6700"},{"taxonomy":"product_tag","embeddable":true,"href":"http:\/\/klubmamgdynia.pl\/index.php\/wp-json\/wp\/v2\/product_tag?post=6700"}],"curies":[{"name":"wp","href":"https:\/\/api.w.org\/{rel}","templated":true}]}}