{"id":6710,"date":"2022-09-07T04:05:02","date_gmt":"2022-09-07T02:05:02","guid":{"rendered":"http:\/\/klubmamgdynia.pl\/index.php\/produkt\/mga-crate-creatures-suprise-kaboom-stworek-stubbs\/"},"modified":"2026-05-17T22:21:12","modified_gmt":"2026-05-17T20:21:12","slug":"mga-crate-creatures-suprise-kaboom-stworek-stubbs","status":"publish","type":"product","link":"http:\/\/klubmamgdynia.pl\/index.php\/produkt\/mga-crate-creatures-suprise-kaboom-stworek-stubbs\/","title":{"rendered":"MGA Crate Creatures Suprise Kaboom Stworek Stubbs"},"content":{"rendered":"<p>Detonator otwiera pude\u0142ko ze stworkiem.-Stworek sk\u0142ada si\u0119 z 6 cz\u0119\u015bci-Wydaje \u015bmieszne d\u017awi\u0119ki, gdy poci\u0105gniesz go za j\u0119zyk-Stw\u00f3rz go na nowo i zmodyfikuj by wydoby\u0107 z niego nowe kombinacje d\u017awi\u0119k\u00f3w-Opakowanie idealnie nadaje si\u0119 do schowania stworkaBaterie: 3 x 1.5 V AG13 (LR44) (testowe w zestawie)<\/p>\n<h2>MGA Crate Creatures Suprise Kaboom Stworek Stubbs MGA<\/h2>\n<p>kolorowanki lol surprise, test opowie\u015b\u0107 wigilijna, kwiatek kwiaty do druku szablony, prezenty dla nastolatk\u00f3w na dzie\u0144 dziecka, piosenki na dobranoc tekst, kotki dwa tekst, halloween warszawa 2021 dzieci<\/p>\n<p>yyyyy<\/p>\n<p>&nbsp;<\/p>\n","protected":false},"excerpt":{"rendered":"<p>Detonator otwiera pude\u0142ko ze stworkiem.-Stworek sk\u0142ada si\u0119 z 6 cz\u0119\u015bci-Wydaje \u015bmieszne d\u017awi\u0119ki, gdy poci\u0105gniesz go za j\u0119zyk-Stw\u00f3rz go na nowo i zmodyfikuj by wydoby\u0107 z niego nowe kombinacje d\u017awi\u0119k\u00f3w-Opakowanie idealnie nadaje si\u0119 do schowania stworkaBaterie: 3 x 1.5 V AG13 (LR44) (testowe w zestawie) MGA Crate Creatures Suprise Kaboom Stworek Stubbs MGA kolorowanki lol surprise, [&hellip;]<\/p>\n","protected":false},"featured_media":6711,"comment_status":"closed","ping_status":"open","template":"","meta":[],"product_cat":[301,295],"product_tag":[848,731,596,717,627,779,577],"class_list":["post-6710","product","type-product","status-publish","has-post-thumbnail","hentry","product_cat-mga","product_cat-pozostale-zabawki","product_tag-cytat-o-rodzinie","product_tag-maly-ksiaze-cytaty","product_tag-pomysly-na-prima-aprilis","product_tag-prezent-roczek","product_tag-quiz-dzieci-z-bullerbyn","product_tag-zarty-na-prima-aprilis-w-domu","product_tag-znaki-drogowe-test"],"_links":{"self":[{"href":"http:\/\/klubmamgdynia.pl\/index.php\/wp-json\/wp\/v2\/product\/6710","targetHints":{"allow":["GET"]}}],"collection":[{"href":"http:\/\/klubmamgdynia.pl\/index.php\/wp-json\/wp\/v2\/product"}],"about":[{"href":"http:\/\/klubmamgdynia.pl\/index.php\/wp-json\/wp\/v2\/types\/product"}],"replies":[{"embeddable":true,"href":"http:\/\/klubmamgdynia.pl\/index.php\/wp-json\/wp\/v2\/comments?post=6710"}],"wp:featuredmedia":[{"embeddable":true,"href":"http:\/\/klubmamgdynia.pl\/index.php\/wp-json\/wp\/v2\/media\/6711"}],"wp:attachment":[{"href":"http:\/\/klubmamgdynia.pl\/index.php\/wp-json\/wp\/v2\/media?parent=6710"}],"wp:term":[{"taxonomy":"product_cat","embeddable":true,"href":"http:\/\/klubmamgdynia.pl\/index.php\/wp-json\/wp\/v2\/product_cat?post=6710"},{"taxonomy":"product_tag","embeddable":true,"href":"http:\/\/klubmamgdynia.pl\/index.php\/wp-json\/wp\/v2\/product_tag?post=6710"}],"curies":[{"name":"wp","href":"https:\/\/api.w.org\/{rel}","templated":true}]}}