{"id":6712,"date":"2011-03-26T06:45:26","date_gmt":"2011-03-26T05:45:26","guid":{"rendered":"http:\/\/klubmamgdynia.pl\/index.php\/produkt\/dwm-karuzela-projekt-gwiazd-kolysanki-rozowa-pilot\/"},"modified":"2026-04-24T17:04:37","modified_gmt":"2026-04-24T15:04:37","slug":"dwm-karuzela-projekt-gwiazd-kolysanki-rozowa-pilot","status":"publish","type":"product","link":"http:\/\/klubmamgdynia.pl\/index.php\/produkt\/dwm-karuzela-projekt-gwiazd-kolysanki-rozowa-pilot\/","title":{"rendered":"Dwm Karuzela Projekt Gwiazd Ko\u0142ysanki R\u00f3\u017cowa + Pilot"},"content":{"rendered":"<p>KARUZELA PROJEKT GWIAZD KO\u0141YSANKI R\u00d3\u017bOWA + PILOTNiech ka\u017cda noc stanie si\u0119 przyjemniejsza!Pi\u0119kne, spokojne oraz wspania\u0142e sny to to, czego pragn\u0105 wszystkie dzieci i ka\u017cdy rodzic!Karuzela z projektorem gwiazd i mo\u017cliwo\u015bci\u0105 odtwarzania przyjemnych dla ucha, delikatnych ko\u0142ysanek z pewno\u015bci\u0105 pomo\u017ce przyjemnie sp\u0119dzi\u0107 noc!Wyj\u0105tkowo uroczy design przyci\u0105gnie uwag\u0119 maluszka i pozwoli mu zapomnie\u0107 o wszystkich zmartwieniach pojawiaj\u0105cych si\u0119 w nocy!Zawieszki w kszta\u0142cie s\u0142odkich zwierzaczk\u00f3w odp\u0119dz\u0105 wszystkie nieprzyjemne potwory kryj\u0105ce si\u0119 pod \u0142\u00f3\u017ckiem i zadbaj\u0105 o bezpiecze\u0144stwo dziecka! \u017baden potw\u00f3r nie odwa\u017cy si\u0119 przej\u015b\u0107 obok lwa stoj\u0105cego na stra\u017cy!Po wci\u015bni\u0119ciu jednego przycisku karuzela obraca si\u0119, a zwierz\u0119cy stra\u017cnicy nie tylko obserwuj\u0105 ca\u0142y pok\u00f3j, ale r\u00f3wnie\u017c swoim ta\u0144cem zabawiaj\u0105 maluszka!A je\u015bli zasypianie w ciszy okazuje si\u0119 zbyt trudne, a Ty jako rodzic nie chcesz lub nie lubisz \u015bpiewa\u0107, wystarczy, \u017ce wci\u015bniesz przycisk, a b\u0142yskawicznie zacznie rozbrzmiewa\u0107 koj\u0105ca melodia, kt\u00f3ra bez w\u0105tpienia utuli do snu ka\u017cd\u0105 pociech\u0119!A\u017c 40 r\u00f3\u017cnych melodii do wyboru odpowie na potrzeby i gust ka\u017cdego szkraba! Nie musisz martwi\u0107 si\u0119 r\u00f3wnie\u017c o to, \u017ce ko\u0142ysanka go wystraszy, gdy\u017c na podstawie karuzeli umieszczone zosta\u0142y przyciski s\u0142u\u017c\u0105ce do regulacji g\u0142o\u015bno\u015bci!Mo\u017ce problem ze snem pojawia si\u0119, gdy gasn\u0105 wszystkie \u015bwiat\u0142a i w pokoju zaczyna panowa\u0107 ciemno\u015b\u0107? Projektor gwiazd b\u0119d\u0105cy jedn\u0105 z funkcji tego produktu z \u0142atwo\u015bci\u0105 przegoni ciemno\u015bci i wszystkie mary kryj\u0105ce si\u0119 pod jej p\u0142aszczem! Wystarczy jedno przyci\u015bni\u0119cie, a projektor natychmiast roz\u015bwietli mrok, a pi\u0119kne, delikatne obrazy pojawi\u0105 si\u0119 na suficie!Wy\u0142\u0105cznik czasowy pozwoli uruchomi\u0107 funkcje produktu na 20, 40 lub 60 minut, dzi\u0119ki czemu po po\u0142o\u017ceniu dziecka spa\u0107 sam te\u017c b\u0119dziesz m\u00f3g\u0142 po\u0142o\u017cy\u0107 si\u0119 we w\u0142asnym \u0142\u00f3\u017cku i zasn\u0105\u0107 r\u00f3wnie szybko, co maluch!Wygodny pilot pozwoli kontrolowa\u0107 karuzel\u0119 bez konieczno\u015bci nachylania si\u0119 nad \u0142\u00f3\u017ceczkiem! Idealnie sprawdzi si\u0119, je\u015bli nie chcesz zbudzi\u0107 \u015bpiocha swoj\u0105 obecno\u015bci\u0105!Zastosowanie trwa\u0142ych i bezpiecznych dla cz\u0142owieka materia\u0142\u00f3w pozwoli na d\u0142ugie korzystanie z produktu bez jakichkolwiek obaw!Pom\u00f3\u017c swojemu dziecku przyjemnie przespa\u0107 ca\u0142\u0105 noc!<\/p>\n<h2>Dwm Karuzela Projekt Gwiazd Ko\u0142ysanki R\u00f3\u017cowa + Pilot Kontext<\/h2>\n<p>zagadki dla 4 latka, zabawka na roczek, zagadki logiczne matematyczne dla dzieci, pies rysunek, zabawy ruchowe dla dzieci, imi\u0119 r\u00f3\u017ca, eneduerabe, kolorowanka pies, alina, filmy familijne walta disneya, zagadki logiczne na inteligencj\u0119 dla doros\u0142ych, zagadki matematyczne<\/p>\n<p>yyyyy<\/p>\n<p>&nbsp;<\/p>\n","protected":false},"excerpt":{"rendered":"<p>KARUZELA PROJEKT GWIAZD KO\u0141YSANKI R\u00d3\u017bOWA + PILOTNiech ka\u017cda noc stanie si\u0119 przyjemniejsza!Pi\u0119kne, spokojne oraz wspania\u0142e sny to to, czego pragn\u0105 wszystkie dzieci i ka\u017cdy rodzic!Karuzela z projektorem gwiazd i mo\u017cliwo\u015bci\u0105 odtwarzania przyjemnych dla ucha, delikatnych ko\u0142ysanek z pewno\u015bci\u0105 pomo\u017ce przyjemnie sp\u0119dzi\u0107 noc!Wyj\u0105tkowo uroczy design przyci\u0105gnie uwag\u0119 maluszka i pozwoli mu zapomnie\u0107 o wszystkich zmartwieniach pojawiaj\u0105cych [&hellip;]<\/p>\n","protected":false},"featured_media":6713,"comment_status":"closed","ping_status":"open","template":"","meta":[],"product_cat":[20,26],"product_tag":[681,790,637,641,647],"class_list":["post-6712","product","type-product","status-publish","has-post-thumbnail","hentry","product_cat-kontext","product_cat-zabawki-do-wozka-lozeczka-i-fotelika","product_tag-flagi-europy-quiz","product_tag-gry-planszowe-dla-nastolatkow","product_tag-niech-zyja-wakacje-tekst","product_tag-trudne-zagadki-logiczne","product_tag-warszawa-z-dzieckiem"],"_links":{"self":[{"href":"http:\/\/klubmamgdynia.pl\/index.php\/wp-json\/wp\/v2\/product\/6712","targetHints":{"allow":["GET"]}}],"collection":[{"href":"http:\/\/klubmamgdynia.pl\/index.php\/wp-json\/wp\/v2\/product"}],"about":[{"href":"http:\/\/klubmamgdynia.pl\/index.php\/wp-json\/wp\/v2\/types\/product"}],"replies":[{"embeddable":true,"href":"http:\/\/klubmamgdynia.pl\/index.php\/wp-json\/wp\/v2\/comments?post=6712"}],"wp:featuredmedia":[{"embeddable":true,"href":"http:\/\/klubmamgdynia.pl\/index.php\/wp-json\/wp\/v2\/media\/6713"}],"wp:attachment":[{"href":"http:\/\/klubmamgdynia.pl\/index.php\/wp-json\/wp\/v2\/media?parent=6712"}],"wp:term":[{"taxonomy":"product_cat","embeddable":true,"href":"http:\/\/klubmamgdynia.pl\/index.php\/wp-json\/wp\/v2\/product_cat?post=6712"},{"taxonomy":"product_tag","embeddable":true,"href":"http:\/\/klubmamgdynia.pl\/index.php\/wp-json\/wp\/v2\/product_tag?post=6712"}],"curies":[{"name":"wp","href":"https:\/\/api.w.org\/{rel}","templated":true}]}}