{"id":6728,"date":"2016-09-07T05:34:14","date_gmt":"2016-09-07T03:34:14","guid":{"rendered":"http:\/\/klubmamgdynia.pl\/index.php\/produkt\/clementoni-boze-narodzenie-przy-kominku-zima-cle-puz-1000el\/"},"modified":"2026-05-17T20:57:42","modified_gmt":"2026-05-17T18:57:42","slug":"clementoni-boze-narodzenie-przy-kominku-zima-cle-puz-1000el","status":"publish","type":"product","link":"http:\/\/klubmamgdynia.pl\/index.php\/produkt\/clementoni-boze-narodzenie-przy-kominku-zima-cle-puz-1000el\/","title":{"rendered":"Clementoni Bo\u017ce Narodzenie Przy Kominku Zima Cle Puz 1000El."},"content":{"rendered":"<p>Sugestywne obrazki, doskona\u0142a jako\u015b\u0107 wydruku, precyzyjne wyci\u0119cia, trwa\u0142e i cenne materia\u0142y.Firma Clementoni, kt\u00f3rej od zawsze le\u017cy na sercu ochrona \u015brodowiska, stara si\u0119 stosowa\u0107 jak najszerzej materia\u0142y z odzysku i unika u\u017cywania komponent\u00f3w zanieczyszczaj\u0105cych otoczenie.Wymiar uk\u0142adanki: 69 x 50 cmIlo\u015b\u0107 element\u00f3w: 1000<\/p>\n<h2>Clementoni Bo\u017ce Narodzenie Przy Kominku Zima Cle Puz 1000El. Clementoni<\/h2>\n<p>cytaty dla mamy, dzie\u0144 nauczyciela cytaty, zaproszenie na urodziny do druku, cytaty o przyja\u017ani kr\u00f3tkie, test z lektury kajko i kokosz, zabawy miko\u0142ajkowe dla dzieci, pola imi\u0119, kolorowanka smok wawelski, kolorowe listki, miko\u0142ajki dla dzieci warszawa 2021, \u017c\u0105rty na prima aprilis, cytaty dla mamy, prezent dla dwunastolatka, kotek kolorowanka, pch\u0142y na noc, kolorowanka lato, jagna imi\u0119<\/p>\n<p>yyyyy<\/p>\n<p>&nbsp;<\/p>\n","protected":false},"excerpt":{"rendered":"<p>Sugestywne obrazki, doskona\u0142a jako\u015b\u0107 wydruku, precyzyjne wyci\u0119cia, trwa\u0142e i cenne materia\u0142y.Firma Clementoni, kt\u00f3rej od zawsze le\u017cy na sercu ochrona \u015brodowiska, stara si\u0119 stosowa\u0107 jak najszerzej materia\u0142y z odzysku i unika u\u017cywania komponent\u00f3w zanieczyszczaj\u0105cych otoczenie.Wymiar uk\u0142adanki: 69 x 50 cmIlo\u015b\u0107 element\u00f3w: 1000 Clementoni Bo\u017ce Narodzenie Przy Kominku Zima Cle Puz 1000El. Clementoni cytaty dla mamy, dzie\u0144 [&hellip;]<\/p>\n","protected":false},"featured_media":6729,"comment_status":"closed","ping_status":"open","template":"","meta":[],"product_cat":[163,90],"product_tag":[671,753,641,597],"class_list":["post-6728","product","type-product","status-publish","has-post-thumbnail","hentry","product_cat-clementoni","product_cat-puzzle","product_tag-cicha-noc-po-angielsku-tekst","product_tag-kamila","product_tag-trudne-zagadki-logiczne","product_tag-zagadki-o-zimie"],"_links":{"self":[{"href":"http:\/\/klubmamgdynia.pl\/index.php\/wp-json\/wp\/v2\/product\/6728","targetHints":{"allow":["GET"]}}],"collection":[{"href":"http:\/\/klubmamgdynia.pl\/index.php\/wp-json\/wp\/v2\/product"}],"about":[{"href":"http:\/\/klubmamgdynia.pl\/index.php\/wp-json\/wp\/v2\/types\/product"}],"replies":[{"embeddable":true,"href":"http:\/\/klubmamgdynia.pl\/index.php\/wp-json\/wp\/v2\/comments?post=6728"}],"wp:featuredmedia":[{"embeddable":true,"href":"http:\/\/klubmamgdynia.pl\/index.php\/wp-json\/wp\/v2\/media\/6729"}],"wp:attachment":[{"href":"http:\/\/klubmamgdynia.pl\/index.php\/wp-json\/wp\/v2\/media?parent=6728"}],"wp:term":[{"taxonomy":"product_cat","embeddable":true,"href":"http:\/\/klubmamgdynia.pl\/index.php\/wp-json\/wp\/v2\/product_cat?post=6728"},{"taxonomy":"product_tag","embeddable":true,"href":"http:\/\/klubmamgdynia.pl\/index.php\/wp-json\/wp\/v2\/product_tag?post=6728"}],"curies":[{"name":"wp","href":"https:\/\/api.w.org\/{rel}","templated":true}]}}