{"id":6746,"date":"2023-08-01T23:54:36","date_gmt":"2023-08-01T21:54:36","guid":{"rendered":"http:\/\/klubmamgdynia.pl\/?post_type=product&#038;p=6746"},"modified":"2026-04-30T20:12:50","modified_gmt":"2026-04-30T18:12:50","slug":"beztroska-spiworek-cynamonek-5-36-mc","status":"publish","type":"product","link":"http:\/\/klubmamgdynia.pl\/index.php\/produkt\/beztroska-spiworek-cynamonek-5-36-mc\/","title":{"rendered":"Beztroska \u015apiworek Cynamonek 5-36 Mc"},"content":{"rendered":"<p>\u015apiworek do w\u00f3zka od marki Beztroska. Dlaczego warto wybra\u0107 w\u0142a\u015bnie ten \u015bpiworek? s\u0105 ciep\u0142e, mi\u0119kkie i przyjemne dla delikatnej sk\u00f3ry Maluszka, podszewka z weluru bawe\u0142nianego, s\u0105 wykonane z trwa\u0142ych i wodoodpornych tkanin, na kt\u00f3rych nie zostaj\u0105 zacieki po deszczu i \u015bniegu, posiadaj\u0105 wodoodporny panel na buciki w \u015brodku \u015bpiworka- dzi\u0119ki temu \u015bpiworek \u0142atwo wyczy\u015bci\u0107. maj\u0105 pad antypo\u015blizgowy przy otworach mi\u0119dzy n\u00f3\u017ckowych (\u015bpiworek nie przemieszcza si\u0119 nawet w \u015bliskim w\u00f3zku), posiadaj\u0105 zak\u0142adan\u0105 pe\u0142n\u0105 kiesze\u0144 za oparcie w\u00f3zka, posiadaj\u0105 otw\u00f3r na zamocowanie motylka, nowo\u015b\u0107 2021- eleganckie sk\u00f3rzane zako\u0144czenia zamk\u00f3w z logo Beztroskiej, wygodne rozwi\u0105zanie jakim s\u0105 troczki wszyte w otwory l\u0119d\u017awiowe, jako dodatkowe zabezpieczenie przed zsuwaniem \u015bpiworka, maj\u0105 pionow\u0105 regulacje otwor\u00f3w na pasy- nie trzeba odpina\u0107 pas\u00f3w naramiennych by zamontowa\u0107 nasz \u015bpiw\u00f3r! To wa\u017cne zw\u0142aszcza przy modelach Cybex Priam 2.0 \u2013 gdzie pasy s\u0105 nierozdzielne. maj\u0105 w ca\u0142o\u015bci zdejmowan\u0105 klapk\u0119 wierzchni\u0105- zamki dwusuwakowe umo\u017cliwiaj\u0105 tak\u017ce odpi\u0119cie samego do\u0142u i wyj\u0119cie n\u00f3\u017cek posiadaj\u0105 eleganckie futerko przypinane na oryginalne napy KAM, kt\u00f3re szybko si\u0119 odpinaj\u0105 i nie p\u0119kaj\u0105 na mrozie, Wype\u0142nienie \u015bpiworka: lekkie i ciep\u0142e wype\u0142nienie silikonowe, antyalergiczne, 400 gram. Grubo\u015b\u0107: jesie\u0144\/zima. Wszystkie tkaniny posiadaj\u0105 certyfikat Oeko tex standard 100. \u015apiworek do w\u00f3zka od Beztroski, kolekcja 2020\/2021. R\u0119cznie pikowany \u015bpiworek jesienno-zimowy. W \u015brodku ultra-mi\u0119kki bawe\u0142niany welur. Idealny na polsk\u0105 jesie\u0144 i zim\u0119. Optymalna grubo\u015b\u0107 i brak poliestrowej polarowej podszewki to, poza pi\u0119knym wygl\u0105dem, du\u017ca zaleta naszego \u015bpiworka. Nowo\u015b\u0107 2021: przy l\u0119d\u017awiach wszyte estetyczne troczki- dodatkowe zabezpieczenie przed zsuwaniem si\u0119 \u015bpiworka. Rozmiar: 5-36 miesi\u0119cy \u2013 110 cm M<\/p>\n<h2>Beztroska \u015apiworek Cynamonek 5-36 Mc Beztroska<\/h2>\n<p>zagadki rymowanki dla dzieci, jak narysowa\u0107 \u017cab\u0119, dyplomy dla przedszkolak\u00f3w do wydrukowania, test z lektury kajko i kokosz<\/p>\n<p>yyyyy<\/p>\n<p>&nbsp;<\/p>\n","protected":false},"excerpt":{"rendered":"<p>\u015apiworek do w\u00f3zka od marki Beztroska. Dlaczego warto wybra\u0107 w\u0142a\u015bnie ten \u015bpiworek? s\u0105 ciep\u0142e, mi\u0119kkie i przyjemne dla delikatnej sk\u00f3ry Maluszka, podszewka z weluru bawe\u0142nianego, s\u0105 wykonane z trwa\u0142ych i wodoodpornych tkanin, na kt\u00f3rych nie zostaj\u0105 zacieki po deszczu i \u015bniegu, posiadaj\u0105 wodoodporny panel na buciki w \u015brodku \u015bpiworka- dzi\u0119ki temu \u015bpiworek \u0142atwo wyczy\u015bci\u0107. maj\u0105 [&hellip;]<\/p>\n","protected":false},"featured_media":6747,"comment_status":"closed","ping_status":"open","template":"","meta":[],"product_cat":[927,395],"product_tag":[645,840,636,581,649],"class_list":["post-6746","product","type-product","status-publish","has-post-thumbnail","hentry","product_cat-beztroska","product_cat-spiworki","product_tag-latwe-zagadki","product_tag-stare-bajki","product_tag-teksty-kolysanek","product_tag-zagadki-dla-8-latka","product_tag-zagadki-dla-nastolatkow"],"_links":{"self":[{"href":"http:\/\/klubmamgdynia.pl\/index.php\/wp-json\/wp\/v2\/product\/6746","targetHints":{"allow":["GET"]}}],"collection":[{"href":"http:\/\/klubmamgdynia.pl\/index.php\/wp-json\/wp\/v2\/product"}],"about":[{"href":"http:\/\/klubmamgdynia.pl\/index.php\/wp-json\/wp\/v2\/types\/product"}],"replies":[{"embeddable":true,"href":"http:\/\/klubmamgdynia.pl\/index.php\/wp-json\/wp\/v2\/comments?post=6746"}],"wp:featuredmedia":[{"embeddable":true,"href":"http:\/\/klubmamgdynia.pl\/index.php\/wp-json\/wp\/v2\/media\/6747"}],"wp:attachment":[{"href":"http:\/\/klubmamgdynia.pl\/index.php\/wp-json\/wp\/v2\/media?parent=6746"}],"wp:term":[{"taxonomy":"product_cat","embeddable":true,"href":"http:\/\/klubmamgdynia.pl\/index.php\/wp-json\/wp\/v2\/product_cat?post=6746"},{"taxonomy":"product_tag","embeddable":true,"href":"http:\/\/klubmamgdynia.pl\/index.php\/wp-json\/wp\/v2\/product_tag?post=6746"}],"curies":[{"name":"wp","href":"https:\/\/api.w.org\/{rel}","templated":true}]}}