{"id":6748,"date":"2020-10-05T09:48:51","date_gmt":"2020-10-05T07:48:51","guid":{"rendered":"http:\/\/klubmamgdynia.pl\/index.php\/produkt\/dodo-parasolka-przeciwsloneczna-czarna\/"},"modified":"2026-05-17T22:06:09","modified_gmt":"2026-05-17T20:06:09","slug":"dodo-parasolka-przeciwsloneczna-czarna","status":"publish","type":"product","link":"http:\/\/klubmamgdynia.pl\/index.php\/produkt\/dodo-parasolka-przeciwsloneczna-czarna\/","title":{"rendered":"Dodo Parasolka Przeciws\u0142oneczna Czarna"},"content":{"rendered":"<p>\u015arednica produktu: 68 cmParasolka przeciws\u0142oneczna DodoParasolka przeciws\u0142oneczna to przydatne wyposa\u017cenie ka\u017cdego w\u00f3zka podczas spaceru z dzieckiem. Parasolka chroni dziecko przed promieniowaniem s\u0142onecznym. Mo\u017ce tak\u017ce s\u0142u\u017cy\u0107 jako ochrona przed wiatrem.Zosta\u0142a wykonana z dobrych jako\u015bciowo materia\u0142\u00f3w z u\u017cyciem sprawdzonej przez wiele lat produkcji technologii wytwarzania. Zastosowane materia\u0142y na kolorze szarym i grafitowym to ekolen a na kolorze czarnym jest tradycyjna tkanina. Ka\u017cdy z tych materia\u0142\u00f3w posiada filtr przeciws\u0142oneczny UV 50+. Jest to produkt polski.Parasolka zosta\u0142a wyposa\u017cona w uniwersalne, regulowane zapi\u0119cie dzi\u0119ki kt\u00f3remu zamontujemy j\u0105 na praktycznie ka\u017cdy rodzaj ramy w\u00f3zka. Ponadto posiada szybkoz\u0142\u0105czk\u0119 &#8211; dzi\u0119ki temu nie trzeba za ka\u017cdym razem demontowa\u0107 ca\u0142ej parasolki z ramy w\u00f3zka tylko wystarczy wyci\u0105gn\u0105\u0107 parasolk\u0119 z zapi\u0119cia.Parasolka posiada elastyczn\u0105 regulacj\u0119 wysi\u0119gnika w 2 miejscach: w dolnej jej cz\u0119\u015bci nad r\u0119koje\u015bci\u0105 oraz w g\u00f3rnej cz\u0119\u015bci przy g\u0142\u00f3wce parasolki. Dodatkowo posiada regulacj\u0119 k\u0105ta pochylenia ca\u0142ej parasolki na r\u0119koje\u015bci. Dzi\u0119ki temu mo\u017cna uzyska\u0107 bardzo szeroki wachlarz regulacji.Wymiary:D\u0142ugo\u015b\u0107: 71 cm\u015arednica parasolki: 68 cmWaga produktu: 0,45 kg<\/p>\n<h2>Dodo Parasolka Przeciws\u0142oneczna Czarna Dodo<\/h2>\n<p>ahmed, gry planszowe dla nastolatk\u00f3w, super zings kolorowanka, julian znaczenie<\/p>\n<p>yyyyy<\/p>\n<p>&nbsp;<\/p>\n","protected":false},"excerpt":{"rendered":"<p>\u015arednica produktu: 68 cmParasolka przeciws\u0142oneczna DodoParasolka przeciws\u0142oneczna to przydatne wyposa\u017cenie ka\u017cdego w\u00f3zka podczas spaceru z dzieckiem. Parasolka chroni dziecko przed promieniowaniem s\u0142onecznym. Mo\u017ce tak\u017ce s\u0142u\u017cy\u0107 jako ochrona przed wiatrem.Zosta\u0142a wykonana z dobrych jako\u015bciowo materia\u0142\u00f3w z u\u017cyciem sprawdzonej przez wiele lat produkcji technologii wytwarzania. Zastosowane materia\u0142y na kolorze szarym i grafitowym to ekolen a na kolorze [&hellip;]<\/p>\n","protected":false},"featured_media":6749,"comment_status":"closed","ping_status":"open","template":"","meta":[],"product_cat":[127,1495],"product_tag":[727,785,794,721],"class_list":["post-6748","product","type-product","status-publish","has-post-thumbnail","hentry","product_cat-akcesoria-do-wozkow","product_cat-dodo","product_tag-godlo-polski-do-druku","product_tag-prezent-dla-nastolatkow","product_tag-test-opowiesci-z-narnii-lew-czarownica-i-stara-szafa-do-druku","product_tag-zagadki-matematyczne"],"_links":{"self":[{"href":"http:\/\/klubmamgdynia.pl\/index.php\/wp-json\/wp\/v2\/product\/6748","targetHints":{"allow":["GET"]}}],"collection":[{"href":"http:\/\/klubmamgdynia.pl\/index.php\/wp-json\/wp\/v2\/product"}],"about":[{"href":"http:\/\/klubmamgdynia.pl\/index.php\/wp-json\/wp\/v2\/types\/product"}],"replies":[{"embeddable":true,"href":"http:\/\/klubmamgdynia.pl\/index.php\/wp-json\/wp\/v2\/comments?post=6748"}],"wp:featuredmedia":[{"embeddable":true,"href":"http:\/\/klubmamgdynia.pl\/index.php\/wp-json\/wp\/v2\/media\/6749"}],"wp:attachment":[{"href":"http:\/\/klubmamgdynia.pl\/index.php\/wp-json\/wp\/v2\/media?parent=6748"}],"wp:term":[{"taxonomy":"product_cat","embeddable":true,"href":"http:\/\/klubmamgdynia.pl\/index.php\/wp-json\/wp\/v2\/product_cat?post=6748"},{"taxonomy":"product_tag","embeddable":true,"href":"http:\/\/klubmamgdynia.pl\/index.php\/wp-json\/wp\/v2\/product_tag?post=6748"}],"curies":[{"name":"wp","href":"https:\/\/api.w.org\/{rel}","templated":true}]}}